000
CXUS52 KFFC 011010
CF6MCN
PRELIMINARY LOCAL CLIMATOLOGICAL DATA (WS FORM: F-6)
STATION: MACON
MONTH: OCTOBER
YEAR: 2022
LATITUDE: 32 42 N
LONGITUDE: 83 39 W
TEMPERATURE IN F: :PCPN: SNOW: WIND :SUNSHINE: SKY :PK WND
================================================================================
1 2 3 4 5 6A 6B 7 8 9 10 11 12 13 14 15 16 17 18
12Z AVG MX 2MIN
DY MAX MIN AVG DEP HDD CDD WTR SNW DPTH SPD SPD DIR MIN PSBL S-S WX SPD DR
================================================================================
1 85 53 69 -3 0 4 0.00 0.0 M 10.2 20 350 M M 0 30 350
2 80 53 67 -4 0 2 0.00 0.0 M 6.2 14 340 M M 0 18 330
3 73 53 63 -8 2 0 0.00 0.0 M 6.5 18 70 M M 4 1 24 50
4 80 48 64 -7 1 0 0.00 0.0 M 3.2 14 10 M M 0 1 18 350
5 82 46 64 -6 1 0 0.00 0.0 M 2.9 12 340 M M 0 18 10
6 85 42 64 -6 1 0 0.00 0.0 M 3.0 13 340 M M 0 20 340
7 89 46 68 -2 0 3 0.00 0.0 M 3.4 12 20 M M 0 19 40
8 85 51 68 -1 0 3 0.00 0.0 M 5.7 15 350 M M 0 20 350
9 80 43 62 -7 3 0 0.00 0.0 M 3.4 10 320 M M 0 14 300
10 80 47 64 -4 1 0 0.00 0.0 M 4.4 12 10 M M 0 1 16 70
11 84 53 69 1 0 4 0.00 0.0 M 4.9 13 100 M M 4 17 90
12 81 65 73 5 0 8 0.23 0.0 M 6.6 20 360 M M 9 1 27 350
13 82 58 70 3 0 5 0.32 0.0 M 6.7 16 310 M M 4 13 23 310
14 79 48 64 -3 1 0 0.00 0.0 M 2.3 10 290 M M 0 17 320
15 85 44 65 -1 0 0 0.00 0.0 M 1.3 8 120 M M 0 11 120
16 86 47 67 1 0 2 0.00 0.0 M 2.9 12 280 M M 0 1 14 240
17 83 56 70 4 0 5 0.00 0.0 M 7.4 21 250 M M 2 28 250
18 60 40 50 -15 15 0 0.00 0.0 M 10.2 20 330 M M 0 28 320
19 64 34 49 -16 16 0 0.00 0.0 M 6.0 14 300 M M 0 22 270
20 68 29 49 -15 16 0 0.00 0.0 M 3.2 13 260 M M 0 19 240
21 73 33 53 -11 12 0 0.00 0.0 M 1.5 9 360 M M 0 15 30
22 76 35 56 -8 9 0 0.00 0.0 M 2.5 10 90 M M 0 17 80
23 79 37 58 -5 7 0 0.00 0.0 M 2.3 8 50 M M 0 12 70
24 82 42 62 -1 3 0 0.00 0.0 M 1.1 9 110 M M 0 13 120
25 83 45 64 1 1 0 T M M 5.2 16 130 M M 3 1 21 140
26 76 50 63 1 2 0 0.04 M M 7.1 16 330 M M 3 1 24 360
27 78 43 61 -1 4 0 0.00 0.0 M 6.5 16 50 M M 0 22 70
28 77 50 64 2 1 0 0.00 0.0 M 8.7 16 50 M M 2 25 50
29 70 52 61 0 4 0 0.00 0.0 M 8.7 15 60 M M 7 18 70
30 64 59 62 1 3 0 0.01 0.0 M 7.5 13 90 M M 10 1 18 80
31 80 60 70 10 0 5 0.11 0.0 M 6.7 14 240 M M 8 1 21 230
================================================================================
SM 2429 1462 103 41 0.71 0.0 158.2 M 56
================================================================================
AV 78.4 47.2 5.1 FASTST M M 2 MAX(MPH)
MISC ----> 21 250 30 350
================================================================================
NOTES:
# LAST OF SEVERAL OCCURRENCES
COLUMN 17 PEAK WIND IN M.P.H.
PRELIMINARY LOCAL CLIMATOLOGICAL DATA (WS FORM: F-6) , PAGE 2
STATION: MACON
MONTH: OCTOBER
YEAR: 2022
LATITUDE: 32 42 N
LONGITUDE: 83 39 W
[TEMPERATURE DATA] [PRECIPITATION DATA] SYMBOLS USED IN COLUMN 16
AVERAGE MONTHLY: 62.8 TOTAL FOR MONTH: 0.71 1 = FOG OR MIST
DPTR FM NORMAL: -3.2 DPTR FM NORMAL: -1.92 2 = FOG REDUCING VISIBILITY
HIGHEST: 89 ON 7 GRTST 24HR 0.55 ON 12-13 TO 1/4 MILE OR LESS
LOWEST: 29 ON 20 3 = THUNDER
SNOW, ICE PELLETS, HAIL 4 = ICE PELLETS
TOTAL MONTH: 0.0 INCH 5 = HAIL
GRTST 24HR 0.0 6 = FREEZING RAIN OR DRIZZLE
GRTST DEPTH: M ON M 7 = DUSTSTORM OR SANDSTORM:
VSBY 1/2 MILE OR LESS
8 = SMOKE OR HAZE
[NO. OF DAYS WITH] [WEATHER - DAYS WITH] 9 = BLOWING SNOW
X = TORNADO
MAX 32 OR BELOW: 0 0.01 INCH OR MORE: 5
MAX 90 OR ABOVE: 0 0.10 INCH OR MORE: 3
MIN 32 OR BELOW: 1 0.50 INCH OR MORE: 0
MIN 0 OR BELOW: 0 1.00 INCH OR MORE: 0
[HDD (BASE 65) ]
TOTAL THIS MO. 103 CLEAR (SCALE 0-3) 23
DPTR FM NORMAL 24 PTCLDY (SCALE 4-7) 6
TOTAL FM JUL 1 108 CLOUDY (SCALE 8-10) 2
DPTR FM NORMAL 26
[CDD (BASE 65) ]
TOTAL THIS MO. 41
DPTR FM NORMAL -71 [PRESSURE DATA]
TOTAL FM JAN 1 2294 HIGHEST SLP 30.30 ON 29
DPTR FM NORMAL -8 LOWEST SLP 29.73 ON 17
[REMARKS]
#FINAL-10-22#