000
CXUS52 KMLB 010625
CF6MCO
PRELIMINARY LOCAL CLIMATOLOGICAL DATA (WS FORM: F-6)
STATION: ORLANDO INTL
MONTH: MARCH
YEAR: 2021
LATITUDE: 28 25 N
LONGITUDE: 81 19 W
TEMPERATURE IN F: :PCPN: SNOW: WIND :SUNSHINE: SKY :PK WND
================================================================================
1 2 3 4 5 6A 6B 7 8 9 10 11 12 13 14 15 16 17 18
12Z AVG MX 2MIN
DY MAX MIN AVG DEP HDD CDD WTR SNW DPTH SPD SPD DIR MIN PSBL S-S WX SPD DR
================================================================================
1 87 68 78 13 0 13 0.00 0.0 0 8.5 17 240 M M 6 22 200
2 82 63 73 8 0 8 0.05 0.0 0 6.5 18 350 M M 8 1 20 350
3 75 57 66 1 0 1 0.47 0.0 0 10.3 23 270 M M 7 13 29 270
4 74 55 65 0 0 0 0.00 0.0 0 8.1 14 340 M M 5 8 19 340
5 77 51 64 -2 1 0 0.00 0.0 0 4.8 14 70 M M 4 16 70
6 70 56 63 -3 2 0 T 0.0 0 11.2 24 10 M M 9 28 10
7 69 48 59 -7 6 0 T 0.0 0 16.3 26 30 M M 4 33 30
8 71 46 59 -7 6 0 0.00 0.0 0 12.1 21 60 M M 3 27 40
9 75 51 63 -3 2 0 0.00 0.0 0 10.9 20 60 M M 3 25 60
10 76 53 65 -1 0 0 0.00 0.0 0 9.6 22 110 M M 3 27 100
11 79 55 67 1 0 2 0.00 0.0 0 9.0 18 100 M M 2 22 110
12 81 54 68 2 0 3 0.00 0.0 0 6.9 15 90 M M 2 19 40
13 82 55 69 3 0 4 0.00 0.0 0 6.0 14 120 M M 6 19 110
14 83 56 70 3 0 5 0.00 0.0 0 3.5 12 100 M M 4 1 16 100
15 84 60 72 5 0 7 0.00 0.0 0 6.2 17 110 M M 5 1 21 110
16 86 62 74 7 0 9 0.00 0.0 0 7.9 18 190 M M 4 1 25 150
17 88 64 76 9 0 11 0.00 0.0 0 8.3 24 160 M M 2 8 30 170
18 89 66 78 11 0 13 T 0.0 0 15.3 30 200 M M 5 36 200
19 75 56 66 -1 0 1 0.00 0.0 0 10.8 17 290 M M 4 25 260
20 69 53 61 -6 4 0 0.00 0.0 0 15.5 25 10 M M 7 35 360
21 62 52 57 -11 8 0 T 0.0 0 10.4 16 270 M M 10 1 20 320
22 74 56 65 -3 0 0 0.03 0.0 0 10.4 21 360 M M 9 1 27 350
23 80 53 67 -1 0 2 0.00 0.0 0 5.1 14 120 M M 5 12 18 100
24 84 56 70 2 0 5 0.00 0.0 0 5.3 15 150 M M 5 1 23 180
25 91 64 78 10 0 13 0.00 0.0 0 10.2 18 150 M M 7 1 25 150
26 89 70 80 12 0 15 0.00 0.0 0 8.2 16 160 M M 7 8 21 160
27 90 65 78 10 0 13 0.00 0.0 0 8.8 16 110 M M 5 1 22 160
28 90 67 79 11 0 14 0.00 0.0 0 10.5 21 190 M M 7 28 170
29 82 67 75 6 0 10 0.00 0.0 0 7.9 22 20 M M 8 26 30
30 87 65 76 7 0 11 T 0.0 0 8.1 17 150 M M 7 21 100
31 89 67 78 9 0 13 1.48 0.0 0 6.9 15 120 M M 6 13 19 230
================================================================================
SM 2490 1811 29 173 2.03 0.0 279.5 M 169
================================================================================
AV 80.3 58.4 9.0 FASTST M M 5 MAX(MPH)
MISC ----> 30 200 36 200
================================================================================
NOTES:
# LAST OF SEVERAL OCCURRENCES
COLUMN 17 PEAK WIND IN M.P.H.
PRELIMINARY LOCAL CLIMATOLOGICAL DATA (WS FORM: F-6) , PAGE 2
STATION: ORLANDO INTL
MONTH: MARCH
YEAR: 2021
LATITUDE: 28 25 N
LONGITUDE: 81 19 W
[TEMPERATURE DATA] [PRECIPITATION DATA] SYMBOLS USED IN COLUMN 16
AVERAGE MONTHLY: 69.4 TOTAL FOR MONTH: 2.03 1 = FOG OR MIST
DPTR FM NORMAL: 2.5 DPTR FM NORMAL: -1.74 2 = FOG REDUCING VISIBILITY
HIGHEST: 91 ON 25 GRTST 24HR 1.48 ON 31-31 TO 1/4 MILE OR LESS
LOWEST: 46 ON 8 3 = THUNDER
SNOW, ICE PELLETS, HAIL 4 = ICE PELLETS
TOTAL MONTH: 0.0 INCH 5 = HAIL
GRTST 24HR 0.0 6 = FREEZING RAIN OR DRIZZLE
GRTST DEPTH: 0 7 = DUSTSTORM OR SANDSTORM:
VSBY 1/2 MILE OR LESS
8 = SMOKE OR HAZE
[NO. OF DAYS WITH] [WEATHER - DAYS WITH] 9 = BLOWING SNOW
X = TORNADO
MAX 32 OR BELOW: 0 0.01 INCH OR MORE: 4
MAX 90 OR ABOVE: 3 0.10 INCH OR MORE: 2
MIN 32 OR BELOW: 0 0.50 INCH OR MORE: 1
MIN 0 OR BELOW: 0 1.00 INCH OR MORE: 1
[HDD (BASE 65) ]
TOTAL THIS MO. 29 CLEAR (SCALE 0-3) 6
DPTR FM NORMAL -30 PTCLDY (SCALE 4-7) 21
TOTAL FM JUL 1 472 CLOUDY (SCALE 8-10) 4
DPTR FM NORMAL -86
[CDD (BASE 65) ]
TOTAL THIS MO. 173
DPTR FM NORMAL 55 [PRESSURE DATA]
TOTAL FM JAN 1 351 HIGHEST SLP M ON M
DPTR FM NORMAL 129 LOWEST SLP 29.83 ON 18
[REMARKS]
#FINAL-03-21#