000
CXUS53 KDMX 010810
CF6MCW
PRELIMINARY LOCAL CLIMATOLOGICAL DATA (WS FORM: F-6)
STATION: MASON CITY IA
MONTH: APRIL
YEAR: 2021
LATITUDE: 43 9 N
LONGITUDE: 93 20 W
TEMPERATURE IN F: :PCPN: SNOW: WIND :SUNSHINE: SKY :PK WND
================================================================================
1 2 3 4 5 6A 6B 7 8 9 10 11 12 13 14 15 16 17 18
12Z AVG MX 2MIN
DY MAX MIN AVG DEP HDD CDD WTR SNW DPTH SPD SPD DIR MIN PSBL S-S WX SPD DR
================================================================================
1 45 14 30 -10 35 0 0.00 0.0 0 6.2 13 160 M M 0 8 17 170
2 62 27 45 4 20 0 0.00 0.0 0 19.3 35 170 M M 0 49 180
3 74 38 56 15 9 0 0.00 0.0 0 8.9 20 230 M M 0 8 32 220
4 84 31 58 16 7 0 0.00 0.0 0 8.3 24 160 M M 0 34 180
5 82 46 64 22 1 0 0.00 0.0 0 15.3 31 180 M M 1 43 170
6 77 56 67 25 0 2 0.02 0.0 0 11.4 22 290 M M 3 3 34 140
7 78 55 67 24 0 2 0.29 0.0 0 10.3 25 150 M M 6 13 35 200
8 59 48 54 11 11 0 0.09 0.0 0 11.1 22 150 M M 10 13 29 140
9 53 44 49 5 16 0 T 0.0 0 11.6 26 300 M M 10 1 34 320
10 52 43 48 4 17 0 0.00 0.0 0 16.2 25 350 M M 10 32 340
11 59 36 48 3 17 0 0.00 0.0 0 15.3 23 300 M M 7 35 320
12 55 38 47 2 18 0 0.00 0.0 0 21.9 35 270 M M 6 45 300
13 42 33 38 -8 27 0 0.00 0.0 0 19.9 28 290 M M 9 43 270
14 47 29 38 -8 27 0 0.00 0.0 0 16.4 25 340 M M 9 30 320
15 50 34 42 -4 23 0 0.00 0.0 0 11.1 20 310 M M 10 25 320
16 56 39 48 1 17 0 0.00 0.0 0 7.8 14 360 M M 8 19 350
17 62 31 47 0 18 0 0.00 0.0 0 9.7 20 320 M M 3 28 350
18 65 31 48 0 17 0 0.02 0.0 0 12.3 29 330 M M 5 36 340
19 42 22 32 -16 33 0 0.01 0.0 0 16.3 25 340 M M 5 34 350
20 46 21 34 -15 31 0 0.00 0.0 0 11.6 23 300 M M 1 35 330
21 46 19 33 -16 32 0 0.00 0.0 0 11.6 25 330 M M 4 33 320
22 62 33 48 -2 17 0 0.00 0.0 0 13.2 21 220 M M 2 32 230
23 57 38 48 -2 17 0 0.00 0.0 0 12.0 20 210 M M 8 29 200
24 52 29 41 -9 24 0 0.00 0.0 0 13.3 24 350 M M 6 1 33 340
25 46 23 35 -16 30 0 0.16 0.6 0 13.7 26 130 M M 5 18 37 110
26 80 41 61 10 4 0 0.00 0.0 0 13.9 24 150 M M 2 32 130
27 72 45 59 7 6 0 T 0.0 0 13.8 28 10 M M 5 35 360
28 64 43 54 2 11 0 0.00 0.0 0 10.4 20 20 M M 5 18 25 20
29 71 37 54 2 11 0 0.00 0.0 0 13.1 30 310 M M 1 1 39 320
30 68 47 58 5 7 0 0.00 0.0 0 10.0 22 10 M M 3 28 10
================================================================================
SM 1808 1071 503 4 0.59 0.6 385.9 M 144
================================================================================
AV 60.3 35.7 12.9 FASTST M M 5 MAX(MPH)
MISC ----> # 35 170 49 180
================================================================================
NOTES:
# LAST OF SEVERAL OCCURRENCES
COLUMN 17 PEAK WIND IN M.P.H.
PRELIMINARY LOCAL CLIMATOLOGICAL DATA (WS FORM: F-6) , PAGE 2
STATION: MASON CITY IA
MONTH: APRIL
YEAR: 2021
LATITUDE: 43 9 N
LONGITUDE: 93 20 W
[TEMPERATURE DATA] [PRECIPITATION DATA] SYMBOLS USED IN COLUMN 16
AVERAGE MONTHLY: 48.0 TOTAL FOR MONTH: 0.59 1 = FOG OR MIST
DPTR FM NORMAL: 1.3 DPTR FM NORMAL: -3.16 2 = FOG REDUCING VISIBILITY
HIGHEST: 84 ON 4 GRTST 24HR 0.38 ON 7- 8 TO 1/4 MILE OR LESS
LOWEST: 14 ON 1 3 = THUNDER
SNOW, ICE PELLETS, HAIL 4 = ICE PELLETS
TOTAL MONTH: 0.6 INCH 5 = HAIL
GRTST 24HR 0.6 ON 25-25 6 = FREEZING RAIN OR DRIZZLE
GRTST DEPTH: 0 7 = DUSTSTORM OR SANDSTORM:
VSBY 1/2 MILE OR LESS
8 = SMOKE OR HAZE
[NO. OF DAYS WITH] [WEATHER - DAYS WITH] 9 = BLOWING SNOW
X = TORNADO
MAX 32 OR BELOW: 0 0.01 INCH OR MORE: 6
MAX 90 OR ABOVE: 0 0.10 INCH OR MORE: 2
MIN 32 OR BELOW: 11 0.50 INCH OR MORE: 0
MIN 0 OR BELOW: 0 1.00 INCH OR MORE: 0
[HDD (BASE 65) ]
TOTAL THIS MO. 503 CLEAR (SCALE 0-3) 12
DPTR FM NORMAL -52 PTCLDY (SCALE 4-7) 10
TOTAL FM JUL 1 7111 CLOUDY (SCALE 8-10) 8
DPTR FM NORMAL -289
[CDD (BASE 65) ]
TOTAL THIS MO. 4
DPTR FM NORMAL -1 [PRESSURE DATA]
TOTAL FM JAN 1 4 HIGHEST SLP M ON M
DPTR FM NORMAL -1 LOWEST SLP 29.40 ON 8
[REMARKS]
#FINAL-04-21#