000
CXUS53 KPAH 171243
CF6MDH
PRELIMINARY LOCAL CLIMATOLOGICAL DATA (WS FORM: F-6)
STATION: CARBONDALE IL
MONTH: JUNE
YEAR: 2023
LATITUDE: 37 46 N
LONGITUDE: 89 15 W
TEMPERATURE IN F: :PCPN: SNOW: WIND :SUNSHINE: SKY :PK WND
================================================================================
1 2 3 4 5 6A 6B 7 8 9 10 11 12 13 14 15 16 17 18
12Z AVG MX 2MIN
DY MAX MIN AVG DEP HDD CDD WTR SNW DPTH SPD SPD DIR MIN PSBL S-S WX SPD DR
================================================================================
1 90 64 77 6 0 12 0.00 M M 3.2 15 150 M M 1 18 18 140
2 92 63 78 6 0 13 0.00 M M 3.7 14 100 M M 1 1 19 40
3 93 57 75 3 0 10 0.00 M M 3.9 14 40 M M 1 1 21 20
4 92 62 77 5 0 12 T M M 3.6 16 40 M M 1 138 22 100
5 88 57 73 1 0 8 0.00 M M 3.4 13 20 M M 0 18 18 10
6 89 52 71 -2 0 6 0.00 M M 1.7 7 250 M M 0 18 11 30
7 78 61 70 -3 0 5 M M M 3.3 12 320 M M 3 18 17 310
8 82 54 68 -5 0 3 0.00 M M 3.0 13 360 M M 0 128 17 330
9 84 49 67 -7 0 2 0.00 M M 2.0 9 160 M M 0 18 16 160
10 87 56 72 -2 0 7 T M M 5.3 14 200 M M 1 18 20 210
11 76 63 70 -4 0 5 1.25 M M 10.6 23 320 M M 9 128 34 310
12 73 55 64 -10 1 0 0.00 M M 6.2 16 330 M M 6 22 350
13 80 52 66 -9 0 1 0.00 M M 6.9 21 220 M M 0 8 26 230
14 86 57 72 -3 0 7 0.00 M M 5.4 15 200 M M 0 20 220
15 90 60 75 0 0 10 0.00 M M 4.0 13 220 M M 0 1 23 260
16 86 64 75 0 0 10 0.00 M M 4.5 9 90 M M 0 8 13 30
17 83 59 71 -5 0 6 0.00 M M 3.3 9 90 M M 0 18 14 90
18 82 65 74 -2 0 9 0.02 M M 6.6 18 190 M M 4 138 24 180
19 88 67 78 2 0 13 0.08 M M 6.1 16 340 M M 6 1 22 340
20 89 65 77 1 0 12 0.00 M M 6.8 17 20 M M 2 18 27 60
21 85 68 77 1 0 12 T M M 8.2 16 70 M M 3 138 21 90
22 86 64 75 -1 0 10 0.00 M M 6.4 16 40 M M 2 18 21 10
23 90 63 77 0 0 12 0.00 M M 4.2 16 350 M M 1 24 340
24 94 64 79 2 0 14 0.00 M M 6.3 20 190 M M 2 18 25 190
25 100 78 89 12 0 24 0.00 M M 11.3 21 250 M M 1 31 240
26 89 66 78 1 0 13 0.00 M M 8.0 18 330 M M 1 29 310
27 89 64 77 0 0 12 0.00 M M 4.5 15 330 M M 1 21 320
28 91 64 78 1 0 13 0.00 M M 6.2 18 200 M M 0 18 24 210
29 96 74 85 8 0 20 0.00 M M 10.1 21 140 M M 1 38 27 140
30 103 73 88 10 0 23 0.20 M M 5.5 26 160 M M 1 138 33 150
================================================================================
SM 2631 1860 1 304 1.55 M 164.2 M 48
================================================================================
AV 87.7 62.0 5.5 FASTST M M 2 MAX(MPH)
MISC ----> 26 160 34 310
================================================================================
NOTES:
# LAST OF SEVERAL OCCURRENCES
COLUMN 17 PEAK WIND IN M.P.H.
PRELIMINARY LOCAL CLIMATOLOGICAL DATA (WS FORM: F-6) , PAGE 2
STATION: CARBONDALE IL
MONTH: JUNE
YEAR: 2023
LATITUDE: 37 46 N
LONGITUDE: 89 15 W
[TEMPERATURE DATA] [PRECIPITATION DATA] SYMBOLS USED IN COLUMN 16
AVERAGE MONTHLY: 74.9 TOTAL FOR MONTH: 1.55 1 = FOG OR MIST
DPTR FM NORMAL: -0.1 DPTR FM NORMAL: -2.56 2 = FOG REDUCING VISIBILITY
HIGHEST: 103 ON 30 GRTST 24HR 1.25 ON 11-11 TO 1/4 MILE OR LESS
LOWEST: 49 ON 9 3 = THUNDER
SNOW, ICE PELLETS, HAIL 4 = ICE PELLETS
TOTAL MONTH: M 5 = HAIL
GRTST 24HR M ON M 6 = FREEZING RAIN OR DRIZZLE
GRTST DEPTH: M ON M 7 = DUSTSTORM OR SANDSTORM:
VSBY 1/2 MILE OR LESS
8 = SMOKE OR HAZE
[NO. OF DAYS WITH] [WEATHER - DAYS WITH] 9 = BLOWING SNOW
X = TORNADO
MAX 32 OR BELOW: 0 0.01 INCH OR MORE: 4
MAX 90 OR ABOVE: 11 0.10 INCH OR MORE: 2
MIN 32 OR BELOW: 0 0.50 INCH OR MORE: 1
MIN 0 OR BELOW: 0 1.00 INCH OR MORE: 1
[HDD (BASE 65) ]
TOTAL THIS MO. 1 CLEAR (SCALE 0-3) 25
DPTR FM NORMAL -3 PTCLDY (SCALE 4-7) 4
TOTAL FM JUL 1 4054 CLOUDY (SCALE 8-10) 1
DPTR FM NORMAL -405
[CDD (BASE 65) ]
TOTAL THIS MO. 304
DPTR FM NORMAL 2 [PRESSURE DATA]
TOTAL FM JAN 1 458 HIGHEST SLP 30.04 ON 1
DPTR FM NORMAL 10 LOWEST SLP 29.59 ON 11
[REMARKS] THE JUNE 11TH PRECIPITATION TOTAL WAS ADJUSTED UPWARDS
USING A NEARBY COCORAHS STATION (IL-JK-14: DE SOTO 0.3 ESE) DUE TO
AN EQUIPMENT ISSUE WITH THE TIPPING BUCKET GAUGE THAT OCCURRED. THE
TOTAL WAS INCREASED FROM MISSING TO 1.25". THIS WAS SUPPORTED BY
RADAR ESTIMATES.
#FINAL-06-23#