000
CXUS53 KPAH 010700
CF6MDH
PRELIMINARY LOCAL CLIMATOLOGICAL DATA (WS FORM: F-6)
STATION: CARBONDALE IL
MONTH: MARCH
YEAR: 2022
LATITUDE: 37 46 N
LONGITUDE: 89 15 W
TEMPERATURE IN F: :PCPN: SNOW: WIND :SUNSHINE: SKY :PK WND
================================================================================
1 2 3 4 5 6A 6B 7 8 9 10 11 12 13 14 15 16 17 18
12Z AVG MX 2MIN
DY MAX MIN AVG DEP HDD CDD WTR SNW DPTH SPD SPD DIR MIN PSBL S-S WX SPD DR
================================================================================
1 71 35 53 11 12 0 0.00 M M 7.5 18 190 M M 0 23 200
2 77 34 56 14 9 0 0.00 M M 7.3 20 200 M M 0 27 190
3 59 38 49 7 16 0 0.00 M M 8.2 16 20 M M 0 18 23 10
4 70 34 52 9 13 0 0.00 M M 5.8 12 160 M M 0 15 160
5 71 43 57 14 8 0 T M M 17.1 33 190 M M 5 46 210
6 69 49 59 16 6 0 0.70 M M 10.2 28 210 M M 8 13 37 190
7 50 36 43 -1 22 0 1.40 M M 11.5 25 300 M M 10 13 35 310
8 42 32 37 -7 28 0 0.00 M M 4.5 13 340 M M 6 17 330
9 52 32 42 -2 23 0 0.00 M M 4.1 13 360 M M 3 20 320
10 53 31 42 -2 23 0 0.00 M M 5.3 13 350 M M 1 16 360
11 37 27 32 -13 33 0 T M M 11.0 23 330 M M 7 128 35 340
12 33 16 25 -20 40 0 0.00 M M 11.8 24 340 M M 0 33 330
13 57 27 42 -4 23 0 0.00 M M 15.8 23 200 M M 3 33 210
14 63 41 52 6 13 0 T M M 14.1 28 180 M M 3 37 180
15 70 43 57 11 8 0 T M M 1.5 10 110 M M 5 14 100
16 74 35 55 9 10 0 0.00 M M 3.3 12 200 M M 1 18 20 170
17 74 42 58 11 7 0 0.00 M M 6.8 16 190 M M 0 18 21 190
18 64 47 56 9 9 0 0.18 M M 9.5 21 180 M M 8 138 28 220
19 57 34 46 -1 19 0 T M M 8.7 18 280 M M 7 26 250
20 70 29 50 2 15 0 0.00 M M 5.8 14 240 M M 0 21 210
21 74 44 59 11 6 0 0.18 M M 8.6 21 190 M M 1 13 26 150
22 55 51 53 5 12 0 1.13 M M 8.1 23 150 M M 10 13 31 160
23 55 43 49 0 16 0 0.04 M M 12.8 26 200 M M 10 1 37 210
24 47 38 43 -6 22 0 0.04 M M 8.4 18 240 M M 9 1 25 220
25 59 34 47 -3 18 0 0.00 M M 9.1 21 310 M M 5 32 310
26 56 34 45 -5 20 0 0.00 M M 13.2 28 340 M M 0 42 300
27 48 31 40 -10 25 0 0.00 M M 6.3 13 330 M M 1 20 350
28 52 37 45 -5 20 0 0.00 M M 6.6 14 70 M M 4 20 80
29 72 42 57 6 8 0 0.00 M M 12.2 24 180 M M 5 33 160
30 73 45 59 8 6 0 1.73 M M 15.8 38 190 M M 6 1 53 190
31 45 38 42 -10 23 0 0.01 M M 11.1 24 250 M M 10 38 280
================================================================================
SM 1849 1142 513 0 5.41 M 282.0 M 128
================================================================================
AV 59.6 36.8 9.1 FASTST M M 4 MAX(MPH)
MISC ----> 38 190 53 190
================================================================================
NOTES:
# LAST OF SEVERAL OCCURRENCES
COLUMN 17 PEAK WIND IN M.P.H.
PRELIMINARY LOCAL CLIMATOLOGICAL DATA (WS FORM: F-6) , PAGE 2
STATION: CARBONDALE IL
MONTH: MARCH
YEAR: 2022
LATITUDE: 37 46 N
LONGITUDE: 89 15 W
[TEMPERATURE DATA] [PRECIPITATION DATA] SYMBOLS USED IN COLUMN 16
AVERAGE MONTHLY: 48.2 TOTAL FOR MONTH: 5.41 1 = FOG OR MIST
DPTR FM NORMAL: 1.7 DPTR FM NORMAL: 1.27 2 = FOG REDUCING VISIBILITY
HIGHEST: 77 ON 2 GRTST 24HR 2.10 ON 6- 7 TO 1/4 MILE OR LESS
LOWEST: 16 ON 12 3 = THUNDER
SNOW, ICE PELLETS, HAIL 4 = ICE PELLETS
TOTAL MONTH: M 5 = HAIL
GRTST 24HR M ON M 6 = FREEZING RAIN OR DRIZZLE
GRTST DEPTH: M ON M 7 = DUSTSTORM OR SANDSTORM:
VSBY 1/2 MILE OR LESS
8 = SMOKE OR HAZE
[NO. OF DAYS WITH] [WEATHER - DAYS WITH] 9 = BLOWING SNOW
X = TORNADO
MAX 32 OR BELOW: 0 0.01 INCH OR MORE: 9
MAX 90 OR ABOVE: 0 0.10 INCH OR MORE: 6
MIN 32 OR BELOW: 8 0.50 INCH OR MORE: 4
MIN 0 OR BELOW: 0 1.00 INCH OR MORE: 3
[HDD (BASE 65) ]
TOTAL THIS MO. 513 CLEAR (SCALE 0-3) 15
DPTR FM NORMAL -64 PTCLDY (SCALE 4-7) 10
TOTAL FM JUL 1 3771 CLOUDY (SCALE 8-10) 6
DPTR FM NORMAL -330
[CDD (BASE 65) ]
TOTAL THIS MO. 0
DPTR FM NORMAL -4 [PRESSURE DATA]
TOTAL FM JAN 1 0 HIGHEST SLP M ON M
DPTR FM NORMAL -4 LOWEST SLP 29.21 ON 30
[REMARKS]
#FINAL-03-22#