000
CXUS53 KPAH 010800
CF6MDH
PRELIMINARY LOCAL CLIMATOLOGICAL DATA (WS FORM: F-6)
STATION: CARBONDALE IL
MONTH: DECEMBER
YEAR: 2021
LATITUDE: 37 46 N
LONGITUDE: 89 15 W
TEMPERATURE IN F: :PCPN: SNOW: WIND :SUNSHINE: SKY :PK WND
================================================================================
1 2 3 4 5 6A 6B 7 8 9 10 11 12 13 14 15 16 17 18
12Z AVG MX 2MIN
DY MAX MIN AVG DEP HDD CDD WTR SNW DPTH SPD SPD DIR MIN PSBL S-S WX SPD DR
================================================================================
1 60 43 52 12 13 0 0.09 M M 6.4 14 240 M M 3 13 19 240
2 75 42 59 19 6 0 0.00 M M 4.5 15 240 M M 0 1 19 240
3 75 35 55 15 10 0 0.00 M M 5.3 17 200 M M 0 1 22 200
4 58 39 49 9 16 0 0.00 M M 8.1 16 50 M M 0 21 50
5 67 37 52 13 13 0 0.51 M M 11.4 35 230 M M 9 13 51 250
6 58 28 43 4 22 0 0.59 M M 10.4 28 330 M M 2 13 40 340
7 33 27 30 -9 35 0 0.00 M M 5.1 10 10 M M 5 15 10
8 51 25 38 -1 27 0 0.00 M M 3.4 9 240 M M 1 13 260
9 56 30 43 5 22 0 0.00 M M 13.0 29 210 M M 4 1 43 220
10 72 52 62 24 3 0 0.30 M M 11.6 41 240 M M 8 13 64 230
11 66 29 48 10 17 0 0.01 M M 11.2 26 300 M M 4 3 38 310
12 50 24 37 -1 28 0 0.00 M M 7.6 18 200 M M 0 24 180
13 57 30 44 7 21 0 0.00 M M 7.5 17 200 M M 0 24 210
14 68 42 55 18 10 0 T M M 8.4 16 170 M M 5 23 160
15 65 57 61 24 4 0 T M M 17.6 32 200 M M 10 44 200
16 65 36 51 14 14 0 M M M 11.2 37 200 M M 6 1 50 210
17 45 35 40 3 25 0 0.48 M M 5.8 15 110 M M 7 1 19 120
18 57 35 46 10 19 0 1.18 M M 12.5 21 320 M M 10 13 29 320
19 43 25 34 -2 31 0 0.00 M M 4.6 12 10 M M 4 1 18 360
20 47 21 34 -2 31 0 0.00 M M 2.9 12 220 M M 0 1 15 220
21 52 24 38 2 27 0 0.00 M M 5.5 15 210 M M 0 1 19 250
22 45 28 37 1 28 0 0.00 M M 6.0 14 340 M M 0 19 340
23 56 27 42 7 23 0 0.00 M M 13.7 25 200 M M 4 35 210
24 65 53 59 24 6 0 0.00 M M 21.4 32 190 M M 9 46 210
25 74 38 56 21 9 0 0.00 M M 12.5 26 200 M M 4 128 36 210
26 66 38 52 17 13 0 0.00 M M 7.9 30 190 M M 10 12 45 200
27 70 48 59 24 6 0 0.00 M M 12.5 29 200 M M 3 44 210
28 64 45 55 20 10 0 0.08 M M 7.3 25 310 M M 10 1 36 290
29 49 39 44 10 21 0 0.18 M M 4.5 13 140 M M 10 12 18 110
30 50 44 47 13 18 0 0.00 M M 5.0 13 200 M M 10 1 16 190
31 66 48 57 23 8 0 0.22 M M 11.2 26 200 M M 5 1 33 190
================================================================================
SM 1825 1124 536 0 3.64 M 276.0 M 143
================================================================================
AV 58.9 36.3 8.9 FASTST M M 5 MAX(MPH)
MISC ----> 41 240 64 230
================================================================================
NOTES:
# LAST OF SEVERAL OCCURRENCES
COLUMN 17 PEAK WIND IN M.P.H.
PRELIMINARY LOCAL CLIMATOLOGICAL DATA (WS FORM: F-6) , PAGE 2
STATION: CARBONDALE IL
MONTH: DECEMBER
YEAR: 2021
LATITUDE: 37 46 N
LONGITUDE: 89 15 W
[TEMPERATURE DATA] [PRECIPITATION DATA] SYMBOLS USED IN COLUMN 16
AVERAGE MONTHLY: 47.6 TOTAL FOR MONTH: 3.64 1 = FOG OR MIST
DPTR FM NORMAL: 10.6 DPTR FM NORMAL: 0.52 2 = FOG REDUCING VISIBILITY
HIGHEST: 75 ON 3, 2 GRTST 24HR 1.66 ON 17-18 TO 1/4 MILE OR LESS
LOWEST: 21 ON 20 3 = THUNDER
SNOW, ICE PELLETS, HAIL 4 = ICE PELLETS
TOTAL MONTH: M 5 = HAIL
GRTST 24HR M ON M 6 = FREEZING RAIN OR DRIZZLE
GRTST DEPTH: M ON M 7 = DUSTSTORM OR SANDSTORM:
VSBY 1/2 MILE OR LESS
8 = SMOKE OR HAZE
[NO. OF DAYS WITH] [WEATHER - DAYS WITH] 9 = BLOWING SNOW
X = TORNADO
MAX 32 OR BELOW: 0 0.01 INCH OR MORE: 10
MAX 90 OR ABOVE: 0 0.10 INCH OR MORE: 7
MIN 32 OR BELOW: 12 0.50 INCH OR MORE: 3
MIN 0 OR BELOW: 0 1.00 INCH OR MORE: 1
[HDD (BASE 65) ]
TOTAL THIS MO. 536 CLEAR (SCALE 0-3) 11
DPTR FM NORMAL -334 PTCLDY (SCALE 4-7) 11
TOTAL FM JUL 1 1339 CLOUDY (SCALE 8-10) 9
DPTR FM NORMAL -432
[CDD (BASE 65) ]
TOTAL THIS MO. 0
DPTR FM NORMAL 0 [PRESSURE DATA]
TOTAL FM JAN 1 1492 HIGHEST SLP M ON M
DPTR FM NORMAL 122 LOWEST SLP 29.46 ON 11
[REMARKS]
#FINAL-12-21#