502
CXUS55 KPAH 010700
CF6MDH
PRELIMINARY LOCAL CLIMATOLOGICAL DATA (WS FORM: F-6)
STATION: CARBONDALE IL
MONTH: FEBRUARY
YEAR: 2021
LATITUDE: 37 46 N
LONGITUDE: 89 15 W
TEMPERATURE IN F: :PCPN: SNOW: WIND :SUNSHINE: SKY :PK WND
================================================================================
1 2 3 4 5 6A 6B 7 8 9 10 11 12 13 14 15 16 17 18
12Z AVG MX 2MIN
DY MAX MIN AVG DEP HDD CDD WTR SNW DPTH SPD SPD DIR MIN PSBL S-S WX SPD DR
================================================================================
1 38 32 35 1 30 0 0.00 M M 15.8 24 330 M M 10 36 330
2 40 25 33 -1 32 0 0.00 M M 8.0 14 330 M M 6 18 350
3 46 20 33 -1 32 0 0.00 M M 3.5 12 170 M M 0 1 14 170
4 46 31 39 5 26 0 0.22 M M 13.5 25 300 M M 7 1 41 290
5 47 23 35 0 30 0 0.00 M M 7.6 21 250 M M 4 27 260
6 37 25 31 -4 34 0 0.01 M M 7.9 16 360 M M 4 1 23 340
7 25 9 17 -18 48 0 0.00 M M 9.5 20 340 M M 6 26 340
8 30 20 25 -10 40 0 T M M 5.8 13 360 M M 10 18 16 10
9 26 19 23 -13 42 0 T M M 9.9 16 350 M M 10 1 20 340
10 25 20 23 -13 42 0 0.18 M M 9.3 16 350 M M 10 1268 21 350
11 26 20 23 -13 42 0 0.00 M M 11.8 17 350 M M 10 23 20
12 23 13 18 -18 47 0 T M M 13.1 20 360 M M 10 8 26 320
13 13 8 11 -25 54 0 T M M 13.0 18 340 M M 10 18 26 340
14 11 2 7 -30 58 0 T M M 15.5 22 350 M M 10 8 30 360
15 8 3 6 -31 59 0 0.02 M M 14.9 21 330 M M 10 8 27 340
16 16 -2 7 -30 58 0 T M M 5.4 14 320 M M 4 8 20 310
17 21 0 11 -27 54 0 T M M 5.6 12 20 M M 8 8 17 60
18 26 6 16 -22 49 0 T M M 8.9 17 320 M M 5 18 24 330
19 31 -4 14 -24 51 0 0.00 M M 2.4 9 260 M M 1 18 13 280
20 37 7 22 -17 43 0 0.00 M M 7.2 17 190 M M 2 21 190
21 49 18 34 -5 31 0 0.11 M M 12.7 29 180 M M 4 1 39 230
22 51 37 44 5 21 0 0.00 M M 11.1 18 210 M M 4 29 280
23 65 39 52 12 13 0 0.00 M M 8.3 20 210 M M 0 26 210
24 65 39 52 12 13 0 T M M 12.9 21 210 M M 1 28 200
25 51 30 41 1 24 0 0.00 M M 6.4 14 30 M M 0 1 23 340
26 47 34 41 0 24 0 0.03 M M 6.4 16 110 M M 7 18 22 120
27 58 33 46 5 19 0 0.47 M M 5.6 15 130 M M 6 12 18 120
28 66 44 55 14 10 0 1.11 M M 10.4 21 340 M M 9 13 29 330
================================================================================
SM 1024 551 1026 0 2.15 M 262.4 M 168
================================================================================
AV 36.6 19.7 9.4 FASTST M M 6 MAX(MPH)
MISC ----> 29 180 41 290
================================================================================
NOTES:
# LAST OF SEVERAL OCCURRENCES
COLUMN 17 PEAK WIND IN M.P.H.
PRELIMINARY LOCAL CLIMATOLOGICAL DATA (WS FORM: F-6) , PAGE 2
STATION: CARBONDALE IL
MONTH: FEBRUARY
YEAR: 2021
LATITUDE: 37 46 N
LONGITUDE: 89 15 W
[TEMPERATURE DATA] [PRECIPITATION DATA] SYMBOLS USED IN COLUMN 16
AVERAGE MONTHLY: 28.1 TOTAL FOR MONTH: 2.15 1 = FOG OR MIST
DPTR FM NORMAL: -9.0 DPTR FM NORMAL: -0.62 2 = FOG REDUCING VISIBILITY
HIGHEST: 66 ON 28 GRTST 24HR 1.56 ON 27-28 TO 1/4 MILE OR LESS
LOWEST: -4 ON 19 3 = THUNDER
SNOW, ICE PELLETS, HAIL 4 = ICE PELLETS
TOTAL MONTH: M 5 = HAIL
GRTST 24HR M ON M 6 = FREEZING RAIN OR DRIZZLE
GRTST DEPTH: M ON M 7 = DUSTSTORM OR SANDSTORM:
VSBY 1/2 MILE OR LESS
8 = SMOKE OR HAZE
[NO. OF DAYS WITH] [WEATHER - DAYS WITH] 9 = BLOWING SNOW
X = TORNADO
MAX 32 OR BELOW: 13 0.01 INCH OR MORE: 8
MAX 90 OR ABOVE: 0 0.10 INCH OR MORE: 5
MIN 32 OR BELOW: 22 0.50 INCH OR MORE: 1
MIN 0 OR BELOW: 3 1.00 INCH OR MORE: 1
[HDD (BASE 65) ]
TOTAL THIS MO. 1026 CLEAR (SCALE 0-3) 6
DPTR FM NORMAL 246 PTCLDY (SCALE 4-7) 12
TOTAL FM JUL 1 3556 CLOUDY (SCALE 8-10) 10
DPTR FM NORMAL 20
[CDD (BASE 65) ]
TOTAL THIS MO. 0
DPTR FM NORMAL 0 [PRESSURE DATA]
TOTAL FM JAN 1 0 HIGHEST SLP M ON M
DPTR FM NORMAL 0 LOWEST SLP 29.49 ON 4
[REMARKS]
#FINAL-02-21#