000
CXUS51 KCTP 011645
CLSMDT
CLIMATE REPORT
NATIONAL WEATHER SERVICE STATE COLLEGE PA
1245 PM EDT MON JUN 01 2020
...................................
...THE HARRISBURG PA CLIMATE SUMMARY FOR THE SEASON, FROM
3/1/2020 TO 5/31/2020...
CLIMATE NORMAL PERIOD 1981 TO 2010
CLIMATE RECORD PERIOD 1888 TO 2020
WEATHER OBSERVED NORMAL DEPART LAST YEAR`S
VALUE DATE(S) VALUE FROM VALUE DATE(S)
NORMAL
................................................................
TEMPERATURE (F)
RECORD
HIGH 97 05/01/1942
05/31/1939
LOW 03/07/2015
HIGHEST 87 05/29 88 05/29
05/19
LOWEST 26 03/01 16 03/05
03/02
03/08
AVG. MAXIMUM 62.0 61.6 0.4 63.7
AVG. MINIMUM 42.9 42.3 0.6 45.2
MEAN 52.5 52.0 0.5 54.4
DAYS MAX >= 90 0 1.4 -1.4 0
DAYS MAX <= 32 0 1.1 -1.1 2
DAYS MIN <= 32 11 15.7 -4.7 22
DAYS MIN <= 0 0 0.0 0.0 0
PRECIPITATION (INCHES)
RECORD
MAXIMUM 20.79 2011
MINIMUM 5.40 1926
TOTALS 11.33 10.26 1.07 14.85
DAILY AVG. 0.12 0.11 0.01 0.16
DAYS >= .01 40 33.9 6.1 43
DAYS >= .10 25 20.7 4.3 26
DAYS >= .50 7 7.1 -0.1 11
DAYS >= 1.00 3 2.4 0.6 3
GREATEST
24 HR. TOTAL 1.54 04/30 TO 05/01 2.07
SNOWFALL (INCHES)
RECORDS
TOTAL 24.0 1927
24 HR TOTAL MM
SNOW DEPTH MM MM
TOTALS T 5.6 -5.6 12.2
LIQUID EQUIV T 0.00 0.00 1.22
SINCE 7/1 5.1 30.6 -25.5 MM
LIQUID 7/1 0.51 3.00 -2.49 MM
SNOWDEPTH AVG. 0 0
DAYS >= TRACE 4 2.9 1.1 7
DAYS >= 1.0 0 1.4 -1.4 3
GREATEST
SNOW DEPTH 0 05/09 8 03/04
24 HR TOTAL T 05/09 TO 05/09 6.8
DEGREE DAYS
HEATING TOTAL 1184 1262 -78 1076
SINCE 7/1 4574 5250 -676 MM
COOLING TOTAL 56 64 -8 129
SINCE 1/1 56 65 -9 129
FREEZE DATES
RECORD
EARLIEST 09/24/1963
LATEST 05/11/1966
EARLIEST 11/08
LATEST 04/03
................................................................
WIND (MPH)
AVERAGE WIND SPEED 8.4
RESULTANT WIND SPEED/DIRECTION 2/310
HIGHEST WIND SPEED/DIRECTION 51/300 DATE 04/09
HIGHEST GUST SPEED/DIRECTION 68/300 DATE 04/09
SKY COVER
POSSIBLE SUNSHINE (PERCENT) MM
AVERAGE SKY COVER 0.68
NUMBER OF DAYS FAIR 8
NUMBER OF DAYS PC 43
NUMBER OF DAYS CLOUDY 41
AVERAGE RH (PERCENT) 63
WEATHER CONDITIONS. NUMBER OF DAYS WITH
THUNDERSTORM 4 MIXED PRECIP 0
HEAVY RAIN 14 RAIN 20
LIGHT RAIN 55 FREEZING RAIN 0
LT FREEZING RAIN 0 HAIL 0
HEAVY SNOW 0 SNOW 0
LIGHT SNOW 4 SLEET 0
FOG 44 FOG W/VIS <= 1/4 MILE 4
HAZE 14
- INDICATES NEGATIVE NUMBERS.
R INDICATES RECORD WAS SET OR TIED.
MM INDICATES DATA IS MISSING.
T INDICATES TRACE AMOUNT.
$$