000
CXUS51 KCTP 010646
CLSMDT
CLIMATE REPORT
NATIONAL WEATHER SERVICE STATE COLLEGE PA
246 AM EDT THU SEP 01 2022
...................................
...THE HARRISBURG PA CLIMATE SUMMARY FOR THE SEASON, FROM
6/1/2022 TO 8/31/2022...
CLIMATE NORMAL PERIOD 1991 TO 2020
CLIMATE RECORD PERIOD 1888 TO 2022
WEATHER OBSERVED NORMAL DEPART LAST YEAR`S
VALUE DATE(S) VALUE FROM VALUE DATE(S)
NORMAL
................................................................
TEMPERATURE (F)
RECORD
HIGH 107 07/03/1966
LOW 40 06/11/1980
HIGHEST 96 07/23 98 06/30
LOWEST 52 06/20 53 06/23
AVG. MAXIMUM 86.0 84.6 1.4 86.2
AVG. MINIMUM 67.4 65.4 2.0 68.1
MEAN 76.7 75.0 1.7 77.1
DAYS MAX >= 90 27 18.9 8.1 32
DAYS MAX <= 32 0 0.0 0.0 0
DAYS MIN <= 32 0 0.0 0.0 0
DAYS MIN <= 0 0 0.0 0.0 0
PRECIPITATION (INCHES)
RECORD
MAXIMUM 23.33 1972
MINIMUM 2.41 1966
TOTALS 8.78 12.49 -3.71 15.99
DAILY AVG. 0.10 0.14 -0.04 0.17
DAYS >= .01 31 32.4 -1.4 34
DAYS >= .10 19 20.7 -1.7 24
DAYS >= .50 6 8.6 -2.6 11
DAYS >= 1.00 2 3.2 -1.2 4
GREATEST
24 HR. TOTAL 1.70 2.56 07/11 TO 07/12
STORM TOTAL 1.33 2.17
(MM/DD(HH)) MM
SNOWFALL (INCHES)
RECORDS
TOTAL MM MM
24 HR TOTAL MM
SNOW DEPTH MM MM
TOTALS 0.0 0.0 0.0 0.0
LIQUID EQUIV 0.00 0.00 0.00 0.00
SINCE 7/1 0.0 0.0 0.0 MM
LIQUID 7/1 0.00 0.00 0.00 MM
SNOWDEPTH AVG. 0 0
DAYS >= TRACE 0 0.0 0.0 0
DAYS >= 1.0 0 0.0 0.0 0
GREATEST
SNOW DEPTH 0 0 MM
24 HR TOTAL MM MM
STORM TOTAL 0.0 0.0
(MM/DD(HH)) MM
DEGREE DAYS
HEATING TOTAL 0 14 -14 0
SINCE 7/1 0 0 0 MM
COOLING TOTAL 1104 939 165 1139
SINCE 1/1 1206 1021 185 MM
FREEZE DATES
RECORD
EARLIEST 09/24/1963
LATEST 05/11/1966
EARLIEST MM
LATEST 04/11
................................................................
WIND (MPH)
AVERAGE WIND SPEED 6.1
RESULTANT WIND SPEED/DIRECTION 2/260
HIGHEST WIND SPEED/DIRECTION 39/300 DATE 08/04
HIGHEST GUST SPEED/DIRECTION 50/300 DATE 08/04
SKY COVER
POSSIBLE SUNSHINE (PERCENT) MM
AVERAGE SKY COVER 0.54
NUMBER OF DAYS FAIR 26
NUMBER OF DAYS PC 42
NUMBER OF DAYS CLOUDY 24
AVERAGE RH (PERCENT) 61
WEATHER CONDITIONS. NUMBER OF DAYS WITH
THUNDERSTORM 20 MIXED PRECIP 0
HEAVY RAIN 16 RAIN 14
LIGHT RAIN 45 FREEZING RAIN 0
LT FREEZING RAIN 0 HAIL 0
HEAVY SNOW 0 SNOW 0
LIGHT SNOW 0 SLEET 0
FOG 21 FOG W/VIS <= 1/4 MILE 0
HAZE 14
- INDICATES NEGATIVE NUMBERS.
R INDICATES RECORD WAS SET OR TIED.
MM INDICATES DATA IS MISSING.
T INDICATES TRACE AMOUNT.
$$