000
CXUS53 KARX 012354
CF6MDZ
PRELIMINARY LOCAL CLIMATOLOGICAL DATA (WS FORM: F-6)
STATION: MEDFORD WI
MONTH: AUGUST
YEAR: 2023
LATITUDE: 45 5 N
LONGITUDE: 90 18 W
TEMPERATURE IN F: :PCPN: SNOW: WIND :SUNSHINE: SKY :PK WND
================================================================================
1 2 3 4 5 6A 6B 7 8 9 10 11 12 13 14 15 16 17 18
12Z AVG MX 2MIN
DY MAX MIN AVG DEP HDD CDD WTR SNW DPTH SPD SPD DIR MIN PSBL S-S WX SPD DR
================================================================================
1 78 49 64 M 1 0 0.00 0.0 0 2.0 7 230 M M 3 M M
2 84 58 71 M 0 6 0.00 0.0 0 4.0 10 210 M M 2 M M
3 88 62 75 M 0 10 0.01 0.0 0 4.8 12 320 M M 3 18 280
4 82 55 69 M 0 4 0.00 0.0 0 4.1 7 60 M M 2 M M
5 79 57 68 M 0 3 0.00 0.0 0 4.8 7 70 M M 3 M M
6 78 52 65 M 0 0 0.00 0.0 0 4.2 7 80 M M 2 M M
7 79 53 66 M 0 1 0.23 0.0 0 2.3 7 330 M M 3 3 20 320
8 79 52 66 M 0 1 0.00 0.0 0 3.4 12 270 M M 2 M M
9 78 57 68 M 0 3 0.05 0.0 0 3.6 8 360 M M 5 18 250
10 74 51 63 M 2 0 0.00 0.0 0 4.2 12 280 M M 4 1 M M
11 79 58 69 M 0 4 0.28 0.0 0 6.9 25 320 M M 7 3 39 320
12 74 57 66 M 0 1 0.00 0.0 0 5.9 10 290 M M 9 17 290
13 66 56 61 M 4 0 0.01 0.0 0 4.1 8 70 M M 10 M M
14 63 52 58 M 7 0 0.83 0.0 0 7.1 14 80 M M 8 1 20 80
15 75 43 59 M 6 0 0.00 0.0 0 4.0 9 300 M M 3 18 310
16 77 58 68 M 0 3 0.37 0.0 0 11.8 21 190 M M 2 30 200
17 67 50 59 M 6 0 0.37 0.0 0 9.7 16 330 M M 6 3 27 330
18 71 43 57 M 8 0 0.00 0.0 0 3.9 10 200 M M 2 16 210
19 84 56 70 M 0 5 0.00 0.0 0 7.6 17 170 M M 3 20 170
20 81 58 70 M 0 5 0.00 0.0 0 5.0 8 340 M M 1 M M
21 68 57 63 M 2 0 0.00 0.0 0 5.0 9 100 M M 8 M M
22 82 62 72 M 0 7 0.00 0.0 0 7.2 14 180 M M 7 20 160
23 90 65 78 M 0 13 0.00 0.0 0 4.7 9 270 M M 5 M M
24 84 65 75 M 0 10 0.00 0.0 0 5.7 14 350 M M 9 20 350
25 81 63 72 M 0 7 0.00 0.0 0 3.9 13 340 M M 7 21 340
26 67 48 58 M 7 0 0.00 0.0 0 7.0 13 40 M M 5 16 30
27 71 40 56 M 9 0 0.00 0.0 0 1.6 6 250 M M 1 M M
28 76 47 62 M 3 0 0.19 0.0 0 4.6 9 220 M M 6 M M
29 73 47 60 M 5 0 0.00 0.0 0 7.5 14 330 M M 3 20 10
30 70 38 54 M 11 0 0.00 0.0 0 1.4 6 30 M M 1 M M
31 76 40 58 M 7 0 0.00 0.0 0 4.8 9 170 M M 0 16 160
================================================================================
SM 2374 1649 78 83 2.34 0.0 156.8 M 132
================================================================================
AV 76.6 53.2 5.1 FASTST M M 4 MAX(MPH)
MISC ----> 25 320 39 320
================================================================================
NOTES:
# LAST OF SEVERAL OCCURRENCES
COLUMN 17 PEAK WIND IN M.P.H.
PRELIMINARY LOCAL CLIMATOLOGICAL DATA (WS FORM: F-6) , PAGE 2
STATION: MEDFORD WI
MONTH: AUGUST
YEAR: 2023
LATITUDE: 45 5 N
LONGITUDE: 90 18 W
[TEMPERATURE DATA] [PRECIPITATION DATA] SYMBOLS USED IN COLUMN 16
AVERAGE MONTHLY: 64.9 TOTAL FOR MONTH: 2.34 1 = FOG OR MIST
DPTR FM NORMAL: 0.0 DPTR FM NORMAL: M 2 = FOG REDUCING VISIBILITY
HIGHEST: 90 ON 23 GRTST 24HR 0.83 ON 14-14 TO 1/4 MILE OR LESS
LOWEST: 38 ON 30 3 = THUNDER
SNOW, ICE PELLETS, HAIL 4 = ICE PELLETS
TOTAL MONTH: 0.0 INCH 5 = HAIL
GRTST 24HR 0.0 6 = FREEZING RAIN OR DRIZZLE
GRTST DEPTH: 0 7 = DUSTSTORM OR SANDSTORM:
VSBY 1/2 MILE OR LESS
8 = SMOKE OR HAZE
[NO. OF DAYS WITH] [WEATHER - DAYS WITH] 9 = BLOWING SNOW
X = TORNADO
MAX 32 OR BELOW: 0 0.01 INCH OR MORE: 9
MAX 90 OR ABOVE: 1 0.10 INCH OR MORE: 6
MIN 32 OR BELOW: 0 0.50 INCH OR MORE: 1
MIN 0 OR BELOW: 0 1.00 INCH OR MORE: 0
[HDD (BASE 65) ]
TOTAL THIS MO. 78 CLEAR (SCALE 0-3) 14
DPTR FM NORMAL M PTCLDY (SCALE 4-7) 14
TOTAL FM JUL 1 137 CLOUDY (SCALE 8-10) 3
DPTR FM NORMAL M
[CDD (BASE 65) ]
TOTAL THIS MO. 83
DPTR FM NORMAL M [PRESSURE DATA]
TOTAL FM JAN 1 248 HIGHEST SLP M ON M
DPTR FM NORMAL M LOWEST SLP M ON M
[REMARKS]
#FINAL-08-23#