000
CXUS54 KJAN 011410
CF6MEI
PRELIMINARY LOCAL CLIMATOLOGICAL DATA (WS FORM: F-6)
STATION: MERIDIAN
MONTH: SEPTEMBER
YEAR: 2022
LATITUDE: 32 19 N
LONGITUDE: 88 45 W
TEMPERATURE IN F: :PCPN: SNOW: WIND :SUNSHINE: SKY :PK WND
================================================================================
1 2 3 4 5 6A 6B 7 8 9 10 11 12 13 14 15 16 17 18
12Z AVG MX 2MIN
DY MAX MIN AVG DEP HDD CDD WTR SNW DPTH SPD SPD DIR MIN PSBL S-S WX SPD DR
================================================================================
1 93 67 80 0 0 15 0.00 0.0 0 2.1 10 70 M M 1 17 40
2 92 70 81 1 0 16 0.00 0.0 0 3.1 10 30 M M 3 13 20
3 93 72 83 3 0 18 0.00 0.0 0 3.1 13 190 M M 2 16 200
4 87 74 81 1 0 16 T 0.0 0 5.2 15 230 M M 3 1 19 220
5 85 71 78 -2 0 13 0.26 0.0 0 5.0 13 180 M M 4 1 17 220
6 84 73 79 -1 0 14 T 0.0 0 1.9 8 220 M M 1 1 12 200
7 91 70 81 1 0 16 0.01 0.0 0 3.4 23 310 M M 1 13 33 320
8 87 68 78 -1 0 13 0.00 0.0 0 6.0 15 360 M M 1 20 350
9 84 69 77 -2 0 12 0.14 0.0 0 4.6 17 40 M M 5 13 22 40
10 88 72 80 1 0 15 0.00 0.0 0 5.1 13 150 M M 6 1 16 110
11 88 68 78 -1 0 13 0.00 0.0 0 2.4 16 290 M M 3 12 22 290
12 83 62 73 -5 0 8 0.00 0.0 0 5.2 13 350 M M 5 17 20
13 83 55 69 -9 0 4 0.00 0.0 0 3.1 13 60 M M 0 1 20 50
14 87 56 72 -6 0 7 0.00 0.0 0 3.1 13 360 M M 0 25 20
15 87 59 73 -5 0 8 0.00 0.0 0 3.7 12 90 M M 1 17 90
16 87 62 75 -2 0 10 0.00 0.0 0 3.2 12 70 M M 1 18 80
17 89 60 75 -2 0 10 0.00 0.0 0 1.7 9 50 M M 0 14 100
18 91 64 78 1 0 13 0.00 0.0 0 2.2 12 50 M M 1 15 50
19 91 64 78 1 0 13 0.00 0.0 0 3.3 12 310 M M 1 15 M
20 94 65 80 4 0 15 0.00 0.0 0 1.6 10 360 M M 1 1 13 340
21 96 69 83 7 0 18 0.00 0.0 0 3.6 15 20 M M 0 20 360
22 97 69 83 7 0 18 0.02 0.0 0 4.8 22 40 M M 1 1 36 30
23 85 61 73 -2 0 8 0.00 0.0 0 5.5 14 40 M M 0 18 350
24 91 58 75 0 0 10 0.00 0.0 0 1.7 7 310 M M 0 10 290
25 90 62 76 1 0 11 0.00 0.0 0 2.4 16 330 M M 1 24 330
26 85 57 71 -3 0 6 0.00 0.0 0 5.5 15 350 M M 0 21 330
27 80 50 65 -9 0 0 0.00 0.0 0 6.7 22 50 M M 0 31 10
28 78 48 63 -11 2 0 0.00 0.0 0 10.4 25 20 M M 0 35 10
29 76 49 63 -10 2 0 0.00 0.0 0 9.3 22 350 M M 0 29 360
30 81 48 65 -8 0 0 0.00 0.0 M 4.6 17 350 M M 0 24 350
================================================================================
SM 2623 1892 4 320 0.43 0.0 123.5 M 42
================================================================================
AV 87.4 63.1 4.1 FASTST M M 1 MAX(MPH)
MISC ----> 25 20 36 30
================================================================================
NOTES:
# LAST OF SEVERAL OCCURRENCES
COLUMN 17 PEAK WIND IN M.P.H.
PRELIMINARY LOCAL CLIMATOLOGICAL DATA (WS FORM: F-6) , PAGE 2
STATION: MERIDIAN
MONTH: SEPTEMBER
YEAR: 2022
LATITUDE: 32 19 N
LONGITUDE: 88 45 W
[TEMPERATURE DATA] [PRECIPITATION DATA] SYMBOLS USED IN COLUMN 16
AVERAGE MONTHLY: 75.3 TOTAL FOR MONTH: 0.43 1 = FOG OR MIST
DPTR FM NORMAL: -2.1 DPTR FM NORMAL: -2.74 2 = FOG REDUCING VISIBILITY
HIGHEST: 97 ON 22 GRTST 24HR 0.26 ON 4- 5 TO 1/4 MILE OR LESS
LOWEST: 48 ON 30,28 3 = THUNDER
SNOW, ICE PELLETS, HAIL 4 = ICE PELLETS
TOTAL MONTH: 0.0 INCH 5 = HAIL
GRTST 24HR 0.0 6 = FREEZING RAIN OR DRIZZLE
GRTST DEPTH: 0 7 = DUSTSTORM OR SANDSTORM:
VSBY 1/2 MILE OR LESS
8 = SMOKE OR HAZE
[NO. OF DAYS WITH] [WEATHER - DAYS WITH] 9 = BLOWING SNOW
X = TORNADO
MAX 32 OR BELOW: 0 0.01 INCH OR MORE: 4
MAX 90 OR ABOVE: 11 0.10 INCH OR MORE: 2
MIN 32 OR BELOW: 0 0.50 INCH OR MORE: 0
MIN 0 OR BELOW: 0 1.00 INCH OR MORE: 0
[HDD (BASE 65) ]
TOTAL THIS MO. 4 CLEAR (SCALE 0-3) 25
DPTR FM NORMAL 2 PTCLDY (SCALE 4-7) 5
TOTAL FM JUL 1 4 CLOUDY (SCALE 8-10) 0
DPTR FM NORMAL 4
[CDD (BASE 65) ]
TOTAL THIS MO. 320
DPTR FM NORMAL -50 [PRESSURE DATA]
TOTAL FM JAN 1 2479 HIGHEST SLP 30.25 ON 28
DPTR FM NORMAL 163 LOWEST SLP 29.73 ON 8
[REMARKS]
#FINAL-09-22#