000
CXUS54 KLZK 011131
CF6MEZ
PRELIMINARY LOCAL CLIMATOLOGICAL DATA (WS FORM: F-6)
STATION: Mena Airport
MONTH: JUNE
YEAR: 2020
LATITUDE: 34 9 N
LONGITUDE: 94 15 W
TEMPERATURE IN F: :PCPN: SNOW: WIND :SUNSHINE: SKY :PK WND
================================================================================
1 2 3 4 5 6A 6B 7 8 9 10 11 12 13 14 15 16 17 18
12Z AVG MX 2MIN
DY MAX MIN AVG DEP HDD CDD WTR SNW DPTH SPD SPD DIR MIN PSBL S-S WX SPD DR
================================================================================
1 84 55 70 -1 0 5 0.00 M M 1.4 6 100 M M 0 M M
2 82 61 72 1 0 7 0.00 M M 0.5 5 250 M M 0 M M
3 88 66 77 5 0 12 0.10 M M 1.5 7 220 M M 4 3 M M
4 88 72 80 8 0 15 0.22 M M 2.9 9 110 M M 2 3 32 110
5 95 72 84 12 0 19 0.00 M M 2.6 7 260 M M 1 M M
6 95 70 83 11 0 18 0.00 M M 3.5 10 60 M M 1 20 90
7 91 64 78 6 0 13 0.00 M M 4.3 14 70 M M 1 18 80
8 82 70 76 3 0 11 0.20 M M 3.9 10 60 M M 4 M M
9 91 70 81 8 0 16 0.01 M M 6.9 13 260 M M 2 31 220
10 81 55 68 -5 0 3 0.00 M M 12.4 23 290 M M 2 30 290
11 88 52 70 -4 0 5 0.00 M M 1.7 8 30 M M 0 M M
12 90 55 73 -1 0 8 0.00 M M 1.1 7 50 M M 0 M M
13 91 59 75 1 0 10 0.00 M M 1.4 6 90 M M 0 M M
14 90 63 77 3 0 12 0.00 M M 2.2 9 80 M M 2 M M
15 91 61 76 2 0 11 0.00 M M 1.9 10 80 M M 1 M M
16 90 63 77 2 0 12 0.00 M M 1.8 8 90 M M 2 M M
17 88 63 76 1 0 11 0.00 M M 1.2 7 90 M M 3 M M
18 91 63 77 2 0 12 0.00 M M 2.4 7 230 M M 2 M M
19 91 68 80 5 0 15 0.00 M M 1.5 9 230 M M 0 M M
20 82 68 75 -1 0 10 0.07 M M 1.8 7 130 M M 5 M M
21 75 64 70 -6 0 5 0.08 M M 1.4 8 230 M M 8 3 16 240
22 88 68 78 2 0 13 0.49 M M 3.3 8 260 M M 3 3 M M
23 82 68 75 -1 0 10 0.14 M M 1.5 6 250 M M 3 3 M M
24 88 64 76 0 0 11 0.00 M M 3.3 9 90 M M 2 M M
25 88 59 74 -2 0 9 0.00 M M 2.9 9 100 M M 2 M M
26 86 73 80 3 0 15 0.98 M M 3.5 9 230 M M 9 3 M M
27 88 73 81 4 0 16 0.00 M M 5.3 9 230 M M 5 22 230
28 90 73 82 5 0 17 0.17 M M 5.1 9 220 M M 5 3 17 210
29 88 72 80 3 0 15 1.10 M M 4.4 8 220 M M 7 3 18 220
30 88 79 84 7 0 19 0.00 M M 4.2 8 230 M M 8 16 230
================================================================================
SM 2630 1963 0 355 3.56 M 91.8 M 84
================================================================================
AV 87.7 65.4 3.1 FASTST M M 3 MAX(MPH)
MISC ----> # 23 290 # 32 110
================================================================================
NOTES:
# LAST OF SEVERAL OCCURRENCES
COLUMN 17 PEAK WIND IN M.P.H.
PRELIMINARY LOCAL CLIMATOLOGICAL DATA (WS FORM: F-6) , PAGE 2
STATION: Mena Airport
MONTH: JUNE
YEAR: 2020
LATITUDE: 34 9 N
LONGITUDE: 94 15 W
[TEMPERATURE DATA] [PRECIPITATION DATA] SYMBOLS USED IN COLUMN 16
AVERAGE MONTHLY: 76.6 TOTAL FOR MONTH: 3.56 1 = FOG OR MIST
DPTR FM NORMAL: 2.2 DPTR FM NORMAL: -1.20 2 = FOG REDUCING VISIBILITY
HIGHEST: 95 ON 6, 5 GRTST 24HR 1.10 ON 29-29 TO 1/4 MILE OR LESS
LOWEST: 52 ON 11 3 = THUNDER
SNOW, ICE PELLETS, HAIL 4 = ICE PELLETS
TOTAL MONTH: M 5 = HAIL
GRTST 24HR M ON M 6 = FREEZING RAIN OR DRIZZLE
GRTST DEPTH: M ON M 7 = DUSTSTORM OR SANDSTORM:
VSBY 1/2 MILE OR LESS
8 = SMOKE OR HAZE
[NO. OF DAYS WITH] [WEATHER - DAYS WITH] 9 = BLOWING SNOW
X = TORNADO
MAX 32 OR BELOW: 0 0.01 INCH OR MORE: 11
MAX 90 OR ABOVE: 12 0.10 INCH OR MORE: 8
MIN 32 OR BELOW: 0 0.50 INCH OR MORE: 2
MIN 0 OR BELOW: 0 1.00 INCH OR MORE: 1
[HDD (BASE 65) ]
TOTAL THIS MO. 0 CLEAR (SCALE 0-3) 20
DPTR FM NORMAL -4 PTCLDY (SCALE 4-7) 8
TOTAL FM JUL 1 2569 CLOUDY (SCALE 8-10) 2
DPTR FM NORMAL -1067
[CDD (BASE 65) ]
TOTAL THIS MO. 355
DPTR FM NORMAL 70 [PRESSURE DATA]
TOTAL FM JAN 1 528 HIGHEST SLP M ON M
DPTR FM NORMAL 97 LOWEST SLP M ON M
[REMARKS]
#FINAL-06-20#