000
CXUS51 KCLE 021342
CLMMFD
CLIMATE REPORT
NATIONAL WEATHER SERVICE CLEVELAND, OH
942 AM EDT WED AUG 02 2023
...................................
...THE MANSFIELD OH CLIMATE SUMMARY FOR THE MONTH OF JULY 2023...
CLIMATE NORMAL PERIOD 1991 TO 2020
CLIMATE RECORD PERIOD 1916 TO 2023
WEATHER OBSERVED NORMAL DEPART LAST YEAR`S
VALUE DATE(S) VALUE FROM VALUE
NORMAL
..............................................................
TEMPERATURE (F)
RECORD
HIGH 100 07/07/1988
LOW 43 07/01/1988
HIGHEST 88 07/05
07/26
LOWEST 56 07/22
AVG. MAXIMUM 82.7 82.8 -0.1 82.1
AVG. MINIMUM 63.7 62.3 1.4 63.8
MEAN 73.2 72.6 0.6 73.0
DAYS MAX >= 90 0 3.2 -3.2 1
DAYS MAX <= 32 0 0.0 0.0 0
DAYS MIN <= 32 0 0.0 0.0 0
DAYS MIN <= 0 0 0.0 0.0 0
PRECIPITATION (INCHES)
RECORD
MAXIMUM 13.23 1992
MINIMUM 0.65 1997
TOTALS 5.56 3.86 1.70 6.35
DAYS >= .01 13 10.8 2.2 13
DAYS >= .10 11 7.0 4.0 8
DAYS >= .50 3 2.8 0.2 4
DAYS >= 1.00 2 1.0 1.0 2
GREATEST
24 HR. TOTAL 1.54 07/28 TO 07/29 2.63
SNOWFALL (INCHES)
RECORDS
TOTAL 0
TOTALS 0.0 0.0 0.0 0.0
SINCE 7/1 0.0 0.0 0.0 0.0
DAYS >= 1.0 0 0.0 0.0 0
GREATEST
24 HR TOTAL 0.0
DEGREE DAYS
HEATING TOTAL 0 5 -5 0
SINCE 7/1 0 0 0 0
COOLING TOTAL 235 239 -4 255
SINCE 1/1 372 460 -88 524
..............................................................
WIND (MPH)
AVERAGE WIND SPEED 6.5
HIGHEST WIND SPEED/DIRECTION 26/190 DATE 07/26
26/230 07/28
26/320 07/30
HIGHEST GUST SPEED/DIRECTION 39/250 DATE 07/28
SKY COVER
AVERAGE SKY COVER 0.33
AVERAGE RH (PERCENT) 74
WEATHER CONDITIONS. NUMBER OF DAYS WITH
THUNDERSTORM 12 MIXED PRECIP 0
HEAVY RAIN 10 RAIN 9
LIGHT RAIN 13 FREEZING RAIN 0
LT FREEZING RAIN 0 HAIL 0
HEAVY SNOW 0 SNOW 0
LIGHT SNOW 0 SLEET 0
FOG 21 FOG W/VIS <= 1/4 MILE 3
HAZE 5
- INDICATES NEGATIVE NUMBERS.
R INDICATES RECORD WAS SET OR TIED.
MM INDICATES DATA IS MISSING.
T INDICATES TRACE AMOUNT.
$$
..TEMPERATURE DATA UNAVAILABLE JULY 29, 30, & 31...