000
CXUS56 KMFR 010945
CF6MFR
PRELIMINARY LOCAL CLIMATOLOGICAL DATA (WS FORM: F-6)
STATION: MEDFORD OR
MONTH: MAY
YEAR: 2022
LATITUDE: 42 22 N
LONGITUDE: 122 52 W
TEMPERATURE IN F: :PCPN: SNOW: WIND :SUNSHINE: SKY :PK WND
================================================================================
1 2 3 4 5 6A 6B 7 8 9 10 11 12 13 14 15 16 17 18
12Z AVG MX 2MIN
DY MAX MIN AVG DEP HDD CDD WTR SNW DPTH SPD SPD DIR MIN PSBL S-S WX SPD DR
================================================================================
1 73 39 56 -1 9 0 0.00 0.0 0 2.2 9 290 M M 1 12 290
2 57 45 51 -6 14 0 0.13 0.0 0 9.6 23 320 M M 8 1 31 320
3 67 41 54 -3 11 0 0.00 0.0 0 2.6 9 30 M M 4 13 50
4 83 43 63 5 2 0 0.00 0.0 0 4.5 13 310 M M 0 20 290
5 67 54 61 3 4 0 0.07 0.0 0 6.3 18 230 M M 8 1 27 240
6 67 49 58 0 7 0 0.07 0.0 0 6.2 22 260 M M 8 1 34 200
7 56 44 50 -8 15 0 0.11 0.0 0 6.8 23 320 M M 9 1 30 320
8 50 38 44 -15 21 0 0.10 0.0 0 6.4 20 240 M M 8 1 27 230
9 50 40 45 -14 20 0 0.01 0.0 0 5.1 20 270 M M 9 24 270
10 54 38 46 -13 19 0 0.18 T 0 3.4 22 10 M M 8 1 27 20
11 63 37 50 -9 15 0 T 0.0 0 4.7 17 300 M M 7 1 25 300
12 58 45 52 -8 13 0 T 0.0 0 4.2 10 10 M M 10 13 360
13 69 44 57 -3 8 0 T 0.0 0 3.3 13 310 M M 8 1 18 320
14 75 53 64 4 1 0 0.01 0.0 0 3.8 10 280 M M 6 15 350
15 79 49 64 4 1 0 0.00 0.0 0 6.2 21 300 M M 0 28 300
16 73 47 60 -1 5 0 0.00 0.0 0 5.0 16 360 M M 4 21 330
17 77 48 63 2 2 0 0.00 0.0 0 4.7 10 20 M M 3 15 10
18 75 46 61 0 4 0 0.00 0.0 0 6.9 18 320 M M 5 27 320
19 64 43 54 -7 11 0 0.00 0.0 0 8.5 21 360 M M 5 28 350
20 71 34 53 -9 12 0 0.00 0.0 0 5.0 15 320 M M 0 21 340
21 77 39 58 -4 7 0 0.00 0.0 0 3.9 17 360 M M 0 23 360
22 76 43 60 -2 5 0 0.00 0.0 0 3.4 15 360 M M 0 20 10
23 81 49 65 3 0 0 0.00 0.0 0 4.7 16 350 M M 2 21 350
24 84 48 66 4 0 1 0.00 0.0 0 2.2 9 160 M M 0 14 30
25 88 52 70 8 0 5 0.00 0.0 0 3.9 14 310 M M 0 19 310
26 84 53 69 6 0 4 T 0.0 0 4.8 22 280 M M 2 30 280
27 67 53 60 -3 5 0 0.13 0.0 0 3.6 15 320 M M 6 20 330
28 67 48 58 -5 7 0 0.01 0.0 0 6.4 25 280 M M 9 39 280
29 66 48 57 -6 8 0 T 0.0 0 9.3 21 10 M M 9 26 10
30 66 43 55 -8 10 0 0.00 0.0 0 5.5 17 10 M M 6 22 310
31 78 41 60 -3 5 0 0.00 0.0 0 3.4 12 340 M M 0 18 340
================================================================================
SM 2162 1394 241 10 0.82 T 156.5 M 145
================================================================================
AV 69.7 45.0 5.0 FASTST M M 5 MAX(MPH)
MISC ----> 25 280 39 280
================================================================================
NOTES:
# LAST OF SEVERAL OCCURRENCES
COLUMN 17 PEAK WIND IN M.P.H.
PRELIMINARY LOCAL CLIMATOLOGICAL DATA (WS FORM: F-6) , PAGE 2
STATION: MEDFORD OR
MONTH: MAY
YEAR: 2022
LATITUDE: 42 22 N
LONGITUDE: 122 52 W
[TEMPERATURE DATA] [PRECIPITATION DATA] SYMBOLS USED IN COLUMN 16
AVERAGE MONTHLY: 57.4 TOTAL FOR MONTH: 0.82 1 = FOG OR MIST
DPTR FM NORMAL: -3.0 DPTR FM NORMAL: -0.52 2 = FOG REDUCING VISIBILITY
HIGHEST: 88 ON 25 GRTST 24HR 0.19 ON 9-10 TO 1/4 MILE OR LESS
LOWEST: 34 ON 20 3 = THUNDER
SNOW, ICE PELLETS, HAIL 4 = ICE PELLETS
TOTAL MONTH: T 5 = HAIL
GRTST 24HR T ON 10-10 6 = FREEZING RAIN OR DRIZZLE
GRTST DEPTH: 0 7 = DUSTSTORM OR SANDSTORM:
VSBY 1/2 MILE OR LESS
8 = SMOKE OR HAZE
[NO. OF DAYS WITH] [WEATHER - DAYS WITH] 9 = BLOWING SNOW
X = TORNADO
MAX 32 OR BELOW: 0 0.01 INCH OR MORE: 10
MAX 90 OR ABOVE: 0 0.10 INCH OR MORE: 5
MIN 32 OR BELOW: 0 0.50 INCH OR MORE: 0
MIN 0 OR BELOW: 0 1.00 INCH OR MORE: 0
[HDD (BASE 65) ]
TOTAL THIS MO. 241 CLEAR (SCALE 0-3) 12
DPTR FM NORMAL 62 PTCLDY (SCALE 4-7) 13
TOTAL FM JUL 1 4118 CLOUDY (SCALE 8-10) 6
DPTR FM NORMAL -33
[CDD (BASE 65) ]
TOTAL THIS MO. 10
DPTR FM NORMAL -27 [PRESSURE DATA]
TOTAL FM JAN 1 10 HIGHEST SLP 30.30 ON 11
DPTR FM NORMAL -30 LOWEST SLP 29.72 ON 28
[REMARKS]
#FINAL-05-22#