000
CXUS51 KPBZ 010830
CF6MGW
PRELIMINARY LOCAL CLIMATOLOGICAL DATA (WS FORM: F-6)
STATION: MORGANTOWN WV
MONTH: FEBRUARY
YEAR: 2023
LATITUDE: 39 39 N
LONGITUDE: 79 55 W
TEMPERATURE IN F: :PCPN: SNOW: WIND :SUNSHINE: SKY :PK WND
================================================================================
1 2 3 4 5 6A 6B 7 8 9 10 11 12 13 14 15 16 17 18
12Z AVG MX 2MIN
DY MAX MIN AVG DEP HDD CDD WTR SNW DPTH SPD SPD DIR MIN PSBL S-S WX SPD DR
================================================================================
1 30 20 25 -7 40 0 T M M 1.6 9 360 M M 4 1 12 350
2 36 21 29 -3 36 0 0.00 M M 5.5 13 220 M M 1 20 210
3 32 9 21 -11 44 0 T M M 8.6 18 350 M M 6 18 26 360
4 44 7 26 -7 39 0 0.00 M M 5.5 15 200 M M 0 23 200
5 55 41 48 15 17 0 0.00 M M 7.6 17 210 M M 3 26 230
6 48 28 38 5 27 0 0.00 M M 4.6 13 10 M M 9 8 17 320
7 62 28 45 12 20 0 0.09 M M 5.5 18 220 M M 4 1 33 220
8 54 40 47 14 18 0 0.03 M M 2.8 9 350 M M 6 18 13 350
9 74 48 61 27 4 0 0.02 M M 10.8 26 220 M M 6 38 230
10 58 37 48 14 17 0 0.00 M M 7.9 17 230 M M 9 32 230
11 45 29 37 3 28 0 0.00 M M 3.4 9 230 M M 2 14 270
12 49 29 39 5 26 0 0.00 M M 4.1 12 30 M M 1 14 30
13 58 24 41 7 24 0 0.00 M M 6.2 18 220 M M 0 28 220
14 60 28 44 10 21 0 0.00 M M 3.3 14 160 M M 1 17 140
15 73 55 64 29 1 0 T M M 9.5 21 210 M M 2 36 200
16 61 49 55 20 10 0 0.40 M M 5.3 16 150 M M 5 1 26 180
17 62 26 44 9 21 0 0.43 M M 9.0 16 220 M M 9 18 27 180
18 42 24 33 -2 32 0 0.00 M M 6.7 15 210 M M 3 21 240
19 61 31 46 10 19 0 0.00 M M 4.6 16 210 M M 1 25 210
20 55 44 50 14 15 0 0.21 M M 6.5 14 360 M M 8 1 22 220
21 54 38 46 10 19 0 0.03 M M 6.0 21 270 M M 5 1 35 240
22 70 32 51 15 14 0 0.26 M M 5.7 15 210 M M 5 1 23 200
23 71 58 65 29 0 0 0.11 M M 9.2 17 290 M M 7 1 26 290
24 64 29 47 10 18 0 0.00 M M 7.4 17 300 M M 3 8 27 310
25 47 25 36 -1 29 0 0.00 M M 5.0 12 220 M M 3 15 230
26 52 36 44 7 21 0 0.00 M M 7.9 16 230 M M 6 1 22 210
27 58 31 45 7 20 0 0.55 M M 6.8 28 230 M M 5 138 52 230
28 56 35 46 8 19 0 0.01 M M 5.7 17 260 M M 8 28 280
================================================================================
SM 1531 902 599 0 2.14 M 172.7 M 122
================================================================================
AV 54.7 32.2 6.2 FASTST M M 4 MAX(MPH)
MISC ----> 28 230 52 230
================================================================================
NOTES:
# LAST OF SEVERAL OCCURRENCES
COLUMN 17 PEAK WIND IN M.P.H.
PRELIMINARY LOCAL CLIMATOLOGICAL DATA (WS FORM: F-6) , PAGE 2
STATION: MORGANTOWN WV
MONTH: FEBRUARY
YEAR: 2023
LATITUDE: 39 39 N
LONGITUDE: 79 55 W
[TEMPERATURE DATA] [PRECIPITATION DATA] SYMBOLS USED IN COLUMN 16
AVERAGE MONTHLY: 43.4 TOTAL FOR MONTH: 2.14 1 = FOG OR MIST
DPTR FM NORMAL: 8.6 DPTR FM NORMAL: -0.67 2 = FOG REDUCING VISIBILITY
HIGHEST: 74 ON 9 GRTST 24HR 0.80 ON 16-17 TO 1/4 MILE OR LESS
LOWEST: 7 ON 4 3 = THUNDER
SNOW, ICE PELLETS, HAIL 4 = ICE PELLETS
TOTAL MONTH: M 5 = HAIL
GRTST 24HR M ON M 6 = FREEZING RAIN OR DRIZZLE
GRTST DEPTH: M ON M 7 = DUSTSTORM OR SANDSTORM:
VSBY 1/2 MILE OR LESS
8 = SMOKE OR HAZE
[NO. OF DAYS WITH] [WEATHER - DAYS WITH] 9 = BLOWING SNOW
X = TORNADO
MAX 32 OR BELOW: 2 0.01 INCH OR MORE: 11
MAX 90 OR ABOVE: 0 0.10 INCH OR MORE: 6
MIN 32 OR BELOW: 17 0.50 INCH OR MORE: 1
MIN 0 OR BELOW: 0 1.00 INCH OR MORE: 0
[HDD (BASE 65) ]
TOTAL THIS MO. 599 CLEAR (SCALE 0-3) 11
DPTR FM NORMAL -248 PTCLDY (SCALE 4-7) 13
TOTAL FM JUL 1 3225 CLOUDY (SCALE 8-10) 4
DPTR FM NORMAL -520
[CDD (BASE 65) ]
TOTAL THIS MO. 0
DPTR FM NORMAL 0 [PRESSURE DATA]
TOTAL FM JAN 1 0 HIGHEST SLP 30.62 ON 4
DPTR FM NORMAL 0 LOWEST SLP 29.24 ON 27
[REMARKS]
#FINAL-02-23#