000
CXUS56 KMFR 012155
CF6MHS
PRELIMINARY LOCAL CLIMATOLOGICAL DATA (WS FORM: F-6)
STATION: MT SHASTA CITY CA
MONTH: APRIL
YEAR: 2023
LATITUDE: 41 19 N
LONGITUDE: 122 19 W
TEMPERATURE IN F: :PCPN: SNOW: WIND :SUNSHINE: SKY :PK WND
================================================================================
1 2 3 4 5 6A 6B 7 8 9 10 11 12 13 14 15 16 17 18
12Z AVG MX 2MIN
DY MAX MIN AVG DEP HDD CDD WTR SNW DPTH SPD SPD DIR MIN PSBL S-S WX SPD DR
================================================================================
1 40 32 36 -8 29 0 0.04 M M 3.3 9 100 M M 10 128 18 90
2 44 26 35 -9 30 0 0.05 M M 2.5 10 340 M M 7 128 24 350
3 41 28 35 -9 30 0 0.09 M M 4.9 14 300 M M 8 18 29 340
4 45 27 36 -9 29 0 0.00 M M 4.7 13 300 M M 6 23 320
5 52 23 38 -7 27 0 0.00 M M 2.1 8 90 M M 4 8 15 100
6 44 34 39 -6 26 0 0.55 M M 1.6 8 140 M M 10 1 25 150
7 49 34 42 -3 23 0 0.45 M M 2.1 7 130 M M 10 1 15 130
8 53 34 44 -1 21 0 T M M 2.3 8 100 M M 5 14 140
9 70 33 52 7 13 0 0.00 M M 1.2 8 130 M M 0 18 140
10 70 35 53 7 12 0 T M M 1.9 8 80 M M 3 8 17 150
11 63 36 50 4 15 0 0.00 M M 3.8 10 280 M M 3 1 19 300
12 49 30 40 -6 25 0 0.00 M M 5.8 14 280 M M 2 31 300
13 55 27 41 -5 24 0 0.00 M M 3.8 10 300 M M 1 20 280
14 61 28 45 -1 20 0 0.00 M M 0.8 7 300 M M 0 11 140
15 64 29 47 0 18 0 0.00 M M 1.1 8 140 M M 0 17 150
16 60 38 49 2 16 0 0.00 M M 2.6 9 120 M M 4 8 24 130
17 50 31 41 -6 24 0 T M M 2.5 7 99 M M 6 20 120
18 47 23 35 -12 30 0 0.00 M M 1.8 8 130 M M 5 8 17 120
19 53 24 39 -9 26 0 0.00 M M 1.7 10 10 M M 3 20 310
20 58 26 42 -6 23 0 0.00 M M 2.2 10 290 M M 7 17 300
21 67 45 56 8 9 0 0.00 M M 5.5 12 290 M M 4 22 310
22 72 39 56 8 9 0 0.00 M M 2.5 8 280 M M 1 8 15 300
23 72 42 57 8 8 0 0.00 M M 4.2 10 290 M M 1 20 280
24 65 36 51 2 14 0 0.00 M M 5.6 14 310 M M 0 24 280
25 73 37 55 6 10 0 0.00 M M 2.9 10 290 M M 0 19 320
26 82 36 59 10 6 0 0.00 M M 1.4 10 300 M M 0 19 270
27 84 43 64 14 1 0 0.00 M M 2.1 7 60 M M 0 12 270
28 86 41 64 14 1 0 0.00 M M 0.7 8 220 M M 0 17 210
29 81 45 63 13 2 0 0.00 M M 1.0 7 210 M M 0 16 220
30 74 43 59 8 6 0 0.00 M M 1.7 9 130 M M 0 22 150
================================================================================
SM 1824 1005 527 0 1.18 M 80.3 M 100
================================================================================
AV 60.8 33.5 2.7 FASTST M M 3 MAX(MPH)
MISC ----> # 14 300 31 300
================================================================================
NOTES:
# LAST OF SEVERAL OCCURRENCES
COLUMN 17 PEAK WIND IN M.P.H.
PRELIMINARY LOCAL CLIMATOLOGICAL DATA (WS FORM: F-6) , PAGE 2
STATION: MT SHASTA CITY CA
MONTH: APRIL
YEAR: 2023
LATITUDE: 41 19 N
LONGITUDE: 122 19 W
[TEMPERATURE DATA] [PRECIPITATION DATA] SYMBOLS USED IN COLUMN 16
AVERAGE MONTHLY: 47.2 TOTAL FOR MONTH: 1.18 1 = FOG OR MIST
DPTR FM NORMAL: 0.3 DPTR FM NORMAL: -1.69 2 = FOG REDUCING VISIBILITY
HIGHEST: 86 ON 28 GRTST 24HR 1.00 ON 6- 7 TO 1/4 MILE OR LESS
LOWEST: 23 ON 18, 5 3 = THUNDER
SNOW, ICE PELLETS, HAIL 4 = ICE PELLETS
TOTAL MONTH: M 5 = HAIL
GRTST 24HR M ON M 6 = FREEZING RAIN OR DRIZZLE
GRTST DEPTH: M ON M 7 = DUSTSTORM OR SANDSTORM:
VSBY 1/2 MILE OR LESS
8 = SMOKE OR HAZE
[NO. OF DAYS WITH] [WEATHER - DAYS WITH] 9 = BLOWING SNOW
X = TORNADO
MAX 32 OR BELOW: 0 0.01 INCH OR MORE: 5
MAX 90 OR ABOVE: 0 0.10 INCH OR MORE: 2
MIN 32 OR BELOW: 13 0.50 INCH OR MORE: 1
MIN 0 OR BELOW: 0 1.00 INCH OR MORE: 0
[HDD (BASE 65) ]
TOTAL THIS MO. 527 CLEAR (SCALE 0-3) 17
DPTR FM NORMAL -14 PTCLDY (SCALE 4-7) 10
TOTAL FM JUL 1 5299 CLOUDY (SCALE 8-10) 3
DPTR FM NORMAL 134
[CDD (BASE 65) ]
TOTAL THIS MO. 0
DPTR FM NORMAL 0 [PRESSURE DATA]
TOTAL FM JAN 1 0 HIGHEST SLP 30.42 ON 21
DPTR FM NORMAL 0 LOWEST SLP 29.77 ON 17
[REMARKS]
#FINAL-04-23#