000
CXUS53 KIND 010700
CF6MIE
PRELIMINARY LOCAL CLIMATOLOGICAL DATA (WS FORM: F-6)
STATION: MUNCIE IN
MONTH: JANUARY
YEAR: 2024
LATITUDE: 40 13 N
LONGITUDE: 85 23 W
TEMPERATURE IN F: :PCPN: SNOW: WIND :SUNSHINE: SKY :PK WND
================================================================================
1 2 3 4 5 6A 6B 7 8 9 10 11 12 13 14 15 16 17 18
12Z AVG MX 2MIN
DY MAX MIN AVG DEP HDD CDD WTR SNW DPTH SPD SPD DIR MIN PSBL S-S WX SPD DR
================================================================================
1 38 33 36 6 29 0 T M M 7.2 15 330 M M 10 18 19 330
2 35 30 33 3 32 0 0.00 M M 10.8 17 250 M M 7 26 260
3 34 28 31 1 34 0 0.00 M M 7.2 13 300 M M 5 8 17 300
4 35 20 28 -2 37 0 0.00 M M 5.6 16 360 M M 7 21 360
5 37 19 28 -2 37 0 0.00 M M 4.7 12 120 M M 0 14 120
6 35 31 33 4 32 0 0.24 M M 4.6 10 80 M M 9 18 15 80
7 35 34 35 6 30 0 0.03 M M 9.9 22 280 M M 10 18 30 290
8 38 33 36 7 29 0 0.00 M M 8.2 18 110 M M 5 24 120
9 49 35 42 13 23 0 1.07 M M 14.0 24 110 M M 10 1 33 260
10 37 33 35 6 30 0 T M M 14.7 25 280 M M 10 18 37 270
11 48 28 38 9 27 0 T M M 11.0 24 270 M M 6 33 240
12 56 M M M M M 0.60 M M 16.3 30 250 M M 8 1 43 260
13 M M M M M M T M M 20.7 31 240 M M 10 1 47 230
14 13 -3 5 -23 60 0 T M M 15.0 28 280 M M 6 8 41 270
15 6 -5 1 -27 64 0 0.00 M M 7.5 13 260 M M 2 18 270
16 9 3 6 -22 59 0 T M M 11.8 18 260 M M 4 8 25 270
17 26 3 15 -13 50 0 0.00 M M 12.5 21 240 M M 4 31 240
18 30 22 26 -2 39 0 T M M 6.0 14 220 M M 7 18 22 220
19 24 7 16 -12 49 0 0.05 M M 12.0 20 310 M M 10 18 29 300
20 13 2 8 -20 57 0 T M M 10.5 16 260 M M 5 8 21 280
21 21 0 11 -17 54 0 0.00 M M 5.3 13 180 M M 0 18 190
22 38 19 29 1 36 0 0.03 M M 10.3 18 220 M M 7 27 220
23 44 34 39 11 26 0 0.45 M M 7.2 15 180 M M 10 1 22 190
24 52 40 46 18 19 0 0.21 M M 5.1 14 190 M M 10 12 19 180
25 52 43 48 20 17 0 0.20 M M 4.4 13 100 M M 10 12 16 280
26 48 39 44 16 21 0 0.00 M M 9.1 21 270 M M 10 1 29 250
27 41 38 40 12 25 0 0.29 M M 7.7 22 40 M M 10 1 30 50
28 39 34 37 9 28 0 0.19 M M 16.9 24 360 M M 10 1 34 10
29 34 32 33 5 32 0 T M M 9.8 17 340 M M 10 1 25 190
30 37 31 34 6 31 0 0.07 M M 9.3 20 190 M M 10 16 28 190
31 42 36 39 10 26 0 0.00 M M 6.7 14 260 M M 9 1 19 260
================================================================================
SM 1046 699 1033 0 3.43 M 302.0 M 231
================================================================================
AV 34.9 24.1 9.7 FASTST M M 7 MAX(MPH)
MISC ----> 31 240 47 230
================================================================================
NOTES:
# LAST OF SEVERAL OCCURRENCES
COLUMN 17 PEAK WIND IN M.P.H.
PRELIMINARY LOCAL CLIMATOLOGICAL DATA (WS FORM: F-6) , PAGE 2
STATION: MUNCIE IN
MONTH: JANUARY
YEAR: 2024
LATITUDE: 40 13 N
LONGITUDE: 85 23 W
[TEMPERATURE DATA] [PRECIPITATION DATA] SYMBOLS USED IN COLUMN 16
AVERAGE MONTHLY: 29.5 TOTAL FOR MONTH: 3.43 1 = FOG OR MIST
DPTR FM NORMAL: 0.9 DPTR FM NORMAL: 0.91 2 = FOG REDUCING VISIBILITY
HIGHEST: 56 ON 12 GRTST 24HR 1.14 ON 8- 9 TO 1/4 MILE OR LESS
LOWEST: -5 ON 15 3 = THUNDER
SNOW, ICE PELLETS, HAIL 4 = ICE PELLETS
TOTAL MONTH: M 5 = HAIL
GRTST 24HR M ON M 6 = FREEZING RAIN OR DRIZZLE
GRTST DEPTH: M ON M 7 = DUSTSTORM OR SANDSTORM:
VSBY 1/2 MILE OR LESS
8 = SMOKE OR HAZE
[NO. OF DAYS WITH] [WEATHER - DAYS WITH] 9 = BLOWING SNOW
X = TORNADO
MAX 32 OR BELOW: 8 0.01 INCH OR MORE: 12
MAX 90 OR ABOVE: 0 0.10 INCH OR MORE: 8
MIN 32 OR BELOW: 17 0.50 INCH OR MORE: 2
MIN 0 OR BELOW: 3 1.00 INCH OR MORE: 1
[HDD (BASE 65) ]
TOTAL THIS MO. 1033 CLEAR (SCALE 0-3) 3
DPTR FM NORMAL -94 PTCLDY (SCALE 4-7) 12
TOTAL FM JUL 1 2633 CLOUDY (SCALE 8-10) 16
DPTR FM NORMAL -477
[CDD (BASE 65) ]
TOTAL THIS MO. 0
DPTR FM NORMAL 0 [PRESSURE DATA]
TOTAL FM JAN 1 0 HIGHEST SLP M ON M
DPTR FM NORMAL 0 LOWEST SLP 28.92 ON 9
[REMARKS]
#FINAL-01-24#