000
CXUS55 KEAX 010736
CF6MKC
PRELIMINARY LOCAL CLIMATOLOGICAL DATA (WS FORM: F-6)
STATION: DOWNTOWN KANSAS CITY MO
MONTH: AUGUST
YEAR: 2020
LATITUDE: 39 7 N
LONGITUDE: 94 36 W
TEMPERATURE IN F: :PCPN: SNOW: WIND :SUNSHINE: SKY :PK WND
================================================================================
1 2 3 4 5 6A 6B 7 8 9 10 11 12 13 14 15 16 17 18
12Z AVG MX 2MIN
DY MAX MIN AVG DEP HDD CDD WTR SNW DPTH SPD SPD DIR MIN PSBL S-S WX SPD DR
================================================================================
1 82 64 73 -8 0 8 0.00 M M 2.9 13 330 M M 2 1 18 320
2 81 68 75 -6 0 10 0.00 M M 7.3 16 20 M M 5 24 10
3 76 61 69 -12 0 4 0.00 M M 8.1 18 350 M M 1 22 340
4 75 56 66 -15 0 1 0.00 M M 4.3 13 360 M M 1 20 360
5 80 61 71 -10 0 6 0.00 M M 6.0 14 120 M M 1 21 150
6 85 68 77 -4 0 12 0.00 M M 7.2 15 130 M M 1 22 130
7 89 71 80 -1 0 15 0.02 M M 9.4 22 180 M M 3 38 35 160
8 90 72 81 0 0 16 0.05 M M 9.8 18 180 M M 6 3 27 170
9 87 75 81 0 0 16 0.05 M M 9.2 26 150 M M 2 13 37 150
10 88 74 81 1 0 16 T M M 7.4 16 230 M M 1 3 22 230
11 86 71 79 -1 0 14 0.00 M M 5.8 15 160 M M 2 21 160
12 90 70 80 0 0 15 0.00 M M 5.6 13 130 M M 1 1 19 120
13 90 75 83 3 0 18 0.00 M M 6.6 14 150 M M 1 22 120
14 91 73 82 2 0 17 0.00 M M 7.0 15 150 M M 1 20 150
15 86 66 76 -4 0 11 0.00 M M 7.9 18 20 M M 3 3 25 80
16 86 63 75 -5 0 10 0.00 M M 4.3 12 170 M M 1 14 150
17 86 67 77 -3 0 12 0.00 M M 8.5 21 340 M M 0 30 310
18 80 61 71 -8 0 6 0.00 M M 4.7 13 20 M M 0 22 10
19 84 60 72 -7 0 7 0.00 M M 5.1 13 110 M M 0 19 110
20 87 65 76 -3 0 11 0.00 M M 5.0 12 140 M M 0 17 140
21 91 67 79 0 0 14 0.00 M M 4.3 13 150 M M 0 17 220
22 91 68 80 1 0 15 0.00 M M 5.6 14 190 M M 0 20 170
23 94 71 83 5 0 18 0.00 M M 6.6 13 270 M M 0 17 260
24 95 71 83 5 0 18 0.00 M M 5.6 14 190 M M 0 17 210
25 96 73 85 7 0 20 0.00 M M 4.9 13 150 M M 0 20 210
26 95 74 85 7 0 20 0.00 M M 9.0 17 190 M M 1 25 170
27 92 72 82 4 0 17 0.00 M M 7.2 22 140 M M 0 30 130
28 93 71 82 5 0 17 0.00 M M 3.1 13 360 M M 0 16 290
29 81 66 74 -3 0 9 0.97 M M 5.1 16 310 M M 3 13 23 300
30 83 63 73 -4 0 8 0.00 M M 7.0 15 140 M M 2 1 21 130
31 75 65 70 -6 0 5 0.65 M M 7.6 36 330 M M 8 13 55 340
================================================================================
SM 2685 2102 0 386 1.74 M 198.1 M 46
================================================================================
AV 86.6 67.8 6.4 FASTST M M 1 MAX(MPH)
MISC ----> 36 330 55 340
================================================================================
NOTES:
# LAST OF SEVERAL OCCURRENCES
COLUMN 17 PEAK WIND IN M.P.H.
PRELIMINARY LOCAL CLIMATOLOGICAL DATA (WS FORM: F-6) , PAGE 2
STATION: DOWNTOWN KANSAS CITY MO
MONTH: AUGUST
YEAR: 2020
LATITUDE: 39 7 N
LONGITUDE: 94 36 W
[TEMPERATURE DATA] [PRECIPITATION DATA] SYMBOLS USED IN COLUMN 16
AVERAGE MONTHLY: 77.2 TOTAL FOR MONTH: 1.74 1 = FOG OR MIST
DPTR FM NORMAL: -2.2 DPTR FM NORMAL: -2.65 2 = FOG REDUCING VISIBILITY
HIGHEST: 96 ON 25 GRTST 24HR 0.97 ON 29-29 TO 1/4 MILE OR LESS
LOWEST: 56 ON 4 3 = THUNDER
SNOW, ICE PELLETS, HAIL 4 = ICE PELLETS
TOTAL MONTH: M 5 = HAIL
GRTST 24HR M ON M 6 = FREEZING RAIN OR DRIZZLE
GRTST DEPTH: M ON M 7 = DUSTSTORM OR SANDSTORM:
VSBY 1/2 MILE OR LESS
8 = SMOKE OR HAZE
[NO. OF DAYS WITH] [WEATHER - DAYS WITH] 9 = BLOWING SNOW
X = TORNADO
MAX 32 OR BELOW: 0 0.01 INCH OR MORE: 5
MAX 90 OR ABOVE: 12 0.10 INCH OR MORE: 2
MIN 32 OR BELOW: 0 0.50 INCH OR MORE: 2
MIN 0 OR BELOW: 0 1.00 INCH OR MORE: 0
[HDD (BASE 65) ]
TOTAL THIS MO. 0 CLEAR (SCALE 0-3) 27
DPTR FM NORMAL -1 PTCLDY (SCALE 4-7) 4
TOTAL FM JUL 1 0 CLOUDY (SCALE 8-10) 0
DPTR FM NORMAL 0
[CDD (BASE 65) ]
TOTAL THIS MO. 386
DPTR FM NORMAL -61 [PRESSURE DATA]
TOTAL FM JAN 1 1440 HIGHEST SLP M ON M
DPTR FM NORMAL 8 LOWEST SLP 29.65 ON 31
[REMARKS]
#FINAL-08-20#