000
CXUS54 KMEG 011000
CF6MKL
PRELIMINARY LOCAL CLIMATOLOGICAL DATA (WS FORM: F-6)
STATION: JACKSON
MONTH: FEBRUARY
YEAR: 2024
LATITUDE: 35 35 N
LONGITUDE: 88 55 W
TEMPERATURE IN F: :PCPN: SNOW: WIND :SUNSHINE: SKY :PK WND
================================================================================
1 2 3 4 5 6A 6B 7 8 9 10 11 12 13 14 15 16 17 18
12Z AVG MX 2MIN
DY MAX MIN AVG DEP HDD CDD WTR SNW DPTH SPD SPD DIR MIN PSBL S-S WX SPD DR
================================================================================
1 62 25 44 4 21 0 0.00 M M 3.3 9 200 M M 0 14 230
2 71 35 53 13 12 0 0.00 M M 2.6 10 270 M M 0 14 290
3 72 41 57 17 8 0 0.00 M M 6.0 13 100 M M 1 1 19 110
4 60 47 54 14 11 0 0.91 M M 5.3 14 100 M M 10 1 21 90
5 61 37 49 9 16 0 0.00 M M 9.3 15 330 M M 0 20 360
6 61 31 46 5 19 0 0.00 M M 4.6 13 300 M M 0 18 340
7 68 31 50 9 15 0 0.00 M M 4.0 14 190 M M 0 19 160
8 64 51 58 17 7 0 0.00 M M 11.7 22 190 M M 4 33 190
9 64 57 61 20 4 0 0.32 M M 8.0 16 190 M M 8 13 23 200
10 64 50 57 15 8 0 1.27 M M 6.7 17 200 M M 8 13 24 210
11 53 44 49 7 16 0 0.01 M M 10.2 17 50 M M 10 23 50
12 53 34 44 2 21 0 0.88 M M 10.4 24 360 M M 10 138 32 340
13 55 30 43 1 22 0 0.00 M M 4.5 12 340 M M 0 18 270
14 65 29 47 5 18 0 0.00 M M 4.4 13 250 M M 0 16 190
15 68 41 55 12 10 0 0.00 M M 7.2 17 250 M M 1 22 230
16 69 34 52 9 13 0 0.45 M M 11.3 30 330 M M 6 13 49 340
17 37 24 31 -12 34 0 0.00 M M 11.8 22 10 M M 4 28 360
18 49 18 34 -10 31 0 0.00 M M 4.7 13 240 M M 0 18 230
19 61 23 42 -2 23 0 0.00 M M 2.4 12 260 M M 0 19 220
20 66 35 51 7 14 0 0.00 M M 2.4 13 260 M M 3 20 270
21 75 34 55 11 10 0 0.00 M M 8.5 20 180 M M 0 29 190
22 67 55 61 17 4 0 0.57 M M 10.7 22 350 M M 8 13 30 200
23 64 43 54 9 11 0 0.00 M M 8.6 23 300 M M 1 1 33 330
24 55 31 43 -2 22 0 0.00 M M 8.9 22 350 M M 1 31 350
25 75 31 53 8 12 0 0.00 M M 10.8 22 210 M M 2 33 250
26 77 55 66 20 0 1 0.00 M M 12.9 25 200 M M 0 37 180
27 77 66 72 26 0 7 T M M 16.8 28 200 M M 3 41 200
28 75 34 55 9 10 0 0.29 M M 13.1 33 310 M M 4 13 47 310
29 50 29 40 -6 25 0 0.00 M M 5.9 16 80 M M 2 22 70
================================================================================
SM 1838 1095 417 8 4.70 M 227.0 M 86
================================================================================
AV 63.4 37.8 7.8 FASTST M M 3 MAX(MPH)
MISC ----> 33 310 49 340
================================================================================
NOTES:
# LAST OF SEVERAL OCCURRENCES
COLUMN 17 PEAK WIND IN M.P.H.
PRELIMINARY LOCAL CLIMATOLOGICAL DATA (WS FORM: F-6) , PAGE 2
STATION: JACKSON
MONTH: FEBRUARY
YEAR: 2024
LATITUDE: 35 35 N
LONGITUDE: 88 55 W
[TEMPERATURE DATA] [PRECIPITATION DATA] SYMBOLS USED IN COLUMN 16
AVERAGE MONTHLY: 50.6 TOTAL FOR MONTH: 4.70 1 = FOG OR MIST
DPTR FM NORMAL: 7.9 DPTR FM NORMAL: 0.30 2 = FOG REDUCING VISIBILITY
HIGHEST: 77 ON 27,26 GRTST 24HR 1.28 ON 10-11 TO 1/4 MILE OR LESS
LOWEST: 18 ON 18 3 = THUNDER
SNOW, ICE PELLETS, HAIL 4 = ICE PELLETS
TOTAL MONTH: M 5 = HAIL
GRTST 24HR M ON M 6 = FREEZING RAIN OR DRIZZLE
GRTST DEPTH: M ON M 7 = DUSTSTORM OR SANDSTORM:
VSBY 1/2 MILE OR LESS
8 = SMOKE OR HAZE
[NO. OF DAYS WITH] [WEATHER - DAYS WITH] 9 = BLOWING SNOW
X = TORNADO
MAX 32 OR BELOW: 0 0.01 INCH OR MORE: 8
MAX 90 OR ABOVE: 0 0.10 INCH OR MORE: 7
MIN 32 OR BELOW: 11 0.50 INCH OR MORE: 4
MIN 0 OR BELOW: 0 1.00 INCH OR MORE: 1
[HDD (BASE 65) ]
TOTAL THIS MO. 417 CLEAR (SCALE 0-3) 19
DPTR FM NORMAL -207 PTCLDY (SCALE 4-7) 5
TOTAL FM JUL 1 2561 CLOUDY (SCALE 8-10) 5
DPTR FM NORMAL -312
[CDD (BASE 65) ]
TOTAL THIS MO. 8
DPTR FM NORMAL 7 [PRESSURE DATA]
TOTAL FM JAN 1 8 HIGHEST SLP 30.55 ON 29
DPTR FM NORMAL 7 LOWEST SLP 29.56 ON 27
[REMARKS]
#FINAL-02-24#