000
CXUS54 KFWD 010830
CF6MKN
PRELIMINARY LOCAL CLIMATOLOGICAL DATA (WS FORM: F-6)
STATION: COMANCHE
MONTH: JANUARY
YEAR: 2022
LATITUDE: 31 55 N
LONGITUDE: 98 36 W
TEMPERATURE IN F: :PCPN: SNOW: WIND :SUNSHINE: SKY :PK WND
================================================================================
1 2 3 4 5 6A 6B 7 8 9 10 11 12 13 14 15 16 17 18
12Z AVG MX 2MIN
DY MAX MIN AVG DEP HDD CDD WTR SNW DPTH SPD SPD DIR MIN PSBL S-S WX SPD DR
================================================================================
1 76 24 50 M 15 0 0.00 M M 11.0 22 360 M M 5 30 350
2 43 18 31 M 34 0 0.00 M M 13.3 23 330 M M 1 37 330
3 59 22 41 M 24 0 0.00 M M 5.8 10 170 M M 0 17 210
4 71 28 50 M 15 0 0.00 M M 10.5 22 210 M M 0 31 210
5 64 39 52 M 13 0 0.00 M M 7.7 18 230 M M 0 25 230
6 40 22 31 M 34 0 0.00 M M 10.4 23 360 M M 0 30 350
7 45 18 32 M 33 0 0.00 M M 6.8 13 150 M M 5 1 20 160
8 70 41 56 M 9 0 0.00 M M 7.8 16 190 M M 6 1 21 190
9 57 36 47 M 18 0 0.00 M M 13.7 22 340 M M 4 29 350
10 57 27 42 M 23 0 0.00 M M 5.8 13 350 M M 0 17 350
11 55 32 44 M 21 0 0.05 M M 4.2 14 220 M M 4 16 220
12 64 32 48 M 17 0 0.00 M M 4.7 10 230 M M 0 16 230
13 78 34 56 M 9 0 0.00 M M 3.1 8 350 M M 0 M M
14 80 40 60 M 5 0 0.00 M M 9.7 30 350 M M 0 47 350
15 49 33 41 M 24 0 0.00 M M 22.0 33 340 M M 2 46 350
16 64 26 45 M 20 0 0.00 M M 6.4 14 330 M M 0 18 330
17 71 31 51 M 14 0 0.00 M M 6.8 13 150 M M 0 16 150
18 80 48 64 M 1 0 0.00 M M 15.5 24 210 M M 0 35 210
19 73 33 53 M 12 0 0.00 M M 15.8 25 350 M M 4 32 350
20 34 23 29 M 36 0 0.00 M M 16.1 24 360 M M 9 31 360
21 51 18 35 M 30 0 0.00 M M 3.4 6 130 M M 0 M M
22 58 23 41 M 24 0 0.00 M M 2.2 7 40 M M 1 M M
23 65 32 49 M 16 0 0.00 M M 4.1 10 230 M M 8 M M
24 62 38 50 M 15 0 0.10 M M 3.3 9 220 M M 6 12 M M
25 62 32 47 M 18 0 0.00 0.0 M 5.2 9 80 M M 3 12 M M
26 56 29 43 M 22 0 0.00 M M 5.1 9 60 M M 6 M M
27 60 34 47 M 18 0 0.00 M M 4.0 13 360 M M 6 20 360
28 56 28 42 M 23 0 0.00 M M 9.5 14 10 M M 0 22 10
29 66 37 52 M 13 0 0.00 M M 9.7 17 250 M M 0 21 250
30 74 39 57 M 8 0 0.00 M M 8.4 16 240 M M 0 23 240
31 73 45 59 M 6 0 0.01 M M 9.4 22 150 M M 4 28 150
================================================================================
SM 1913 962 570 0 0.16 0.0 261.3 M 74
================================================================================
AV 61.7 31.0 8.4 FASTST M M 2 MAX(MPH)
MISC ----> 33 340 47 350
================================================================================
NOTES:
# LAST OF SEVERAL OCCURRENCES
COLUMN 17 PEAK WIND IN M.P.H.
PRELIMINARY LOCAL CLIMATOLOGICAL DATA (WS FORM: F-6) , PAGE 2
STATION: COMANCHE
MONTH: JANUARY
YEAR: 2022
LATITUDE: 31 55 N
LONGITUDE: 98 36 W
[TEMPERATURE DATA] [PRECIPITATION DATA] SYMBOLS USED IN COLUMN 16
AVERAGE MONTHLY: 46.4 TOTAL FOR MONTH: 0.16 1 = FOG OR MIST
DPTR FM NORMAL: 0.0 DPTR FM NORMAL: -1.13 2 = FOG REDUCING VISIBILITY
HIGHEST: 80 ON 18,14 GRTST 24HR 0.10 ON 24-24 TO 1/4 MILE OR LESS
LOWEST: 18 ON 21, 7 3 = THUNDER
SNOW, ICE PELLETS, HAIL 4 = ICE PELLETS
TOTAL MONTH: 0.0 INCH 5 = HAIL
GRTST 24HR 0.0 6 = FREEZING RAIN OR DRIZZLE
GRTST DEPTH: M ON M 7 = DUSTSTORM OR SANDSTORM:
VSBY 1/2 MILE OR LESS
8 = SMOKE OR HAZE
[NO. OF DAYS WITH] [WEATHER - DAYS WITH] 9 = BLOWING SNOW
X = TORNADO
MAX 32 OR BELOW: 0 0.01 INCH OR MORE: 3
MAX 90 OR ABOVE: 0 0.10 INCH OR MORE: 1
MIN 32 OR BELOW: 18 0.50 INCH OR MORE: 0
MIN 0 OR BELOW: 0 1.00 INCH OR MORE: 0
[HDD (BASE 65) ]
TOTAL THIS MO. 570 CLEAR (SCALE 0-3) 19
DPTR FM NORMAL M PTCLDY (SCALE 4-7) 11
TOTAL FM JUL 1 955 CLOUDY (SCALE 8-10) 1
DPTR FM NORMAL M
[CDD (BASE 65) ]
TOTAL THIS MO. 0
DPTR FM NORMAL M [PRESSURE DATA]
TOTAL FM JAN 1 0 HIGHEST SLP M ON M
DPTR FM NORMAL M LOWEST SLP M ON M
[REMARKS]
#FINAL-01-22#