000
CXUS53 KMPX 030252
CF6MKT
PRELIMINARY LOCAL CLIMATOLOGICAL DATA (WS FORM: F-6)
STATION: MANKATO MN
MONTH: APRIL
YEAR: 2022
LATITUDE: 44 13 N
LONGITUDE: 93 55 W
TEMPERATURE IN F: :PCPN: SNOW: WIND :SUNSHINE: SKY :PK WND
================================================================================
1 2 3 4 5 6A 6B 7 8 9 10 11 12 13 14 15 16 17 18
12Z AVG MX 2MIN
DY MAX MIN AVG DEP HDD CDD WTR SNW DPTH SPD SPD DIR MIN PSBL S-S WX SPD DR
================================================================================
1 44 23 34 -5 31 0 T M M 6.0 12 220 M M 3 M M
2 50 32 41 1 24 0 T M M 11.8 25 310 M M 6 1 37 300
3 41 25 33 -7 32 0 0.02 M M 10.5 22 350 M M 6 30 350
4 47 31 39 -2 26 0 0.00 M M 11.4 21 330 M M 7 29 330
5 48 36 42 1 23 0 0.19 M M 21.6 30 150 M M 9 1 37 140
6 41 33 37 -5 28 0 0.09 M M 24.7 35 310 M M 10 1 44 300
7 37 31 34 -8 31 0 0.14 M M 21.7 33 330 M M 10 1 43 330
8 44 31 38 -5 27 0 0.06 M M 18.3 24 320 M M 5 33 320
9 53 26 40 -3 25 0 0.00 M M 6.2 13 130 M M 0 M M
10 67 36 52 8 13 0 0.00 M M 18.4 30 120 M M 2 37 120
11 59 35 47 3 18 0 0.00 M M 14.2 27 270 M M 4 35 250
12 58 40 49 4 16 0 0.65 M M 17.0 32 110 M M 7 13 51 110
13 46 30 38 -7 27 0 0.15 M M 16.5 22 270 M M 7 1 35 280
14 34 27 31 -15 34 0 T M M 28.0 38 260 M M 9 51 260
15 34 24 29 -17 36 0 T M M 19.6 30 300 M M 6 39 300
16 39 24 32 -15 33 0 T M M 15.2 25 320 M M 5 32 310
17 42 25 34 -13 31 0 0.08 M M 9.0 18 210 M M 6 1 24 220
18 34 27 31 -17 34 0 0.00 M M 21.7 33 300 M M 9 47 290
19 42 20 31 -17 34 0 0.00 M M 8.5 16 130 M M 4 M M
20 47 37 42 -6 23 0 0.34 M M 14.0 23 140 M M 8 12 33 150
21 54 35 45 -4 20 0 T M M 9.4 17 300 M M 2 1 23 290
22 62 45 54 5 11 0 0.51 M M 21.3 35 120 M M 9 13 44 120
23 74 47 61 11 4 0 0.28 M M 22.2 35 190 M M 4 3 55 160
24 48 35 42 -8 23 0 0.00 M M 23.7 32 260 M M 8 46 230
25 35 29 32 -19 33 0 0.00 M M 19.9 27 290 M M 10 33 300
26 42 30 36 -15 29 0 T M M 10.0 15 310 M M 6 22 310
27 48 32 40 -12 25 0 0.00 M M 15.9 21 90 M M 3 30 100
28 57 37 47 -5 18 0 0.36 M M 17.6 30 140 M M 8 13 43 140
29 58 48 53 1 12 0 0.15 M M 16.3 25 110 M M 10 1 33 110
30 60 48 54 1 11 0 0.68 M M 13.7 27 110 M M 10 13 37 110
================================================================================
SM 1445 979 732 0 3.70 M 484.3 M 193
================================================================================
AV 48.2 32.6 16.1 FASTST M M 6 MAX(MPH)
MISC ----> 38 260 55 160
================================================================================
NOTES:
# LAST OF SEVERAL OCCURRENCES
COLUMN 17 PEAK WIND IN M.P.H.
PRELIMINARY LOCAL CLIMATOLOGICAL DATA (WS FORM: F-6) , PAGE 2
STATION: MANKATO MN
MONTH: APRIL
YEAR: 2022
LATITUDE: 44 13 N
LONGITUDE: 93 55 W
[TEMPERATURE DATA] [PRECIPITATION DATA] SYMBOLS USED IN COLUMN 16
AVERAGE MONTHLY: 40.4 TOTAL FOR MONTH: 3.70 1 = FOG OR MIST
DPTR FM NORMAL: -5.8 DPTR FM NORMAL: 0.64 2 = FOG REDUCING VISIBILITY
HIGHEST: 74 ON 23 GRTST 24HR 0.68 ON 30-30 TO 1/4 MILE OR LESS
LOWEST: 20 ON 19 3 = THUNDER
SNOW, ICE PELLETS, HAIL 4 = ICE PELLETS
TOTAL MONTH: M 5 = HAIL
GRTST 24HR M ON M 6 = FREEZING RAIN OR DRIZZLE
GRTST DEPTH: M ON M 7 = DUSTSTORM OR SANDSTORM:
VSBY 1/2 MILE OR LESS
8 = SMOKE OR HAZE
[NO. OF DAYS WITH] [WEATHER - DAYS WITH] 9 = BLOWING SNOW
X = TORNADO
MAX 32 OR BELOW: 0 0.01 INCH OR MORE: 14
MAX 90 OR ABOVE: 0 0.10 INCH OR MORE: 10
MIN 32 OR BELOW: 17 0.50 INCH OR MORE: 3
MIN 0 OR BELOW: 0 1.00 INCH OR MORE: 0
[HDD (BASE 65) ]
TOTAL THIS MO. 732 CLEAR (SCALE 0-3) 5
DPTR FM NORMAL 165 PTCLDY (SCALE 4-7) 14
TOTAL FM JUL 1 6976 CLOUDY (SCALE 8-10) 11
DPTR FM NORMAL -545
[CDD (BASE 65) ]
TOTAL THIS MO. 0
DPTR FM NORMAL -5 [PRESSURE DATA]
TOTAL FM JAN 1 0 HIGHEST SLP M ON M
DPTR FM NORMAL -5 LOWEST SLP M ON M
[REMARKS]
#FINAL-04-22#
THE PRECIPITATION DATA ON APRIL 6TH THROUGH 8TH AND
17TH IS FROM COCORAHS STATION MN-BU-23.