000
CXUS53 KMPX 011918
CF6MKT
PRELIMINARY LOCAL CLIMATOLOGICAL DATA (WS FORM: F-6)
STATION: MANKATO MN
MONTH: SEPTEMBER
YEAR: 2021
LATITUDE: 44 13 N
LONGITUDE: 93 55 W
TEMPERATURE IN F: :PCPN: SNOW: WIND :SUNSHINE: SKY :PK WND
================================================================================
1 2 3 4 5 6A 6B 7 8 9 10 11 12 13 14 15 16 17 18
12Z AVG MX 2MIN
DY MAX MIN AVG DEP HDD CDD WTR SNW DPTH SPD SPD DIR MIN PSBL S-S WX SPD DR
================================================================================
1 77 58 68 1 0 3 0.00 M M 8.5 17 140 M M 1 21 140
2 69 59 64 -2 1 0 0.16 M M 10.9 17 140 M M 4 25 120
3 66 61 64 -2 1 0 0.10 M M 8.1 20 150 M M 10 1 30 150
4 77 57 67 1 0 2 0.00 M M 8.7 16 310 M M 5 1 22 310
5 79 53 66 1 0 1 0.00 M M 8.7 17 300 M M 1 23 300
6 81 50 66 1 0 1 0.00 M M 7.2 12 160 M M 0 M M
7 78 61 70 5 0 5 0.00 M M 13.6 21 300 M M 1 33 310
8 74 54 64 0 1 0 0.00 M M 11.2 21 310 M M 1 30 330
9 75 49 62 -2 3 0 0.00 M M 3.4 9 140 M M 0 M M
10 82 54 68 5 0 3 0.00 M M 8.7 14 190 M M 0 21 200
11 81 60 71 8 0 6 0.00 M M 7.2 12 20 M M 1 M M
12 70 53 62 -1 3 0 T M M 7.6 15 340 M M 3 M M
13 77 50 64 2 1 0 0.25 M M 8.6 22 260 M M 5 1 32 300
14 71 55 63 1 2 0 0.00 M M 11.1 18 310 M M 5 24 310
15 79 48 64 3 1 0 0.00 M M 7.5 14 200 M M 2 21 200
16 89 63 76 15 0 11 0.00 M M 16.5 25 190 M M 3 38 190
17 74 51 63 2 2 0 0.14 M M 9.4 39 290 M M 2 13 52 280
18 79 44 62 2 3 0 0.00 M M 8.9 16 160 M M 1 1 21 150
19 90 67 79 19 0 14 0.00 M M 13.0 23 190 M M 0 36 190
20 77 55 66 7 0 1 0.08 M M 14.5 25 270 M M 6 1 33 320
21 67 47 57 -2 8 0 0.00 M M 9.0 22 340 M M 2 25 330
22 69 42 56 -2 9 0 0.00 M M 3.1 8 340 M M 0 M M
23 74 42 58 0 7 0 0.00 M M 7.0 10 150 M M 0 8 16 170
24 63 46 55 -3 10 0 0.03 M M 9.1 22 10 M M 2 35 350
25 72 42 57 0 8 0 0.00 M M 9.4 17 280 M M 1 25 270
26 88 51 70 13 0 5 0.00 M M 7.8 15 210 M M 0 8 M M
27 80 54 67 11 0 2 0.00 M M 6.2 13 50 M M 0 M M
28 85 53 69 13 0 4 0.00 M M 11.7 16 150 M M 0 20 140
29 86 60 73 18 0 8 0.00 M M 9.8 14 170 M M 0 20 170
30 77 61 69 14 0 4 0.03 M M 7.1 12 160 M M 4 M M
================================================================================
SM 2306 1600 60 70 0.79 M 273.5 M 60
================================================================================
AV 76.9 53.3 9.1 FASTST M M 2 MAX(MPH)
MISC ----> 39 290 52 280
================================================================================
NOTES:
# LAST OF SEVERAL OCCURRENCES
COLUMN 17 PEAK WIND IN M.P.H.
PRELIMINARY LOCAL CLIMATOLOGICAL DATA (WS FORM: F-6) , PAGE 2
STATION: MANKATO MN
MONTH: SEPTEMBER
YEAR: 2021
LATITUDE: 44 13 N
LONGITUDE: 93 55 W
[TEMPERATURE DATA] [PRECIPITATION DATA] SYMBOLS USED IN COLUMN 16
AVERAGE MONTHLY: 65.1 TOTAL FOR MONTH: 0.79 1 = FOG OR MIST
DPTR FM NORMAL: 4.1 DPTR FM NORMAL: -2.42 2 = FOG REDUCING VISIBILITY
HIGHEST: 90 ON 19 GRTST 24HR 0.25 ON 13-13 TO 1/4 MILE OR LESS
LOWEST: 42 ON 25,23 3 = THUNDER
SNOW, ICE PELLETS, HAIL 4 = ICE PELLETS
TOTAL MONTH: M 5 = HAIL
GRTST 24HR M ON M 6 = FREEZING RAIN OR DRIZZLE
GRTST DEPTH: M ON M 7 = DUSTSTORM OR SANDSTORM:
VSBY 1/2 MILE OR LESS
8 = SMOKE OR HAZE
[NO. OF DAYS WITH] [WEATHER - DAYS WITH] 9 = BLOWING SNOW
X = TORNADO
MAX 32 OR BELOW: 0 0.01 INCH OR MORE: 7
MAX 90 OR ABOVE: 1 0.10 INCH OR MORE: 4
MIN 32 OR BELOW: 0 0.50 INCH OR MORE: 0
MIN 0 OR BELOW: 0 1.00 INCH OR MORE: 0
[HDD (BASE 65) ]
TOTAL THIS MO. 60 CLEAR (SCALE 0-3) 23
DPTR FM NORMAL -114 PTCLDY (SCALE 4-7) 6
TOTAL FM JUL 1 66 CLOUDY (SCALE 8-10) 1
DPTR FM NORMAL -139
[CDD (BASE 65) ]
TOTAL THIS MO. 70
DPTR FM NORMAL 15 [PRESSURE DATA]
TOTAL FM JAN 1 879 HIGHEST SLP M ON M
DPTR FM NORMAL 232 LOWEST SLP M ON M
[REMARKS]
#FINAL-09-21#