000
CXUS53 KMPX 010933
CF6MKT
PRELIMINARY LOCAL CLIMATOLOGICAL DATA (WS FORM: F-6)
STATION: MANKATO MN
MONTH: SEPTEMBER
YEAR: 2020
LATITUDE: 44 13 N
LONGITUDE: 93 55 W
TEMPERATURE IN F: :PCPN: SNOW: WIND :SUNSHINE: SKY :PK WND
================================================================================
1 2 3 4 5 6A 6B 7 8 9 10 11 12 13 14 15 16 17 18
12Z AVG MX 2MIN
DY MAX MIN AVG DEP HDD CDD WTR SNW DPTH SPD SPD DIR MIN PSBL S-S WX SPD DR
================================================================================
1 70 54 62 -5 3 0 0.01 M M 6.3 10 160 M M 2 M M
2 80 56 68 2 0 3 0.00 M M 9.0 12 200 M M 0 20 200
3 72 51 62 -4 3 0 T M M 16.3 27 310 M M 1 38 310
4 76 49 63 -3 2 0 0.00 M M 7.7 13 280 M M 0 M M
5 78 51 65 0 0 0 0.03 M M 6.5 24 120 M M 2 48 350
6 82 62 72 7 0 7 0.09 M M 15.0 25 150 M M 2 13 40 160
7 63 48 56 -9 9 0 0.04 M M 11.0 17 360 M M 6 23 360
8 49 45 47 -17 18 0 0.04 M M 8.6 14 10 M M 10 M M
9 48 39 44 -20 21 0 0.03 M M 6.1 10 360 M M 8 M M
10 58 38 48 -15 17 0 0.00 M M 4.2 6 100 M M 5 1 M M
11 58 45 52 -11 13 0 0.12 M M 8.2 16 110 M M 9 1 M M
12 64 53 59 -4 6 0 0.02 M M 5.9 13 280 M M 9 13 M M
13 74 48 61 -1 4 0 0.00 M M 4.7 8 220 M M 0 1 M M
14 80 56 68 6 0 3 0.00 M M 9.6 17 180 M M 0 22 180
15 81 58 70 9 0 5 0.00 M M 10.8 20 210 M M 0 31 210
16 68 49 59 -2 6 0 0.00 M M 10.8 18 340 M M 2 23 340
17 59 44 52 -9 13 0 0.00 M M 6.1 10 30 M M 5 M M
18 63 42 53 -7 12 0 0.00 M M 5.6 12 110 M M 0 M M
19 70 46 58 -2 7 0 0.00 M M 12.0 16 190 M M 1 27 160
20 75 54 65 6 0 0 T M M 14.3 20 180 M M 0 32 180
21 78 57 68 9 0 3 0.00 M M 10.1 16 190 M M 0 22 190
22 83 58 71 13 0 6 0.00 M M 6.6 12 190 M M 0 M M
23 83 56 70 12 0 5 0.00 M M 7.8 13 190 M M 1 21 190
24 74 59 67 9 0 2 0.19 M M 8.7 23 50 M M 3 35 50
25 87 59 73 16 0 8 0.00 M M 9.9 18 160 M M 0 25 210
26 74 55 65 8 0 0 0.00 M M 6.7 16 140 M M 2 1 20 330
27 66 52 59 3 6 0 0.06 M M 12.5 22 280 M M 5 33 280
28 55 48 52 -4 13 0 0.18 M M 11.9 20 320 M M 9 33 330
29 68 44 56 1 9 0 T M M 7.7 14 210 M M 4 18 210
30 63 49 56 1 9 0 T M M 14.7 25 300 M M 6 38 300
================================================================================
SM 2099 1525 171 42 0.81 M 275.3 M 92
================================================================================
AV 70.0 50.8 9.2 FASTST M M 3 MAX(MPH)
MISC ----> 27 310 48 350
================================================================================
NOTES:
# LAST OF SEVERAL OCCURRENCES
COLUMN 17 PEAK WIND IN M.P.H.
PRELIMINARY LOCAL CLIMATOLOGICAL DATA (WS FORM: F-6) , PAGE 2
STATION: MANKATO MN
MONTH: SEPTEMBER
YEAR: 2020
LATITUDE: 44 13 N
LONGITUDE: 93 55 W
[TEMPERATURE DATA] [PRECIPITATION DATA] SYMBOLS USED IN COLUMN 16
AVERAGE MONTHLY: 60.4 TOTAL FOR MONTH: 0.81 1 = FOG OR MIST
DPTR FM NORMAL: -0.6 DPTR FM NORMAL: -2.40 2 = FOG REDUCING VISIBILITY
HIGHEST: 87 ON 25 GRTST 24HR 0.19 ON 24-24 TO 1/4 MILE OR LESS
LOWEST: 38 ON 10 3 = THUNDER
SNOW, ICE PELLETS, HAIL 4 = ICE PELLETS
TOTAL MONTH: M 5 = HAIL
GRTST 24HR M ON M 6 = FREEZING RAIN OR DRIZZLE
GRTST DEPTH: M ON M 7 = DUSTSTORM OR SANDSTORM:
VSBY 1/2 MILE OR LESS
8 = SMOKE OR HAZE
[NO. OF DAYS WITH] [WEATHER - DAYS WITH] 9 = BLOWING SNOW
X = TORNADO
MAX 32 OR BELOW: 0 0.01 INCH OR MORE: 11
MAX 90 OR ABOVE: 0 0.10 INCH OR MORE: 3
MIN 32 OR BELOW: 0 0.50 INCH OR MORE: 0
MIN 0 OR BELOW: 0 1.00 INCH OR MORE: 0
[HDD (BASE 65) ]
TOTAL THIS MO. 171 CLEAR (SCALE 0-3) 19
DPTR FM NORMAL -3 PTCLDY (SCALE 4-7) 6
TOTAL FM JUL 1 177 CLOUDY (SCALE 8-10) 5
DPTR FM NORMAL -28
[CDD (BASE 65) ]
TOTAL THIS MO. 42
DPTR FM NORMAL -13 [PRESSURE DATA]
TOTAL FM JAN 1 788 HIGHEST SLP M ON M
DPTR FM NORMAL 141 LOWEST SLP M ON M
[REMARKS]
#FINAL-09-20#