000
CXUS53 KMPX 012107
CF6MKT
PRELIMINARY LOCAL CLIMATOLOGICAL DATA (WS FORM: F-6)
STATION: MANKATO MN
MONTH: MARCH
YEAR: 2020
LATITUDE: 44 13 N
LONGITUDE: 93 55 W
TEMPERATURE IN F: :PCPN: SNOW: WIND :SUNSHINE: SKY :PK WND
================================================================================
1 2 3 4 5 6A 6B 7 8 9 10 11 12 13 14 15 16 17 18
12Z AVG MX 2MIN
DY MAX MIN AVG DEP HDD CDD WTR SNW DPTH SPD SPD DIR MIN PSBL S-S WX SPD DR
================================================================================
1 42 33 38 13 27 0 0.00 M M 13.1 21 300 M M 1 31 300
2 33 28 31 5 34 0 0.00 M M 11.7 17 310 M M 7 23 310
3 41 31 36 10 29 0 T M M 13.2 22 280 M M 4 27 290
4 43 24 34 8 31 0 0.00 M M 9.7 17 140 M M 4 35 150
5 44 29 37 10 28 0 T M M 20.6 31 310 M M 9 1 47 320
6 35 22 29 2 36 0 T M M 10.0 16 320 M M 0 M M
7 55 34 45 17 20 0 0.00 M M 14.3 18 160 M M 0 30 190
8 60 35 48 20 17 0 0.00 M M 14.3 23 310 M M 0 29 310
9 35 29 32 3 33 0 0.00 M M 14.3 18 320 M M 8 1 31 300
10 36 22 29 0 36 0 0.00 M M 5.5 10 320 M M 5 12 M M
11 47 32 40 11 25 0 0.33 M M 7.7 14 160 M M 7 12 18 160
12 46 32 39 9 26 0 0.00 M M 16.5 28 310 M M 7 1 39 320
13 36 27 32 2 33 0 T M M 15.1 23 330 M M 0 31 300
14 33 24 29 -2 36 0 0.00 M M 8.1 13 20 M M 5 M M
15 39 23 31 0 34 0 T M M 7.5 13 160 M M 4 17 140
16 38 28 33 1 32 0 0.00 M M 11.0 17 300 M M 9 23 300
17 42 30 36 4 29 0 T M M 8.5 14 310 M M 7 M M
18 45 36 41 9 24 0 0.00 M M 8.0 12 130 M M 10 1 M M
19 39 31 35 2 30 0 0.02 M M 12.3 27 340 M M 10 1 33 360
20 33 20 27 -7 38 0 0.90 M M 17.3 29 340 M M 3 37 350
21 34 20 27 -7 38 0 0.00 M M 10.8 16 170 M M 7 1 22 180
22 42 31 37 3 28 0 T M M 17.5 24 150 M M 9 33 150
23 40 32 36 1 29 0 0.08 M M 5.6 12 180 M M 10 12 M M
24 48 37 43 8 22 0 T M M 14.0 23 150 M M 10 1 24 140
25 46 36 41 5 24 0 0.00 M M 10.0 17 20 M M 10 12 16 180
26 48 29 39 3 26 0 0.17 M M 4.4 9 10 M M 5 1 M M
27 54 36 45 8 20 0 0.03 M M 5.7 13 70 M M 5 1 M M
28 47 33 40 3 25 0 T M M 15.8 29 50 M M 10 1 41 40
29 52 32 42 4 23 0 1.22 M M 19.2 28 330 M M 7 1 43 340
30 57 29 43 5 22 0 0.06 M M 4.7 12 80 M M 0 M M
31 54 35 45 6 20 0 0.00 M M 9.1 15 120 M M 3 M M
================================================================================
SM 1344 920 875 0 2.81 M 355.5 M 176
================================================================================
AV 43.4 29.7 11.5 FASTST M M 6 MAX(MPH)
MISC ----> 31 310 47 320
================================================================================
NOTES:
# LAST OF SEVERAL OCCURRENCES
COLUMN 17 PEAK WIND IN M.P.H.
PRELIMINARY LOCAL CLIMATOLOGICAL DATA (WS FORM: F-6) , PAGE 2
STATION: MANKATO MN
MONTH: MARCH
YEAR: 2020
LATITUDE: 44 13 N
LONGITUDE: 93 55 W
[TEMPERATURE DATA] [PRECIPITATION DATA] SYMBOLS USED IN COLUMN 16
AVERAGE MONTHLY: 36.5 TOTAL FOR MONTH: 2.81 1 = FOG OR MIST
DPTR FM NORMAL: 4.8 DPTR FM NORMAL: 0.85 2 = FOG REDUCING VISIBILITY
HIGHEST: 60 ON 8 GRTST 24HR 1.22 ON 29-29 TO 1/4 MILE OR LESS
LOWEST: 20 ON 21,20 3 = THUNDER
SNOW, ICE PELLETS, HAIL 4 = ICE PELLETS
TOTAL MONTH: M 5 = HAIL
GRTST 24HR M ON M 6 = FREEZING RAIN OR DRIZZLE
GRTST DEPTH: M ON M 7 = DUSTSTORM OR SANDSTORM:
VSBY 1/2 MILE OR LESS
8 = SMOKE OR HAZE
[NO. OF DAYS WITH] [WEATHER - DAYS WITH] 9 = BLOWING SNOW
X = TORNADO
MAX 32 OR BELOW: 0 0.01 INCH OR MORE: 8
MAX 90 OR ABOVE: 0 0.10 INCH OR MORE: 4
MIN 32 OR BELOW: 22 0.50 INCH OR MORE: 2
MIN 0 OR BELOW: 0 1.00 INCH OR MORE: 1
[HDD (BASE 65) ]
TOTAL THIS MO. 875 CLEAR (SCALE 0-3) 8
DPTR FM NORMAL -156 PTCLDY (SCALE 4-7) 14
TOTAL FM JUL 1 5669 CLOUDY (SCALE 8-10) 9
DPTR FM NORMAL -1285
[CDD (BASE 65) ]
TOTAL THIS MO. 0
DPTR FM NORMAL 0 [PRESSURE DATA]
TOTAL FM JAN 1 0 HIGHEST SLP M ON M
DPTR FM NORMAL 0 LOWEST SLP M ON M
[REMARKS]
THE PRECIPITATION DATA IS FROM THE 4 INCH DIAMETER RAIN
GAUGE AT COCORAHS STATION MN-BU-23 WITH AN OBSERVATION TIME OF 7AM.
#FINAL-03-20#