000
CXUS53 KMPX 020207
CF6MKT
PRELIMINARY LOCAL CLIMATOLOGICAL DATA (WS FORM: F-6)
STATION: MANKATO MN
MONTH: SEPTEMBER
YEAR: 2023
LATITUDE: 44 13 N
LONGITUDE: 93 55 W
TEMPERATURE IN F: :PCPN: SNOW: WIND :SUNSHINE: SKY :PK WND
================================================================================
1 2 3 4 5 6A 6B 7 8 9 10 11 12 13 14 15 16 17 18
12Z AVG MX 2MIN
DY MAX MIN AVG DEP HDD CDD WTR SNW DPTH SPD SPD DIR MIN PSBL S-S WX SPD DR
================================================================================
1 85 58 72 5 0 7 0.00 M M 10.3 16 190 M M 0 24 190
2 92 63 78 12 0 13 0.00 M M 9.0 13 200 M M 0 22 200
3 93 66 80 14 0 15 0.00 M M 8.2 15 200 M M 0 21 200
4 94 71 83 17 0 18 0.00 M M 11.1 17 180 M M 0 30 190
5 88 65 77 12 0 12 0.00 M M 10.7 20 300 M M 3 3 28 300
6 66 55 61 -4 4 0 0.05 M M 11.6 18 320 M M 8 18 25 320
7 70 46 58 -7 7 0 T M M 5.4 9 90 M M 3 12 M M
8 76 50 63 -1 2 0 0.00 M M 4.7 10 130 M M 0 M M
9 76 56 66 2 0 1 T M M 6.1 12 150 M M 2 8 M M
10 70 54 62 -1 3 0 0.00 M M 6.0 14 20 M M 5 12 M M
11 73 49 61 -2 4 0 0.00 M M 6.3 14 30 M M 1 20 30
12 68 51 60 -3 5 0 0.02 M M 7.6 14 320 M M 5 17 290
13 69 45 57 -5 8 0 0.00 M M 7.1 10 130 M M 0 M M
14 81 49 65 3 0 0 0.00 M M 9.5 15 220 M M 2 23 210
15 70 57 64 3 1 0 0.31 M M 5.9 12 190 M M 7 12 M M
16 71 51 61 0 4 0 0.00 M M 5.9 14 340 M M 5 12 M M
17 72 50 61 0 4 0 0.00 M M 4.1 8 130 M M 3 8 M M
18 78 49 64 4 1 0 0.00 M M 10.3 18 140 M M 1 23 160
19 85 57 71 11 0 6 0.00 M M 9.7 14 190 M M 0 22 190
20 85 56 71 12 0 6 0.00 M M 8.8 14 150 M M 0 18 150
21 81 60 71 12 0 6 0.00 M M 7.2 13 150 M M 2 M M
22 72 61 67 9 0 2 0.04 M M 7.9 12 130 M M 8 1 M M
23 73 62 68 10 0 3 1.48 M M 9.4 18 140 M M 9 13 27 240
24 74 58 66 8 0 1 0.05 M M 5.0 14 280 M M 8 123 M M
25 70 57 64 7 1 0 0.02 M M 5.3 14 360 M M 8 1 M M
26 69 58 64 7 1 0 0.03 M M 6.2 14 40 M M 9 1 M M
27 70 58 64 8 1 0 0.01 M M 7.1 12 60 M M 7 M M
28 72 59 66 10 0 1 0.00 M M 11.1 16 150 M M 5 24 160
29 85 61 73 18 0 8 0.18 M M 12.8 21 140 M M 3 1 27 140
30 92 69 81 26 0 16 0.00 M M 7.1 12 210 M M 2 20 180
================================================================================
SM 2320 1701 46 115 2.19 M 237.4 M 106
================================================================================
AV 77.3 56.7 7.9 FASTST M M 4 MAX(MPH)
MISC ----> 21 140 30 190
================================================================================
NOTES:
# LAST OF SEVERAL OCCURRENCES
COLUMN 17 PEAK WIND IN M.P.H.
PRELIMINARY LOCAL CLIMATOLOGICAL DATA (WS FORM: F-6) , PAGE 2
STATION: MANKATO MN
MONTH: SEPTEMBER
YEAR: 2023
LATITUDE: 44 13 N
LONGITUDE: 93 55 W
[TEMPERATURE DATA] [PRECIPITATION DATA] SYMBOLS USED IN COLUMN 16
AVERAGE MONTHLY: 67.0 TOTAL FOR MONTH: 2.19 1 = FOG OR MIST
DPTR FM NORMAL: 6.0 DPTR FM NORMAL: -1.02 2 = FOG REDUCING VISIBILITY
HIGHEST: 94 ON 4 GRTST 24HR 1.48 ON 23-23 TO 1/4 MILE OR LESS
LOWEST: 45 ON 13 3 = THUNDER
SNOW, ICE PELLETS, HAIL 4 = ICE PELLETS
TOTAL MONTH: M 5 = HAIL
GRTST 24HR M ON M 6 = FREEZING RAIN OR DRIZZLE
GRTST DEPTH: M ON M 7 = DUSTSTORM OR SANDSTORM:
VSBY 1/2 MILE OR LESS
8 = SMOKE OR HAZE
[NO. OF DAYS WITH] [WEATHER - DAYS WITH] 9 = BLOWING SNOW
X = TORNADO
MAX 32 OR BELOW: 0 0.01 INCH OR MORE: 10
MAX 90 OR ABOVE: 4 0.10 INCH OR MORE: 3
MIN 32 OR BELOW: 0 0.50 INCH OR MORE: 1
MIN 0 OR BELOW: 0 1.00 INCH OR MORE: 1
[HDD (BASE 65) ]
TOTAL THIS MO. 46 CLEAR (SCALE 0-3) 18
DPTR FM NORMAL -128 PTCLDY (SCALE 4-7) 7
TOTAL FM JUL 1 65 CLOUDY (SCALE 8-10) 5
DPTR FM NORMAL -140
[CDD (BASE 65) ]
TOTAL THIS MO. 115
DPTR FM NORMAL 60 [PRESSURE DATA]
TOTAL FM JAN 1 824 HIGHEST SLP M ON M
DPTR FM NORMAL 177 LOWEST SLP M ON M
[REMARKS]
#FINAL-09-23#
THE PRECIPITATION VALUE ON THE 15TH IS FROM COCORAHS
STATION MN-BU-23.