000
CXUS56 KPQR 011155
CF6MMV
PRELIMINARY LOCAL CLIMATOLOGICAL DATA (WS FORM: F-6)
STATION: MCMINNVILLE OR
MONTH: APRIL
YEAR: 2021
LATITUDE: 45 11 N
LONGITUDE: 123 8 W
TEMPERATURE IN F: :PCPN: SNOW: WIND :SUNSHINE: SKY :PK WND
================================================================================
1 2 3 4 5 6A 6B 7 8 9 10 11 12 13 14 15 16 17 18
12Z AVG MX 2MIN
DY MAX MIN AVG DEP HDD CDD WTR SNW DPTH SPD SPD DIR MIN PSBL S-S WX SPD DR
================================================================================
1 66 37 52 4 13 0 0.00 M M 3.5 8 290 M M 0 M M
2 63 33 48 0 17 0 0.00 M M M M M M M M M M
3 68 38 53 4 12 0 M M M M M M M M M M M
4 58 34 46 -3 19 0 M M M M M M M M M M M
5 61 30 46 -3 19 0 0.00 M M 3.5 12 240 M M 0 13 240
6 65 31 48 -1 17 0 0.00 M M 3.0 14 220 M M 0 17 220
7 53 37 45 -4 20 0 T M M 8.0 20 240 M M 7 27 260
8 56 36 46 -3 19 0 0.04 M M 5.8 13 260 M M 5 1 16 250
9 58 30 44 -5 21 0 T M M 7.6 20 280 M M 2 24 250
10 53 33 43 -6 22 0 0.07 M M 8.4 18 290 M M 7 1 24 290
11 60 28 44 -5 21 0 0.00 M M 5.7 16 350 M M 0 21 340
12 66 39 53 3 12 0 0.00 M M 12.0 21 20 M M 0 26 30
13 64 46 55 5 10 0 0.00 M M 14.1 26 30 M M 0 36 50
14 69 37 53 3 12 0 0.00 M M 8.5 21 40 M M 0 26 50
15 75 34 55 5 10 0 0.00 M M 6.2 26 40 M M 0 33 50
16 78 38 58 8 7 0 0.00 M M 8.2 23 50 M M 0 31 50
17 84 41 63 13 2 0 0.00 M M 3.8 9 330 M M 0 12 350
18 83 40 62 12 3 0 0.00 M M 3.4 16 310 M M 0 20 320
19 75 40 58 8 7 0 0.00 M M 4.4 13 300 M M 0 16 310
20 75 45 60 9 5 0 0.00 M M 8.2 16 30 M M 0 22 20
21 77 41 59 8 6 0 0.00 M M 5.7 18 310 M M 0 1 26 320
22 65 41 53 2 12 0 0.00 M M 10.4 21 240 M M 1 26 250
23 59 40 50 -1 15 0 0.00 M M 5.2 14 250 M M 5 16 220
24 53 46 50 -1 15 0 0.25 M M 7.4 16 190 M M 10 1 24 150
25 59 44 52 0 13 0 0.01 M M 6.0 17 250 M M 10 1 22 250
26 59 43 51 -1 14 0 0.02 M M 4.8 13 230 M M 8 1 15 220
27 66 40 53 1 12 0 0.00 M M 4.0 9 210 M M 4 10 130
28 74 38 56 4 9 0 0.00 M M 2.5 8 280 M M 0 1 11 30
29 76 44 60 8 5 0 0.00 M M 5.7 18 250 M M 0 23 250
30 70 49 60 8 5 0 0.13 M M 3.8 13 260 M M 10 1 15 230
================================================================================
SM 1988 1153 374 0 0.52 M 169.8 M 69
================================================================================
AV 66.3 38.4 6.3 FASTST M M 3 MAX(MPH)
MISC ----> # 26 30 36 50
================================================================================
NOTES:
# LAST OF SEVERAL OCCURRENCES
COLUMN 17 PEAK WIND IN M.P.H.
PRELIMINARY LOCAL CLIMATOLOGICAL DATA (WS FORM: F-6) , PAGE 2
STATION: MCMINNVILLE OR
MONTH: APRIL
YEAR: 2021
LATITUDE: 45 11 N
LONGITUDE: 123 8 W
[TEMPERATURE DATA] [PRECIPITATION DATA] SYMBOLS USED IN COLUMN 16
AVERAGE MONTHLY: 52.4 TOTAL FOR MONTH: 0.52 1 = FOG OR MIST
DPTR FM NORMAL: 2.3 DPTR FM NORMAL: -2.39 2 = FOG REDUCING VISIBILITY
HIGHEST: 84 ON 17 GRTST 24HR 0.25 ON 24-24 TO 1/4 MILE OR LESS
LOWEST: 28 ON 11 3 = THUNDER
SNOW, ICE PELLETS, HAIL 4 = ICE PELLETS
TOTAL MONTH: M 5 = HAIL
GRTST 24HR M ON M 6 = FREEZING RAIN OR DRIZZLE
GRTST DEPTH: M ON M 7 = DUSTSTORM OR SANDSTORM:
VSBY 1/2 MILE OR LESS
8 = SMOKE OR HAZE
[NO. OF DAYS WITH] [WEATHER - DAYS WITH] 9 = BLOWING SNOW
X = TORNADO
MAX 32 OR BELOW: 0 0.01 INCH OR MORE: 6
MAX 90 OR ABOVE: 0 0.10 INCH OR MORE: 2
MIN 32 OR BELOW: 4 0.50 INCH OR MORE: 0
MIN 0 OR BELOW: 0 1.00 INCH OR MORE: 0
[HDD (BASE 65) ]
TOTAL THIS MO. 374 CLEAR (SCALE 0-3) 18
DPTR FM NORMAL -73 PTCLDY (SCALE 4-7) 6
TOTAL FM JUL 1 3929 CLOUDY (SCALE 8-10) 6
DPTR FM NORMAL -470
[CDD (BASE 65) ]
TOTAL THIS MO. 0
DPTR FM NORMAL 0 [PRESSURE DATA]
TOTAL FM JAN 1 0 HIGHEST SLP 30.36 ON 11
DPTR FM NORMAL 0 LOWEST SLP 29.72 ON 25
[REMARKS]
#FINAL-04-21#