000
CXUS54 KMOB 011628
CLMMOB
CLIMATE REPORT
NATIONAL WEATHER SERVICE MOBILE AL
1028 AM CST MON JAN 01 2024
...................................
...THE MOBILE CLIMATE SUMMARY FOR THE MONTH OF DECEMBER 2023...
CLIMATE NORMAL PERIOD: 1991 TO 2020
CLIMATE RECORD PERIOD: 1872 TO 2023
WEATHER OBSERVED NORMAL DEPART LAST YEAR`S
VALUE DATE(S) VALUE FROM VALUE DATE(S)
NORMAL
................................................................
TEMPERATURE (F)
RECORD
HIGH 85 12/07/2022
LOW 8 12/25/1989
HIGHEST 80 12/09 85 12/07
LOWEST 30 12/31 20 12/24
AVG. MAXIMUM 65.7 63.5 2.2 65.6
AVG. MINIMUM 44.5 43.0 1.5 47.1
MEAN 55.1 53.3 1.8 56.3
DAYS MAX >= 90 0 0.0 0.0 0
DAYS MAX <= 32 0 0.0 0.0 0
DAYS MIN <= 32 2 5.5 -3.5 6
DAYS MIN <= 0 0 0.0 0.0 0
PRECIPITATION (INCHES)
RECORD
MAXIMUM 15.37 2009
MINIMUM 0.53 1889
TOTALS 6.10 5.45 0.65 4.80
DAILY AVG. 0.20 0.18 0.02 0.15
DAYS >= .01 8 9.4 -1.4 9
DAYS >= .10 6 6.7 -0.7 6
DAYS >= .50 4 3.5 0.5 3
DAYS >= 1.00 2 1.8 0.2 2
SNOWFALL (INCHES)
RECORDS
TOTAL 3.0 1963
TOTALS 0.0
SINCE 7/1 0
SNOWDEPTH AVG. 0
DAYS >= 1.0 0
GREATEST
SNOW DEPTH 0
24 HR TOTAL 0.0
DEGREE DAYS
HEATING TOTAL 315 380 -65 311
SINCE 7/1 521 648 -127 528
COOLING TOTAL 15 16 -1 48
SINCE 1/1 3330 2599 731 2978
................................................................
WIND (MPH)
AVERAGE WIND SPEED 6.5
HIGHEST WIND SPEED/DIRECTION 31/120 DATE 12/25
HIGHEST GUST SPEED/DIRECTION 46/130 DATE 12/25
SKY COVER
POSSIBLE SUNSHINE (PERCENT)
AVERAGE SKY COVER 0.50
NUMBER OF DAYS FAIR 8
NUMBER OF DAYS PC 15
NUMBER OF DAYS CLOUDY 8
AVERAGE RH (PERCENT) 67
WEATHER CONDITIONS. NUMBER OF DAYS WITH
THUNDERSTORM 5 MIXED PRECIP 0
HEAVY RAIN 5 RAIN 5
LIGHT RAIN 7 FREEZING RAIN 0
LT FREEZING RAIN 0 HAIL 0
HEAVY SNOW 0 SNOW 0
LIGHT SNOW 0 SLEET 0
FOG 13 FOG W/VIS <= 1/4 MILE 3
HAZE 3
- INDICATES NEGATIVE NUMBERS.
R INDICATES RECORD WAS SET OR TIED.
MM INDICATES DATA IS MISSING.
T INDICATES TRACE AMOUNT.
$$