000
CXUS56 KSTO 270202
CF6MOD
PRELIMINARY LOCAL CLIMATOLOGICAL DATA (WS FORM: F-6)
STATION: MODESTO CA
MONTH: MAY
YEAR: 2022
LATITUDE: 37 37 N
LONGITUDE: 120 57 W
TEMPERATURE IN F: :PCPN: SNOW: WIND :SUNSHINE: SKY :PK WND
================================================================================
1 2 3 4 5 6A 6B 7 8 9 10 11 12 13 14 15 16 17 18
12Z AVG MX 2MIN
DY MAX MIN AVG DEP HDD CDD WTR SNW DPTH SPD SPD DIR MIN PSBL S-S WX SPD DR
================================================================================
1 80 49 65 1 0 0 0.00 M M 11.9 22 310 M M 0 33 320
2 73 49 61 -4 4 0 0.00 M M 11.5 22 320 M M 0 30 320
3 79 51 65 0 0 0 0.00 M M 11.8 25 310 M M 0 33 320
4 88 49 69 4 0 4 0.00 0.0 M 4.2 10 330 M M 0 14 330
5 81 56 69 3 0 4 0.00 0.0 M 9.3 20 330 M M 0 25 320
6 79 55 67 1 0 2 0.00 0.0 M 10.5 22 320 M M 1 27 320
7 75 53 64 -2 1 0 0.00 0.0 M 14.3 23 300 M M 0 29 300
8 65 48 57 -9 8 0 0.00 0.0 M 16.4 28 280 M M 1 37 300
9 64 44 54 -12 11 0 T 0.0 M 11.0 26 300 M M 3 31 300
10 64 42 53 -14 12 0 0.00 M M 9.4 23 300 M M 3 28 290
11 70 42 56 -11 9 0 0.00 M M 11.5 22 320 M M 0 30 310
12 74 46 60 -7 5 0 0.00 M M 9.4 20 310 M M 0 24 310
13 82 49 66 -1 0 1 0.00 0.0 M 11.4 21 330 M M 0 8 29 310
14 89 57 73 5 0 8 0.00 0.0 M 11.3 21 320 M M 0 28 320
15 90 60 75 7 0 10 0.00 0.0 M 11.1 24 300 M M 0 31 290
16 81 55 68 0 0 3 0.00 0.0 M 11.1 20 330 M M 0 24 310
17 87 53 70 2 0 5 0.00 0.0 M 11.2 23 330 M M 0 30 320
18 94 58 76 8 0 11 0.00 M M 11.0 20 310 M M 0 28 300
19 91 67 79 11 0 14 0.00 M M 16.7 25 320 M M 0 34 320
20 81 57 69 0 0 4 0.00 0.0 M 16.5 28 310 M M 0 35 310
21 87 49 68 -1 0 3 0.00 0.0 M 7.8 17 320 M M 0 32 350
22 88 53 71 2 0 6 0.00 0.0 M 8.2 20 300 M M 0 29 310
23 91 60 76 7 0 11 0.00 0.0 M 11.5 23 310 M M 0 28 320
24 96 61 79 9 0 14 0.00 0.0 M 8.6 17 320 M M 0 23 320
25 100 62 81 11 0 16 0.00 0.0 M 4.8 16 310 M M 0 8 20 300
26 88 59 74 4 0 9 0.00 M M 8.5 20 320 M M 0 25 320
27 82 55 69 -1 0 4 0.00 M M 10.5 21 300 M M 0 26 330
28 79 59 69 -1 0 4 0.00 M M 14.8 25 320 M M 4 34 310
29 79 54 67 -4 0 2 0.00 0.0 M 14.7 25 300 M M 0 33 310
30 80 54 67 -4 0 2 0.00 M M 12.9 23 300 M M 0 29 310
31 86 57 72 1 0 7 0.00 M M 12.7 22 310 M M 0 28 300
================================================================================
SM 2543 1663 50 144 T 0.0 346.5 M 12
================================================================================
AV 82.0 53.6 11.2 FASTST M M 0 MAX(MPH)
MISC ----> # 28 280 37 300
================================================================================
NOTES:
# LAST OF SEVERAL OCCURRENCES
COLUMN 17 PEAK WIND IN M.P.H.
PRELIMINARY LOCAL CLIMATOLOGICAL DATA (WS FORM: F-6) , PAGE 2
STATION: MODESTO CA
MONTH: MAY
YEAR: 2022
LATITUDE: 37 37 N
LONGITUDE: 120 57 W
[TEMPERATURE DATA] [PRECIPITATION DATA] SYMBOLS USED IN COLUMN 16
AVERAGE MONTHLY: 67.8 TOTAL FOR MONTH: T 1 = FOG OR MIST
DPTR FM NORMAL: 0.0 DPTR FM NORMAL: -0.65 2 = FOG REDUCING VISIBILITY
HIGHEST: 100 ON 25 GRTST 24HR T ON 9- 9 TO 1/4 MILE OR LESS
LOWEST: 42 ON 11,10 3 = THUNDER
SNOW, ICE PELLETS, HAIL 4 = ICE PELLETS
TOTAL MONTH: 0.0 INCH 5 = HAIL
GRTST 24HR 0.0 6 = FREEZING RAIN OR DRIZZLE
GRTST DEPTH: M ON M 7 = DUSTSTORM OR SANDSTORM:
VSBY 1/2 MILE OR LESS
8 = SMOKE OR HAZE
[NO. OF DAYS WITH] [WEATHER - DAYS WITH] 9 = BLOWING SNOW
X = TORNADO
MAX 32 OR BELOW: 0 0.01 INCH OR MORE: 0
MAX 90 OR ABOVE: 6 0.10 INCH OR MORE: 0
MIN 32 OR BELOW: 0 0.50 INCH OR MORE: 0
MIN 0 OR BELOW: 0 1.00 INCH OR MORE: 0
[HDD (BASE 65) ]
TOTAL THIS MO. 50 CLEAR (SCALE 0-3) 29
DPTR FM NORMAL 6 PTCLDY (SCALE 4-7) 2
TOTAL FM JUL 1 2247 CLOUDY (SCALE 8-10) 0
DPTR FM NORMAL -51
[CDD (BASE 65) ]
TOTAL THIS MO. 144
DPTR FM NORMAL 11 [PRESSURE DATA]
TOTAL FM JAN 1 173 HIGHEST SLP 30.31 ON 12
DPTR FM NORMAL 8 LOWEST SLP 29.68 ON 25
[REMARKS]
#FINAL-05-22#