000
CXUS53 KMPX 010910
CF6MPX
PRELIMINARY LOCAL CLIMATOLOGICAL DATA (WS FORM: F-6)
STATION: CHANHASSEN MN
MONTH: JUNE
YEAR: 2021
LATITUDE: 44 50 N
LONGITUDE: 93 34 W
TEMPERATURE IN F: :PCPN: SNOW: WIND :SUNSHINE: SKY :PK WND
================================================================================
1 2 3 4 5 6A 6B 7 8 9 10 11 12 13 14 15 16 17 18
12Z AVG MX 2MIN
DY MAX MIN AVG DEP HDD CDD WTR SNW DPTH SPD SPD DIR MIN PSBL S-S WX SPD DR
================================================================================
1 76 49 63 0 2 0 0.00 0.0 0 M M M M M M M M
2 83 52 68 5 0 3 T 0.0 0 M M M M M M M M
3 89 65 77 13 0 12 0.00 0.0 0 M M M M M M M M
4 95 68 82 18 0 17 0.00 0.0 0 M M M M M M M M
5 96 73 85 21 0 20 0.00 0.0 0 M M M M M M M M
6 91 72 82 17 0 17 0.00 0.0 0 M M M M M M M M
7 93 69 81 16 0 16 0.00 0.0 0 M M M M M M M M
8 93 71 82 17 0 17 0.00 0.0 0 M M M M M M M M
9 93 69 81 15 0 16 0.00 0.0 0 M M M M M M M M
10 96 74 85 19 0 20 0.00 0.0 0 M M M M M M M M
11 87 71 79 13 0 14 0.00 0.0 0 M M M M M M M M
12 84 59 72 5 0 7 0.00 0.0 0 M M M M M M M M
13 94 54 74 7 0 9 0.00 0.0 0 M M M M M M M M
14 84 57 71 4 0 6 0.00 0.0 0 M M M M M M M M
15 81 61 71 3 0 6 0.00 0.0 0 M M M M M M M M
16 87 60 74 6 0 9 0.00 0.0 0 M M M M M M M M
17 85 63 74 6 0 9 T 0.0 0 M M M M M M M M
18 88 57 73 5 0 8 0.00 0.0 0 M M M M M M M M
19 78 61 70 1 0 5 0.00 0.0 0 M M M M M M M M
20 72 60 66 -3 0 1 0.36 0.0 0 M M M M M M M M
21 65 47 56 -13 9 0 0.00 0.0 0 M M M M M M M M
22 75 44 60 -10 5 0 0.00 0.0 0 M M M M M M M M
23 86 55 71 1 0 6 0.00 0.0 0 M M M M M M M M
24 83 69 76 6 0 11 0.00 0.0 0 M M M M M M M M
25 85 61 73 3 0 8 0.00 0.0 0 M M M M M M M M
26 73 64 69 -1 0 4 0.55 0.0 0 M M M M M M M M
27 80 62 71 1 0 6 0.35 0.0 0 M M M M M M M M
28 81 61 71 0 0 6 0.15 0.0 0 M M M M M M M M
29 82 64 73 2 0 8 0.01 0.0 0 M M M M M M M M
30 83 62 73 2 0 8 0.00 0.0 0 M M M M M M M M
================================================================================
SM 2538 1854 16 269 1.42 0.0 M M M
================================================================================
AV 84.6 61.8 M FASTST M M M MAX(MPH)
MISC ----> M M M M
================================================================================
NOTES:
# LAST OF SEVERAL OCCURRENCES
COLUMN 17 PEAK WIND IN M.P.H.
PRELIMINARY LOCAL CLIMATOLOGICAL DATA (WS FORM: F-6) , PAGE 2
STATION: CHANHASSEN MN
MONTH: JUNE
YEAR: 2021
LATITUDE: 44 50 N
LONGITUDE: 93 34 W
[TEMPERATURE DATA] [PRECIPITATION DATA] SYMBOLS USED IN COLUMN 16
AVERAGE MONTHLY: 73.2 TOTAL FOR MONTH: 1.42 1 = FOG OR MIST
DPTR FM NORMAL: 5.7 DPTR FM NORMAL: -2.98 2 = FOG REDUCING VISIBILITY
HIGHEST: 96 ON 10, 5 GRTST 24HR 0.55 ON 26-26 TO 1/4 MILE OR LESS
LOWEST: 44 ON 22 3 = THUNDER
SNOW, ICE PELLETS, HAIL 4 = ICE PELLETS
TOTAL MONTH: 0.0 INCH 5 = HAIL
GRTST 24HR 0.0 6 = FREEZING RAIN OR DRIZZLE
GRTST DEPTH: 0 7 = DUSTSTORM OR SANDSTORM:
VSBY 1/2 MILE OR LESS
8 = SMOKE OR HAZE
[NO. OF DAYS WITH] [WEATHER - DAYS WITH] 9 = BLOWING SNOW
X = TORNADO
MAX 32 OR BELOW: 0 0.01 INCH OR MORE: 5
MAX 90 OR ABOVE: 8 0.10 INCH OR MORE: 4
MIN 32 OR BELOW: 0 0.50 INCH OR MORE: 1
MIN 0 OR BELOW: 0 1.00 INCH OR MORE: 0
[HDD (BASE 65) ]
TOTAL THIS MO. 16 CLEAR (SCALE 0-3) 0
DPTR FM NORMAL -32 PTCLDY (SCALE 4-7) 0
TOTAL FM JUL 1 7676 CLOUDY (SCALE 8-10) 30
DPTR FM NORMAL -305
[CDD (BASE 65) ]
TOTAL THIS MO. 269
DPTR FM NORMAL 146 [PRESSURE DATA]
TOTAL FM JAN 1 322 HIGHEST SLP M ON M
DPTR FM NORMAL 169 LOWEST SLP M ON M
[REMARKS]
#FINAL-06-21#