000
CXUS53 KMQT 032253
CLMMQT
CLIMATE REPORT
NATIONAL WEATHER SERVICE
653 PM EDT SAT JUN 03 2023
...................................
...THE MARQUETTE MI CLIMATE SUMMARY FOR THE MONTH OF MAY 2023...
CLIMATE NORMAL PERIOD: 1991 TO 2020
CLIMATE RECORD PERIOD: 1961 TO 2023
WEATHER OBSERVED NORMAL DEPART LAST YEAR`S
VALUE DATE(S) VALUE FROM VALUE DATE(S)
NORMAL
................................................................
TEMPERATURE (F)
RECORD
HIGH 95 05/28/1969
LOW 17 05/09/1983
HIGHEST 91 05/31 62 29 90 05/13
LOWEST 28 05/25 39 -11 29 05/04
AVG. MAXIMUM 65.1 61.7 3.4 64.0
AVG. MINIMUM 41.1 39.6 1.5 43.5
MEAN 53.1 50.6 2.5 53.8
DAYS MAX >= 90 1 0.1 0.9 1
DAYS MAX <= 32 0 0.0 0.0 0
DAYS MIN <= 32 6 7.3 -1.3 5
DAYS MIN <= 0 0 0.0 0.0 0
PRECIPITATION (INCHES)
RECORD
MAXIMUM 7.91 1973
MINIMUM 0.06 1986
TOTALS 4.46 3.37 1.09 3.53
DAILY AVG. 0.14 0.11 0.03 0.11
DAYS >= .01 10 12.8 -2.8 13
DAYS >= .10 4 7.2 -3.2 8
DAYS >= .50 2 1.9 0.1 1
DAYS >= 1.00 1 0.6 0.4 1
GREATEST
24 HR. TOTAL 2.98 05/01 TO 05/01
SNOWFALL (INCHES)
RECORDS
TOTAL 22.6 1990
TOTALS 26.2R 1.4 24.8 0.0
SINCE 7/1 265.1 196.8 68.3 MM
SNOWDEPTH AVG. 3 0
DAYS >= 1.0 2 0.5 1.5 0
GREATEST
SNOW DEPTH 20R 05/02 0 MM
24 HR TOTAL MM
DEGREE DAYS
HEATING TOTAL 386 457 -71 379
SINCE 7/1 8261 9042 -781 MM
COOLING TOTAL 23 12 11 36
SINCE 1/1 23 12 11 MM
................................................................
WIND (MPH)
AVERAGE WIND SPEED MM
HIGHEST WIND SPEED/DIRECTION 17/045 DATE 05/25
HIGHEST GUST SPEED/DIRECTION 40/315 DATE 05/01
SKY COVER
POSSIBLE SUNSHINE (PERCENT) MM
AVERAGE SKY COVER MM
NUMBER OF DAYS FAIR 0
NUMBER OF DAYS PC 0
NUMBER OF DAYS CLOUDY 0
AVERAGE RH (PERCENT) MM
WEATHER CONDITIONS. NUMBER OF DAYS WITH
THUNDERSTORM 0 MIXED PRECIP 0
HEAVY RAIN 0 RAIN 0
LIGHT RAIN 8 FREEZING RAIN 0
LT FREEZING RAIN 0 HAIL 0
HEAVY SNOW 0 SNOW 2
LIGHT SNOW 2 SLEET 0
FOG 6 FOG W/VIS <= 1/4 MILE 3
HAZE 0
- INDICATES NEGATIVE NUMBERS.
R INDICATES RECORD WAS SET OR TIED.
MM INDICATES DATA IS MISSING.
T INDICATES TRACE AMOUNT.
$$