000
CXUS53 KMQT 062310
CLMMQT
CLIMATE REPORT
NATIONAL WEATHER SERVICE
710 PM EDT THU JUL 06 2023
...................................
...THE MARQUETTE MI CLIMATE SUMMARY FOR THE MONTH OF JUNE 2023...
CLIMATE NORMAL PERIOD: 1991 TO 2020
CLIMATE RECORD PERIOD: 1961 TO 2023
WEATHER OBSERVED NORMAL DEPART LAST YEAR`S
VALUE DATE(S) VALUE FROM VALUE DATE(S)
NORMAL
................................................................
TEMPERATURE (F)
RECORD
HIGH 99 06/30/1963
LOW 25 06/04/1964
HIGHEST 91 06/01 70 21 94 06/20
LOWEST 36 06/12 48 -12 37 06/04
AVG. MAXIMUM 72.9 71.8 1.1 74.2
AVG. MINIMUM 50.6 49.7 0.9 51.1
MEAN 61.7 60.7 1.0 62.6
DAYS MAX >= 90 2 0.8 1.2 1
DAYS MAX <= 32 0 0.0 0.0 0
DAYS MIN <= 32 0 0.3 -0.3 0
DAYS MIN <= 0 0 0.0 0.0 0
PRECIPITATION (INCHES)
RECORD
MAXIMUM 12.26 1968
MINIMUM 0.61 1992
TOTALS 3.86 3.27 0.59 3.95
DAILY AVG. 0.13 0.11 0.02 0.13
DAYS >= .01 10 12.6 -2.6 12
DAYS >= .10 8 7.3 0.7 8
DAYS >= .50 2 2.2 -0.2 2
DAYS >= 1.00 1 0.6 0.4 1
GREATEST
24 HR. TOTAL 1.35 06/13 TO 06/13
SNOWFALL (INCHES)
RECORDS
TOTAL T 2018
TOTALS 0.0 0.0 0.0 0.0
SINCE 7/1 265.1 196.8 68.3 MM
SNOWDEPTH AVG. 0 0
DAYS >= 1.0 0 0.0 0.0 0
GREATEST
SNOW DEPTH 0 0 MM
24 HR TOTAL 0.0
DEGREE DAYS
HEATING TOTAL 168 174 -6 142
SINCE 7/1 8429 9217 -788 MM
COOLING TOTAL 77 47 30 76
SINCE 1/1 100 59 41 MM
................................................................
WIND (MPH)
AVERAGE WIND SPEED MM
HIGHEST WIND SPEED/DIRECTION MM DATE MM
HIGHEST GUST SPEED/DIRECTION 29/360 DATE 06/13
SKY COVER
POSSIBLE SUNSHINE (PERCENT) MM
AVERAGE SKY COVER MM
NUMBER OF DAYS FAIR 0
NUMBER OF DAYS PC 0
NUMBER OF DAYS CLOUDY 0
AVERAGE RH (PERCENT) MM
WEATHER CONDITIONS. NUMBER OF DAYS WITH
THUNDERSTORM 2 MIXED PRECIP 0
HEAVY RAIN 3 RAIN 2
LIGHT RAIN 11 FREEZING RAIN 0
LT FREEZING RAIN 0 HAIL 0
HEAVY SNOW 0 SNOW 0
LIGHT SNOW 0 SLEET 0
FOG 5 FOG W/VIS <= 1/4 MILE 3
HAZE 3
- INDICATES NEGATIVE NUMBERS.
R INDICATES RECORD WAS SET OR TIED.
MM INDICATES DATA IS MISSING.
T INDICATES TRACE AMOUNT.
$$