000
CXUS54 KMAF 011110
CF6MRF
PRELIMINARY LOCAL CLIMATOLOGICAL DATA (WS FORM: F-6)
STATION: MARFA
MONTH: SEPTEMBER
YEAR: 2021
LATITUDE: 30 22 N
LONGITUDE: 104 1 W
TEMPERATURE IN F: :PCPN: SNOW: WIND :SUNSHINE: SKY :PK WND
================================================================================
1 2 3 4 5 6A 6B 7 8 9 10 11 12 13 14 15 16 17 18
12Z AVG MX 2MIN
DY MAX MIN AVG DEP HDD CDD WTR SNW DPTH SPD SPD DIR MIN PSBL S-S WX SPD DR
================================================================================
1 89 62 76 M 0 11 0.44 M M 7.6 18 230 M M 3 3 30 230
2 82 65 74 M 0 9 0.08 M M 5.0 10 160 M M 4 13 M M
3 86 62 74 M 0 9 M M M 5.8 22 10 M M 2 25 10
4 86 60 73 M 0 8 M M M 6.3 15 90 M M 1 24 100
5 85 60 73 M 0 8 M M M 9.0 15 20 M M 1 20 50
6 86 60 73 M 0 8 T M M 6.2 10 10 M M 2 M M
7 86 55 71 M 0 6 M M M 4.1 7 99 M M 0 M M
8 87 57 72 M 0 7 M M M 10.4 22 30 M M 1 31 50
9 88 57 73 M 0 8 M M M 7.7 15 70 M M 1 21 60
10 89 52 71 M 0 6 M M M 5.3 12 180 M M 0 M M
11 89 51 70 M 0 5 M M M 7.0 16 120 M M 0 21 30
12 86 48 67 M 0 2 M M M 5.8 10 100 M M 0 M M
13 86 49 68 M 0 3 M M M 4.6 9 150 M M 0 M M
14 91 51 71 M 0 6 M M M 4.7 13 50 M M 0 17 50
15 89 53 71 M 0 6 M M M 6.7 13 50 M M 1 M M
16 89 56 73 M 0 8 0.21 M M 7.3 33 360 M M 2 3 39 360
17 90 55 73 M 0 8 0.26 M M 5.7 22 50 M M 1 3 32 10
18 88 56 72 M 0 7 M M M 5.7 12 130 M M 1 M M
19 90 55 73 M 0 8 M M M 3.7 10 50 M M 1 M M
20 92 56 74 M 0 9 0.10 M M 7.4 18 270 M M 2 24 270
21 74 58 66 M 0 1 M M M 14.4 32 360 M M 1 38 10
22 76 48 62 M 3 0 M M M 7.0 16 50 M M 0 18 40
23 82 44 63 M 2 0 M M M 5.7 10 200 M M 0 M M
24 M M M M M M M M M M M M M M M M M
25 M M M M M M M M M M M M M M M M M
26 M M M M M M M M M M M M M M M M M
27 80 55 68 M 0 3 M M M 9.6 16 240 M M 2 22 240
28 80 55 68 M 0 3 T M M 7.2 18 250 M M 3 26 260
29 82 52 67 M 0 2 M M M 8.3 17 250 M M 2 23 220
30 77 52 65 M 0 0 0.08 M M 9.6 26 350 M M 3 3 31 10
================================================================================
SM 2305 1484 5 151 1.17 M 187.6 M 34
================================================================================
AV 85.4 55.0 6.9 FASTST M M 1 MAX(MPH)
MISC ----> 33 360 39 360
================================================================================
NOTES:
# LAST OF SEVERAL OCCURRENCES
COLUMN 17 PEAK WIND IN M.P.H.
PRELIMINARY LOCAL CLIMATOLOGICAL DATA (WS FORM: F-6) , PAGE 2
STATION: MARFA
MONTH: SEPTEMBER
YEAR: 2021
LATITUDE: 30 22 N
LONGITUDE: 104 1 W
[TEMPERATURE DATA] [PRECIPITATION DATA] SYMBOLS USED IN COLUMN 16
AVERAGE MONTHLY: 70.2 TOTAL FOR MONTH: 1.17 1 = FOG OR MIST
DPTR FM NORMAL: 0.0 DPTR FM NORMAL: M 2 = FOG REDUCING VISIBILITY
HIGHEST: 92 ON 20 GRTST 24HR 0.44 ON 1- 1 TO 1/4 MILE OR LESS
LOWEST: 44 ON 23 3 = THUNDER
SNOW, ICE PELLETS, HAIL 4 = ICE PELLETS
TOTAL MONTH: M 5 = HAIL
GRTST 24HR M ON M 6 = FREEZING RAIN OR DRIZZLE
GRTST DEPTH: M ON M 7 = DUSTSTORM OR SANDSTORM:
VSBY 1/2 MILE OR LESS
8 = SMOKE OR HAZE
[NO. OF DAYS WITH] [WEATHER - DAYS WITH] 9 = BLOWING SNOW
X = TORNADO
MAX 32 OR BELOW: 0 0.01 INCH OR MORE: 6
MAX 90 OR ABOVE: 4 0.10 INCH OR MORE: 3
MIN 32 OR BELOW: 0 0.50 INCH OR MORE: 0
MIN 0 OR BELOW: 0 1.00 INCH OR MORE: 0
[HDD (BASE 65) ]
TOTAL THIS MO. 5 CLEAR (SCALE 0-3) 25
DPTR FM NORMAL M PTCLDY (SCALE 4-7) 2
TOTAL FM JUL 1 5 CLOUDY (SCALE 8-10) 3
DPTR FM NORMAL M
[CDD (BASE 65) ]
TOTAL THIS MO. 151
DPTR FM NORMAL M [PRESSURE DATA]
TOTAL FM JAN 1 1082 HIGHEST SLP M ON M
DPTR FM NORMAL M LOWEST SLP M ON M
[REMARKS]
#FINAL-09-21#