000
CXUS52 KMHX 010958
CF6MRH
PRELIMINARY LOCAL CLIMATOLOGICAL DATA (WS FORM: F-6)
STATION: BEAUFORT/SMITH FIELD NC
MONTH: MARCH
YEAR: 2023
LATITUDE: 34 43 N
LONGITUDE: 76 39 W
TEMPERATURE IN F: :PCPN: SNOW: WIND :SUNSHINE: SKY :PK WND
================================================================================
1 2 3 4 5 6A 6B 7 8 9 10 11 12 13 14 15 16 17 18
12Z AVG MX 2MIN
DY MAX MIN AVG DEP HDD CDD WTR SNW DPTH SPD SPD DIR MIN PSBL S-S WX SPD DR
================================================================================
1 75 56 66 15 0 1 0.00 0.0 0 10.7 18 150 M M 3 1 25 150
2 68 60 64 13 1 0 0.04 0.0 0 8.9 17 340 M M 7 12 23 240
3 74 58 66 15 0 1 0.00 0.0 0 9.5 29 200 M M 7 42 190
4 79 54 67 16 0 2 0.00 0.0 0 14.6 31 220 M M 3 1 42 230
5 63 46 55 3 10 0 0.00 0.0 0 7.0 17 20 M M 0 23 40
6 71 42 57 5 8 0 0.00 0.0 0 5.4 15 230 M M 0 20 230
7 79 52 66 14 0 1 0.00 0.0 0 13.4 23 330 M M 0 31 330
8 57 43 50 -2 15 0 0.00 0.0 0 11.7 23 360 M M 0 31 340
9 63 40 52 0 13 0 0.00 0.0 0 7.5 16 330 M M 0 22 340
10 60 43 52 0 13 0 0.18 0.0 0 6.6 21 300 M M 6 1 28 300
11 59 43 51 -2 14 0 0.00 0.0 0 14.5 25 330 M M 1 33 330
12 58 40 49 -4 16 0 0.54 0.0 0 6.5 13 110 M M 6 1 18 60
13 60 42 51 -2 14 0 0.22 0.0 0 12.1 24 330 M M 9 1 29 330
14 54 39 47 -6 18 0 0.00 0.0 0 16.6 29 330 M M 0 32 330
15 55 34 45 -9 20 0 0.00 0.0 0 15.8 29 330 M M 0 37 330
16 59 35 47 -7 18 0 0.00 0.0 0 8.6 14 230 M M 0 20 240
17 68 55 62 8 3 0 0.00 0.0 0 14.9 25 220 M M 1 33 220
18 66 51 59 5 6 0 0.13 0.0 0 8.5 25 240 M M 9 1 41 280
19 58 43 51 -3 14 0 T 0.0 0 9.3 22 360 M M 3 27 10
20 49 35 42 -13 23 0 T 0.0 0 10.0 20 10 M M 7 27 60
21 62 34 48 -7 17 0 0.00 0.0 0 7.7 16 20 M M 0 25 20
22 69 48 59 4 6 0 0.00 0.0 0 4.7 12 240 M M 6 16 210
23 70 56 63 7 2 0 0.01 0.0 0 12.6 22 220 M M 5 12 29 210
24 70 60 65 9 0 0 0.00 0.0 0 16.0 25 210 M M 2 1 32 220
25 73 61 67 11 0 2 0.01 0.0 0 13.4 25 210 M M 5 1 33 220
26 70 61 66 10 0 1 0.12 0.0 0 9.3 20 300 M M 6 13 25 200
27 71 63 67 10 0 2 0.77 0.0 0 9.5 20 220 M M 2 13 26 220
28 69 54 62 5 3 0 0.00 0.0 0 11.0 18 50 M M 2 26 50
29 61 43 52 -5 13 0 0.04 0.0 0 11.4 28 20 M M 5 1 37 20
30 64 41 53 -4 12 0 0.00 0.0 0 6.8 17 350 M M 0 21 70
31 72 52 62 4 3 0 0.01 0.0 0 12.1 21 200 M M 3 1 27 200
================================================================================
SM 2026 1484 262 10 2.07 0.0 326.6 M 98
================================================================================
AV 65.4 47.9 10.5 FASTST M M 3 MAX(MPH)
MISC ----> 31 220 # 42 190
================================================================================
NOTES:
# LAST OF SEVERAL OCCURRENCES
COLUMN 17 PEAK WIND IN M.P.H.
PRELIMINARY LOCAL CLIMATOLOGICAL DATA (WS FORM: F-6) , PAGE 2
STATION: BEAUFORT/SMITH FIELD NC
MONTH: MARCH
YEAR: 2023
LATITUDE: 34 43 N
LONGITUDE: 76 39 W
[TEMPERATURE DATA] [PRECIPITATION DATA] SYMBOLS USED IN COLUMN 16
AVERAGE MONTHLY: 56.6 TOTAL FOR MONTH: 2.07 1 = FOG OR MIST
DPTR FM NORMAL: 2.6 DPTR FM NORMAL: -1.24 2 = FOG REDUCING VISIBILITY
HIGHEST: 79 ON 7, 4 GRTST 24HR 0.89 ON 26-27 TO 1/4 MILE OR LESS
LOWEST: 34 ON 21,15 3 = THUNDER
SNOW, ICE PELLETS, HAIL 4 = ICE PELLETS
TOTAL MONTH: 0.0 INCH 5 = HAIL
GRTST 24HR 0.0 6 = FREEZING RAIN OR DRIZZLE
GRTST DEPTH: 0 7 = DUSTSTORM OR SANDSTORM:
VSBY 1/2 MILE OR LESS
8 = SMOKE OR HAZE
[NO. OF DAYS WITH] [WEATHER - DAYS WITH] 9 = BLOWING SNOW
X = TORNADO
MAX 32 OR BELOW: 0 0.01 INCH OR MORE: 11
MAX 90 OR ABOVE: 0 0.10 INCH OR MORE: 6
MIN 32 OR BELOW: 0 0.50 INCH OR MORE: 2
MIN 0 OR BELOW: 0 1.00 INCH OR MORE: 0
[HDD (BASE 65) ]
TOTAL THIS MO. 262 CLEAR (SCALE 0-3) 19
DPTR FM NORMAL -86 PTCLDY (SCALE 4-7) 10
TOTAL FM JUL 1 1707 CLOUDY (SCALE 8-10) 2
DPTR FM NORMAL -517
[CDD (BASE 65) ]
TOTAL THIS MO. 10
DPTR FM NORMAL 4 [PRESSURE DATA]
TOTAL FM JAN 1 22 HIGHEST SLP 30.49 ON 21
DPTR FM NORMAL 15 LOWEST SLP 29.57 ON 4
[REMARKS]
#FINAL-03-23#