000
CXUS55 KMSO 010900
CF6MSO
PRELIMINARY LOCAL CLIMATOLOGICAL DATA (WS FORM: F-6)
STATION: MISSOULA MT
MONTH: JULY
YEAR: 2020
LATITUDE: 46 55 N
LONGITUDE: 114 5 W
TEMPERATURE IN F: :PCPN: SNOW: WIND :SUNSHINE: SKY :PK WND
================================================================================
1 2 3 4 5 6A 6B 7 8 9 10 11 12 13 14 15 16 17 18
12Z AVG MX 2MIN
DY MAX MIN AVG DEP HDD CDD WTR SNW DPTH SPD SPD DIR MIN PSBL S-S WX SPD DR
================================================================================
1 68 41 55 -10 10 0 0.02 0.0 0 6.6 21 260 M M 8 12 25 260
2 75 42 59 -6 6 0 0.00 0.0 0 4.6 13 360 M M 4 18 10
3 86 45 66 0 0 1 0.00 0.0 0 3.0 21 140 M M 1 3 25 130
4 85 50 68 2 0 3 0.00 0.0 0 6.3 21 320 M M 1 27 320
5 81 45 63 -3 2 0 0.00 0.0 0 5.8 18 10 M M 0 23 20
6 86 47 67 0 0 2 0.00 0.0 0 2.3 13 300 M M 0 15 320
7 74 51 63 -4 2 0 T 0.0 0 9.0 23 310 M M 5 29 310
8 73 48 61 -6 4 0 0.00 0.0 0 7.0 18 340 M M 4 25 330
9 84 42 63 -5 2 0 T 0.0 0 4.6 21 320 M M 0 26 320
10 78 53 66 -2 0 1 0.27 0.0 0 6.8 29 310 M M 4 1 38 310
11 90 45 68 0 0 3 0.00 0.0 0 2.9 12 120 M M 0 14 50
12 76 53 65 -3 0 0 0.00 0.0 0 9.1 21 250 M M 4 28 260
13 77 46 62 -6 3 0 0.00 0.0 0 6.8 20 310 M M 2 23 320
14 79 42 61 -8 4 0 0.00 0.0 0 6.6 20 340 M M 0 8 28 350
15 85 45 65 -4 0 0 0.00 0.0 0 4.3 14 280 M M 1 20 300
16 88 48 68 -1 0 3 0.00 0.0 0 4.1 18 280 M M 0 22 280
17 81 53 67 -2 0 2 0.00 0.0 0 5.8 23 300 M M 1 30 300
18 84 49 67 -3 0 2 0.00 0.0 0 4.4 18 290 M M 1 22 290
19 86 49 68 -2 0 3 0.00 0.0 0 3.7 17 340 M M 1 23 300
20 89 52 71 1 0 6 0.00 0.0 0 2.6 10 290 M M 2 13 280
21 93 54 74 4 0 9 0.00 0.0 0 3.3 13 310 M M 0 17 10
22 90 53 72 2 0 7 T 0.0 0 3.5 16 260 M M 2 3 19 260
23 80 59 70 0 0 5 T 0.0 0 9.2 22 210 M M 3 29 210
24 86 51 69 -1 0 4 0.00 0.0 0 6.8 22 300 M M 2 27 280
25 84 49 67 -3 0 2 0.00 0.0 0 5.8 16 330 M M 0 21 330
26 89 47 68 -2 0 3 0.00 0.0 0 3.1 16 10 M M 0 21 10
27 96 50 73 3 0 8 0.00 0.0 0 3.3 13 10 M M 0 19 30
28 95 56 76 6 0 11 T 0.0 0 3.3 17 200 M M 1 22 210
29 90 55 73 3 0 8 T 0.0 0 5.0 16 220 M M 1 3 22 210
30 96 48 72 2 0 7 0.00 0.0 0 3.1 9 300 M M 0 13 190
31 100 56 78 8 0 13 0.00 0.0 0 4.6 16 110 M M 0 19 110
================================================================================
SM 2624 1524 33 103 0.29 0.0 157.3 M 48
================================================================================
AV 84.6 49.2 5.1 FASTST M M 2 MAX(MPH)
MISC ----> 29 310 38 310
================================================================================
NOTES:
# LAST OF SEVERAL OCCURRENCES
COLUMN 17 PEAK WIND IN M.P.H.
PRELIMINARY LOCAL CLIMATOLOGICAL DATA (WS FORM: F-6) , PAGE 2
STATION: MISSOULA MT
MONTH: JULY
YEAR: 2020
LATITUDE: 46 55 N
LONGITUDE: 114 5 W
[TEMPERATURE DATA] [PRECIPITATION DATA] SYMBOLS USED IN COLUMN 16
AVERAGE MONTHLY: 66.9 TOTAL FOR MONTH: 0.29 1 = FOG OR MIST
DPTR FM NORMAL: -1.7 DPTR FM NORMAL: -0.70 2 = FOG REDUCING VISIBILITY
HIGHEST: 100 ON 31 GRTST 24HR 0.27 ON 9-10 TO 1/4 MILE OR LESS
LOWEST: 41 ON 1 3 = THUNDER
SNOW, ICE PELLETS, HAIL 4 = ICE PELLETS
TOTAL MONTH: 0.0 INCH 5 = HAIL
GRTST 24HR 0.0 6 = FREEZING RAIN OR DRIZZLE
GRTST DEPTH: 0 7 = DUSTSTORM OR SANDSTORM:
VSBY 1/2 MILE OR LESS
8 = SMOKE OR HAZE
[NO. OF DAYS WITH] [WEATHER - DAYS WITH] 9 = BLOWING SNOW
X = TORNADO
MAX 32 OR BELOW: 0 0.01 INCH OR MORE: 2
MAX 90 OR ABOVE: 8 0.10 INCH OR MORE: 1
MIN 32 OR BELOW: 0 0.50 INCH OR MORE: 0
MIN 0 OR BELOW: 0 1.00 INCH OR MORE: 0
[HDD (BASE 65) ]
TOTAL THIS MO. 33 CLEAR (SCALE 0-3) 25
DPTR FM NORMAL -5 PTCLDY (SCALE 4-7) 6
TOTAL FM JUL 1 33 CLOUDY (SCALE 8-10) 0
DPTR FM NORMAL -9
[CDD (BASE 65) ]
TOTAL THIS MO. 103
DPTR FM NORMAL -48 [PRESSURE DATA]
TOTAL FM JAN 1 145 HIGHEST SLP M ON M
DPTR FM NORMAL -49 LOWEST SLP 29.68 ON 7
[REMARKS]
#FINAL-07-20#