000
CXUS53 KMPX 011734
CF6MSP
PRELIMINARY LOCAL CLIMATOLOGICAL DATA (WS FORM: F-6)
STATION: TWIN CITIES MN
MONTH: MARCH
YEAR: 2020
LATITUDE: 44 52 N
LONGITUDE: 93 13 W
TEMPERATURE IN F: :PCPN: SNOW: WIND :SUNSHINE: SKY :PK WND
================================================================================
1 2 3 4 5 6A 6B 7 8 9 10 11 12 13 14 15 16 17 18
12Z AVG MX 2MIN
DY MAX MIN AVG DEP HDD CDD WTR SNW DPTH SPD SPD DIR MIN PSBL S-S WX SPD DR
================================================================================
1 50 32 41 15 24 0 T T 4 11.5 28 290 M M 6 45 300
2 36 30 33 6 32 0 0.00 0.0 3 10.1 20 310 M M 7 28 240
3 43 30 37 10 28 0 T T 1 12.9 25 300 M M 7 37 270
4 42 24 33 5 32 0 T 0.0 T 7.9 17 170 M M 4 23 170
5 44 30 37 9 28 0 T T T 15.6 30 340 M M 9 18 45 330
6 39 23 31 3 34 0 0.00 0.0 T 6.7 18 10 M M 1 24 40
7 53 32 43 14 22 0 0.00 0.0 T 13.3 22 170 M M 2 33 170
8 61 44 53 24 12 0 0.00 0.0 T 11.8 23 190 M M 3 35 200
9 48 30 39 9 26 0 0.00 0.0 0 10.8 17 350 M M 8 27 20
10 42 23 33 3 32 0 0.04 0.3 0 4.8 18 170 M M 6 1 24 170
11 43 34 39 9 26 0 0.00 0.0 T 6.6 18 170 M M 10 18 24 160
12 43 31 37 6 28 0 0.09 T 0 13.8 29 300 M M 9 18 47 320
13 39 26 33 2 32 0 0.00 0.0 0 13.3 22 280 M M 4 32 260
14 35 23 29 -3 36 0 0.00 0.0 0 6.7 14 20 M M 6 25 30
15 40 21 31 -1 34 0 0.00 0.0 0 7.1 15 170 M M 5 20 140
16 39 27 33 0 32 0 0.01 T 0 10.6 23 300 M M 9 18 31 260
17 44 28 36 3 29 0 T 0.0 0 9.2 17 300 M M 5 26 310
18 45 37 41 7 24 0 T 0.0 0 7.5 13 140 M M 10 1 18 140
19 40 32 36 2 29 0 0.48 0.0 0 11.0 26 350 M M 10 1 38 360
20 34 20 27 -7 38 0 T T 0 13.4 29 340 M M 3 41 350
21 36 20 28 -7 37 0 T T 0 9.7 16 140 M M 5 30 140
22 43 30 37 2 28 0 0.04 0.2 T 15.0 26 170 M M 9 1 43 140
23 44 32 38 2 27 0 0.12 0.8 1 4.2 12 120 M M 8 1 14 130
24 50 37 44 8 21 0 0.00 0.0 0 11.0 24 180 M M 10 1 34 150
25 47 37 42 5 23 0 0.31 0.0 0 5.2 12 340 M M 10 1 16 20
26 51 29 40 3 25 0 0.00 0.0 0 4.0 12 30 M M 7 15 30
27 60 37 49 11 16 0 0.03 0.0 0 4.7 10 20 M M 8 18 19 20
28 48 38 43 5 22 0 1.07 0.0 0 13.5 26 60 M M 10 13 44 70
29 49 33 41 2 24 0 0.22 T T 14.1 28 350 M M 9 1 43 360
30 60 30 45 6 20 0 0.00 0.0 0 4.5 13 80 M M 3 21 40
31 54 34 44 4 21 0 0.00 0.0 0 7.8 13 150 M M 2 25 110
================================================================================
SM 1402 934 842 0 2.41 1.3 298.3 M 205
================================================================================
AV 45.2 30.1 9.6 FASTST M M 7 MAX(MPH)
MISC ----> 30 340 47 320
================================================================================
NOTES:
# LAST OF SEVERAL OCCURRENCES
COLUMN 17 PEAK WIND IN M.P.H.
PRELIMINARY LOCAL CLIMATOLOGICAL DATA (WS FORM: F-6) , PAGE 2
STATION: TWIN CITIES MN
MONTH: MARCH
YEAR: 2020
LATITUDE: 44 52 N
LONGITUDE: 93 13 W
[TEMPERATURE DATA] [PRECIPITATION DATA] SYMBOLS USED IN COLUMN 16
AVERAGE MONTHLY: 37.7 TOTAL FOR MONTH: 2.41 1 = FOG OR MIST
DPTR FM NORMAL: 4.9 DPTR FM NORMAL: 0.52 2 = FOG REDUCING VISIBILITY
HIGHEST: 61 ON 8 GRTST 24HR 1.29 ON 28-29 TO 1/4 MILE OR LESS
LOWEST: 20 ON 21,20 3 = THUNDER
SNOW, ICE PELLETS, HAIL 4 = ICE PELLETS
TOTAL MONTH: 1.3 INCHES 5 = HAIL
GRTST 24HR 0.8 ON 23-23 6 = FREEZING RAIN OR DRIZZLE
GRTST DEPTH: 4 ON 1 7 = DUSTSTORM OR SANDSTORM:
VSBY 1/2 MILE OR LESS
8 = SMOKE OR HAZE
[NO. OF DAYS WITH] [WEATHER - DAYS WITH] 9 = BLOWING SNOW
X = TORNADO
MAX 32 OR BELOW: 0 0.01 INCH OR MORE: 10
MAX 90 OR ABOVE: 0 0.10 INCH OR MORE: 5
MIN 32 OR BELOW: 22 0.50 INCH OR MORE: 1
MIN 0 OR BELOW: 0 1.00 INCH OR MORE: 1
[HDD (BASE 65) ]
TOTAL THIS MO. 842 CLEAR (SCALE 0-3) 6
DPTR FM NORMAL -156 PTCLDY (SCALE 4-7) 14
TOTAL FM JUL 1 6425 CLOUDY (SCALE 8-10) 11
DPTR FM NORMAL -364
[CDD (BASE 65) ]
TOTAL THIS MO. 0
DPTR FM NORMAL 0 [PRESSURE DATA]
TOTAL FM JAN 1 0 HIGHEST SLP 30.74 ON 15
DPTR FM NORMAL 0 LOWEST SLP 29.36 ON 29
[REMARKS]
#FINAL-03-20#