000
CXUS54 KLIX 010810
CF6MSY
PRELIMINARY LOCAL CLIMATOLOGICAL DATA (WS FORM: F-6)
STATION: NEW ORLEANS
MONTH: JULY
YEAR: 2022
LATITUDE: 29 58 N
LONGITUDE: 90 15 W
TEMPERATURE IN F: :PCPN: SNOW: WIND :SUNSHINE: SKY :PK WND
================================================================================
1 2 3 4 5 6A 6B 7 8 9 10 11 12 13 14 15 16 17 18
12Z AVG MX 2MIN
DY MAX MIN AVG DEP HDD CDD WTR SNW DPTH SPD SPD DIR MIN PSBL S-S WX SPD DR
================================================================================
1 90 77 84 0 0 19 0.20 0.0 M 3.2 16 220 M M 7 13 22 220
2 90 77 84 0 0 19 0.33 0.0 M 3.9 22 280 M M 6 13 32 160
3 90 77 84 0 0 19 1.06 0.0 M 3.0 16 130 M M 6 13 19 140
4 89 79 84 0 0 19 0.02 0.0 M 3.5 14 80 M M 5 13 19 140
5 85 76 81 -3 0 16 0.25 0.0 M 3.9 15 140 M M 8 13 20 130
6 91 74 83 -1 0 18 0.70 0.0 M 2.7 22 130 M M 5 13 31 130
7 93 76 85 1 0 20 0.00 0.0 M 2.5 14 200 M M 5 3 18 210
8 93 78 86 2 0 21 0.00 0.0 M 5.2 17 170 M M 5 3 22 190
9 95 79 87 3 0 22 0.00 0.0 M 5.9 16 150 M M 6 3 19 140
10 90 79 85 1 0 20 0.00 0.0 M 6.5 20 180 M M 8 3 26 170
11 95 77 86 2 0 21 0.00 0.0 M 5.5 17 150 M M 6 20 160
12 92 78 85 1 0 20 T 0.0 M 4.8 17 210 M M 8 3 20 210
13 90 77 84 0 0 19 0.00 0.0 M 5.6 15 190 M M 7 3 19 190
14 89 76 83 -1 0 18 0.44 0.0 M 4.1 18 200 M M 7 13 22 200
15 88 78 83 -1 0 18 T 0.0 M 4.4 17 190 M M 7 3 22 190
16 94 75 85 1 0 20 T 0.0 M 4.2 26 30 M M 6 3 36 30
17 93 74 84 0 0 19 0.00 0.0 M 3.8 16 120 M M 3 3 20 130
18 93 77 85 1 0 20 0.03 0.0 M 4.8 17 170 M M 6 3X 20 170
19 95 80 88 4 0 23 0.00 0.0 M 7.8 18 170 M M 7 3 24 190
20 95 80 88 4 0 23 T 0.0 M 7.8 16 130 M M 6 3 20 250
21 95 79 87 3 0 22 0.22 0.0 M 5.8 16 260 M M 6 13 21 230
22 91 75 83 -1 0 18 0.65 0.0 M 5.3 24 110 M M 8 13 31 120
23 91 76 84 0 0 19 0.39 0.0 M 2.4 21 320 M M 6 3 28 320
24 91 77 84 0 0 19 0.02 0.0 M 4.0 18 130 M M 5 3 23 130
25 90 78 84 0 0 19 0.05 0.0 M 4.5 16 340 M M 6 13 21 320
26 91 78 85 1 0 20 0.60 0.0 M 4.3 20 130 M M 6 13 24 140
27 90 77 84 0 0 19 T 0.0 M 4.7 18 300 M M 4 38 23 290
28 88 76 82 -2 0 17 0.23 0.0 M 3.8 16 150 M M 6 13 19 170
29 88 74 81 -3 0 16 0.76 0.0 M 3.3 15 200 M M 5 13 23 220
30 90 77 84 0 0 19 T 0.0 M 4.2 26 230 M M 5 3 32 220
31 90 76 83 -1 0 18 T 0.0 M 4.8 22 180 M M 5 3X 29 180
================================================================================
SM 2825 2387 0 600 5.95 0.0 140.2 M 186
================================================================================
AV 91.1 77.0 4.5 FASTST M M 6 MAX(MPH)
MISC ----> # 26 30 36 30
================================================================================
NOTES:
# LAST OF SEVERAL OCCURRENCES
COLUMN 17 PEAK WIND IN M.P.H.
PRELIMINARY LOCAL CLIMATOLOGICAL DATA (WS FORM: F-6) , PAGE 2
STATION: NEW ORLEANS
MONTH: JULY
YEAR: 2022
LATITUDE: 29 58 N
LONGITUDE: 90 15 W
[TEMPERATURE DATA] [PRECIPITATION DATA] SYMBOLS USED IN COLUMN 16
AVERAGE MONTHLY: 84.1 TOTAL FOR MONTH: 5.95 1 = FOG OR MIST
DPTR FM NORMAL: 0.2 DPTR FM NORMAL: -0.84 2 = FOG REDUCING VISIBILITY
HIGHEST: 95 ON 21,20 GRTST 24HR 1.06 ON 3- 3 TO 1/4 MILE OR LESS
LOWEST: 74 ON 29,17 3 = THUNDER
SNOW, ICE PELLETS, HAIL 4 = ICE PELLETS
TOTAL MONTH: 0.0 INCH 5 = HAIL
GRTST 24HR 0.0 6 = FREEZING RAIN OR DRIZZLE
GRTST DEPTH: M ON M 7 = DUSTSTORM OR SANDSTORM:
VSBY 1/2 MILE OR LESS
8 = SMOKE OR HAZE
[NO. OF DAYS WITH] [WEATHER - DAYS WITH] 9 = BLOWING SNOW
X = TORNADO
MAX 32 OR BELOW: 0 0.01 INCH OR MORE: 16
MAX 90 OR ABOVE: 25 0.10 INCH OR MORE: 12
MIN 32 OR BELOW: 0 0.50 INCH OR MORE: 5
MIN 0 OR BELOW: 0 1.00 INCH OR MORE: 1
[HDD (BASE 65) ]
TOTAL THIS MO. 0 CLEAR (SCALE 0-3) 1
DPTR FM NORMAL 0 PTCLDY (SCALE 4-7) 29
TOTAL FM JUL 1 0 CLOUDY (SCALE 8-10) 1
DPTR FM NORMAL 0
[CDD (BASE 65) ]
TOTAL THIS MO. 600
DPTR FM NORMAL 13 [PRESSURE DATA]
TOTAL FM JAN 1 2015 HIGHEST SLP M ON M
DPTR FM NORMAL 219 LOWEST SLP 29.81 ON 11
[REMARKS]
#FINAL-07-22#