000
CXUS52 KKEY 011704 CCA
CF6MTH
PRELIMINARY LOCAL CLIMATOLOGICAL DATA (WS FORM: F-6)...CORRECTED
STATION: MARATHON
MONTH: NOVEMBER
YEAR: 2021
LATITUDE: 24 43 N
LONGITUDE: 81 5 W
TEMPERATURE IN F: :PCPN: SNOW: WIND :SUNSHINE: SKY :PK WND
================================================================================
1 2 3 4 5 6A 6B 7 8 9 10 11 12 13 14 15 16 17 18
12Z AVG MX 2MIN
DY MAX MIN AVG DEP HDD CDD WTR SNW DPTH SPD SPD DIR MIN PSBL S-S WX SPD DR
================================================================================
1 80 68 74 -4 0 9 0.00 0.0 0 M 14 20 M M 2 22 10
2 82 72 77 -1 0 12 0.00 0.0 0 M 16 60 M M 3 23 60
3 79 71 75 -3 0 10 0.84 0.0 0 9.7 17 50 M M 9 1 24 70
4 82 71 77 -1 0 12 0.22 0.0 0 7.1 13 170 M M 5 13 23 180
5 85 70 78 1 0 13 1.46 0.0 0 M 18 320 M M 6 138 26 350
6 78 68 73 -4 0 8 0.01 0.0 0 12.6 23 330 M M 3 1 36 320
7 74 63 69 -8 0 4 0.00 0.0 0 12.0 17 330 M M 3 28 330
8 73 62 68 -9 0 3 0.00 0.0 0 10.8 17 30 M M 1 25 360
9 78 66 72 -5 0 7 0.00 0.0 0 10.0 16 30 M M 2 23 30
10 80 69 75 -2 0 10 T 0.0 0 8.6 14 50 M M 4 19 60
11 84 73 79 3 0 14 0.49 0.0 0 6.7 17 150 M M 4 18 31 160
12 80 72 76 0 0 11 2.18 0.0 0 5.8 22 260 M M 4 138 32 270
13 81 72 77 1 0 12 0.00 0.0 0 4.3 9 330 M M 0 14 320
14 78 69 74 -2 0 9 0.00 0.0 0 9.1 16 350 M M 1 24 340
15 75 64 70 -6 0 5 0.00 0.0 0 12.0 17 40 M M 0 24 10
16 79 68 74 -2 0 9 0.00 0.0 0 12.9 18 50 M M 0 25 50
17 80 72 76 0 0 11 0.09 0.0 0 11.3 18 70 M M 6 1 26 70
18 78 70 74 -2 0 9 2.32 0.0 0 10.2 16 30 M M 7 13 27 90
19 81 72 77 2 0 12 0.00 0.0 0 10.0 22 30 M M 4 37 40
20 78 73 76 1 0 11 0.09 0.0 0 11.5 20 40 M M 7 1 26 50
21 81 74 78 3 0 13 0.20 0.0 0 7.5 16 60 M M 5 18 23 80
22 80 73 77 2 0 12 0.00 0.0 0 8.1 16 350 M M 4 1 26 330
23 73 63 68 -7 0 3 0.00 0.0 0 14.1 21 350 M M 1 33 340
24 76 62 69 -6 0 4 0.00 0.0 0 14.6 22 50 M M 1 29 60
25 78 66 72 -3 0 7 T 0.0 0 10.2 16 40 M M 3 24 20
26 77 68 73 -2 0 8 0.00 0.0 0 7.0 12 40 M M 1 17 20
27 74 66 70 -5 0 5 0.00 0.0 0 6.9 13 30 M M 0 22 20
28 72 56 64 -11 1 0 0.00 0.0 0 3.7 8 340 M M 0 11 340
29 73 65 69 -6 0 4 0.00 0.0 0 7.7 17 30 M M 3 25 30
30 74 64 69 -6 0 4 0.00 0.0 0 7.6 12 30 M M 3 17 10
================================================================================
SM 2343 2042 1 251 7.90 0.0 252.0 M 92
================================================================================
AV 78.1 68.1 9.3 FASTST M M 3 MAX(MPH)
MISC ----> 23 330 37 40
================================================================================
NOTES:
# LAST OF SEVERAL OCCURRENCES
COLUMN 17 PEAK WIND IN M.P.H.
PRELIMINARY LOCAL CLIMATOLOGICAL DATA (WS FORM: F-6) , PAGE 2
STATION: MARATHON
MONTH: NOVEMBER
YEAR: 2021
LATITUDE: 24 43 N
LONGITUDE: 81 5 W
[TEMPERATURE DATA] [PRECIPITATION DATA] SYMBOLS USED IN COLUMN 16
AVERAGE MONTHLY: 73.1 TOTAL FOR MONTH: 7.90 1 = FOG OR MIST
DPTR FM NORMAL: -2.9 DPTR FM NORMAL: 6.11 2 = FOG REDUCING VISIBILITY
HIGHEST: 85 ON 5 GRTST 24HR 2.67 ON 11-12 TO 1/4 MILE OR LESS
LOWEST: 56 ON 28 3 = THUNDER
SNOW, ICE PELLETS, HAIL 4 = ICE PELLETS
TOTAL MONTH: 0.0 INCH 5 = HAIL
GRTST 24HR 0.0 6 = FREEZING RAIN OR DRIZZLE
GRTST DEPTH: 0 7 = DUSTSTORM OR SANDSTORM:
VSBY 1/2 MILE OR LESS
8 = SMOKE OR HAZE
[NO. OF DAYS WITH] [WEATHER - DAYS WITH] 9 = BLOWING SNOW
X = TORNADO
MAX 32 OR BELOW: 0 0.01 INCH OR MORE: 10
MAX 90 OR ABOVE: 0 0.10 INCH OR MORE: 7
MIN 32 OR BELOW: 0 0.50 INCH OR MORE: 4
MIN 0 OR BELOW: 0 1.00 INCH OR MORE: 3
[HDD (BASE 65) ]
TOTAL THIS MO. 1 CLEAR (SCALE 0-3) 18
DPTR FM NORMAL 0 PTCLDY (SCALE 4-7) 11
TOTAL FM JUL 1 1 CLOUDY (SCALE 8-10) 1
DPTR FM NORMAL 0
[CDD (BASE 65) ]
TOTAL THIS MO. 251
DPTR FM NORMAL -80 [PRESSURE DATA]
TOTAL FM JAN 1 4846 HIGHEST SLP 30.17 ON 24
DPTR FM NORMAL -25 LOWEST SLP 29.81 ON 6
[REMARKS]
#FINAL-11-21#
REMOVED AVERAGE WIND SPEED FROM 1ST, 2ND, AND 5TH, DUE TO EQUIPMENT ISSUES.
CORRECTED SEASONAL HEATING DEGREE DAYS DEPARTURE FROM NORMAL.
CORRECTED SKY COVER DAYS TABLE.
ALIGNED SNOW, ICE PELLETS, HAIL TABLE.
ROSS/TYNER