000
CXUS55 KGJT 010959
CLMMTJ
CLIMATE REPORT
NATIONAL WEATHER SERVICE GRAND JUNCTION CO
359 AM MDT MON MAY 01 2023
...................................
...THE MONTROSE CO CLIMATE SUMMARY FOR THE MONTH OF APRIL 2023...
CLIMATE NORMAL PERIOD 1991 TO 2020
CLIMATE RECORD PERIOD 9999 TO 9999
WEATHER OBSERVED NORMAL DEPART LAST YEAR`S
VALUE DATE(S) VALUE FROM VALUE DATE(S)
NORMAL
................................................................
TEMPERATURE (F)
HIGHEST 79 04/11 MM MM 79 04/21
LOWEST 18 04/06 MM MM 20 04/07
AVG. MAXIMUM 60.3 63.2 -2.9 64.5
AVG. MINIMUM 32.1 35.1 -3.0 33.8
MEAN 46.2 49.2 -3.0 49.1
DAYS MAX >= 90 0 0.0 0.0 0
DAYS MAX <= 32 0 0.0 0.0 0
DAYS MIN <= 32 14 10.6 3.4 12
DAYS MIN <= 0 0 0.0 0.0 0
PRECIPITATION (INCHES)
TOTALS 0.81 0.78 0.03 0.21
DAILY AVG. 0.03 0.03 0.00 0.01
DAYS >= .01 7 6.8 0.2 2
DAYS >= .10 2 2.4 -0.4 1
DAYS >= .50 0 0.1 -0.1 0
DAYS >= 1.00 0 0.0 0.0 0
GREATEST
24 HR. TOTAL 0.37 04/25 TO 04/25 0.17
SNOWFALL (INCHES)
TOTALS MM MM MM MM
SINCE 7/1 MM MM MM MM
SNOWDEPTH AVG. MM MM
DAYS >= 1.0 MM MM MM MM
GREATEST
SNOW DEPTH MM MM MM
24 HR TOTAL MM MM
DEGREE DAYS
HEATING TOTAL 556 476 80 468
SINCE 7/1 6036 5760 276 5546
COOLING TOTAL 0 0 0 0
SINCE 1/1 0 0 0 0
................................................................
WIND (MPH)
AVERAGE WIND SPEED 8.5
HIGHEST WIND SPEED/DIRECTION 40/220 DATE 04/03
HIGHEST GUST SPEED/DIRECTION 59/230 DATE 04/03
SKY COVER
POSSIBLE SUNSHINE (PERCENT) MM
AVERAGE SKY COVER 0.28
NUMBER OF DAYS FAIR 19
NUMBER OF DAYS PC 7
NUMBER OF DAYS CLOUDY 4
AVERAGE RH (PERCENT) 48
WEATHER CONDITIONS. NUMBER OF DAYS WITH
THUNDERSTORM 1 MIXED PRECIP 0
HEAVY RAIN 0 RAIN 3
LIGHT RAIN 7 FREEZING RAIN 0
LT FREEZING RAIN 0 HAIL 0
HEAVY SNOW 0 SNOW 0
LIGHT SNOW 4 SLEET 0
FOG 6 FOG W/VIS <= 1/4 MILE 0
HAZE 4
- INDICATES NEGATIVE NUMBERS.
R INDICATES RECORD WAS SET OR TIED.
MM INDICATES DATA IS MISSING.
T INDICATES TRACE AMOUNT.
$$