000
CXUS53 KILX 010900
CF6MTO
PRELIMINARY LOCAL CLIMATOLOGICAL DATA (WS FORM: F-6)
STATION: MATTOON IL AIRPORT
MONTH: MAY
YEAR: 2022
LATITUDE: 39 28 N
LONGITUDE: 88 17 W
TEMPERATURE IN F: :PCPN: SNOW: WIND :SUNSHINE: SKY :PK WND
================================================================================
1 2 3 4 5 6A 6B 7 8 9 10 11 12 13 14 15 16 17 18
12Z AVG MX 2MIN
DY MAX MIN AVG DEP HDD CDD WTR SNW DPTH SPD SPD DIR MIN PSBL S-S WX SPD DR
================================================================================
1 64 48 56 -3 9 0 0.00 M M 8.9 23 280 M M 6 34 280
2 66 44 55 -4 10 0 0.04 M M 5.6 14 100 M M 3 19 100
3 70 49 60 0 5 0 0.67 M M 13.8 28 280 M M 10 18 36 270
4 59 47 53 -7 12 0 T M M 7.5 16 350 M M 9 1 21 350
5 56 53 55 -5 10 0 0.65 M M 5.9 16 100 M M 10 1 26 100
6 60 52 56 -5 9 0 0.03 M M 10.8 22 20 M M 10 1 31 40
7 69 47 58 -3 7 0 T M M 12.3 20 50 M M 2 26 50
8 70 49 60 -1 5 0 0.00 M M 11.8 24 130 M M 0 34 140
9 80 59 70 8 0 5 0.00 M M 17.2 28 170 M M 3 41 170
10 86 68 77 15 0 12 0.00 M M 10.9 18 190 M M 5 30 160
11 91 72 82 20 0 17 0.00 M M 7.0 14 150 M M 1 18 140
12 88 66 77 14 0 12 0.00 M M 8.1 16 130 M M 0 8 22 120
13 86 60 73 10 0 8 0.00 M M 6.0 16 130 M M 1 22 130
14 88 64 76 13 0 11 0.00 M M 6.7 18 120 M M 1 3 25 350
15 86 55 71 7 0 6 0.64 M M 8.8 35 20 M M 3 13 44 10
16 78 53 66 2 0 1 0.00 M M 11.1 25 320 M M 0 36 290
17 84 59 72 8 0 7 T M M 6.1 17 290 M M 1 25 290
18 71 61 66 1 0 1 0.17 M M 6.4 15 190 M M 7 1 26 200
19 81 59 70 5 0 5 0.08 M M 8.4 24 210 M M 3 123 36 220
20 86 67 77 12 0 12 0.01 M M 13.4 26 190 M M 2 45 200
21 76 58 67 1 0 2 0.56 M M 11.2 30 320 M M 7 13 41 250
22 63 51 57 -9 8 0 T M M 10.2 21 350 M M 5 25 340
23 69 47 58 -8 7 0 0.00 M M 9.1 21 70 M M 1 30 60
24 75 50 63 -4 2 0 0.00 M M 10.1 17 130 M M 2 25 130
25 81 65 73 6 0 8 0.24 M M 14.3 24 170 M M 8 13 36 160
26 74 59 67 0 0 2 0.02 M M 9.5 20 120 M M 8 13 29 110
27 69 56 63 -5 2 0 0.05 M M 7.7 20 330 M M 8 1 25 340
28 73 53 63 -5 2 0 0.00 M M 6.4 15 170 M M 5 12 22 160
29 81 61 71 3 0 6 0.00 M M 13.5 23 170 M M 0 33 170
30 85 67 76 8 0 11 0.00 M M 13.3 24 170 M M 2 36 160
31 86 71 79 10 0 14 0.00 M M 9.9 21 200 M M 1 32 220
================================================================================
SM 2351 1770 88 140 3.16 M 301.9 M 124
================================================================================
AV 75.8 57.1 9.7 FASTST M M 4 MAX(MPH)
MISC ----> 35 20 45 200
================================================================================
NOTES:
# LAST OF SEVERAL OCCURRENCES
COLUMN 17 PEAK WIND IN M.P.H.
PRELIMINARY LOCAL CLIMATOLOGICAL DATA (WS FORM: F-6) , PAGE 2
STATION: MATTOON IL AIRPORT
MONTH: MAY
YEAR: 2022
LATITUDE: 39 28 N
LONGITUDE: 88 17 W
[TEMPERATURE DATA] [PRECIPITATION DATA] SYMBOLS USED IN COLUMN 16
AVERAGE MONTHLY: 66.5 TOTAL FOR MONTH: 3.16 1 = FOG OR MIST
DPTR FM NORMAL: 2.6 DPTR FM NORMAL: -0.70 2 = FOG REDUCING VISIBILITY
HIGHEST: 91 ON 11 GRTST 24HR 0.71 ON 2- 3 TO 1/4 MILE OR LESS
LOWEST: 44 ON 2 3 = THUNDER
SNOW, ICE PELLETS, HAIL 4 = ICE PELLETS
TOTAL MONTH: M 5 = HAIL
GRTST 24HR M ON M 6 = FREEZING RAIN OR DRIZZLE
GRTST DEPTH: M ON M 7 = DUSTSTORM OR SANDSTORM:
VSBY 1/2 MILE OR LESS
8 = SMOKE OR HAZE
[NO. OF DAYS WITH] [WEATHER - DAYS WITH] 9 = BLOWING SNOW
X = TORNADO
MAX 32 OR BELOW: 0 0.01 INCH OR MORE: 12
MAX 90 OR ABOVE: 1 0.10 INCH OR MORE: 6
MIN 32 OR BELOW: 0 0.50 INCH OR MORE: 4
MIN 0 OR BELOW: 0 1.00 INCH OR MORE: 0
[HDD (BASE 65) ]
TOTAL THIS MO. 88 CLEAR (SCALE 0-3) 16
DPTR FM NORMAL -36 PTCLDY (SCALE 4-7) 10
TOTAL FM JUL 1 4934 CLOUDY (SCALE 8-10) 5
DPTR FM NORMAL -351
[CDD (BASE 65) ]
TOTAL THIS MO. 140
DPTR FM NORMAL 49 [PRESSURE DATA]
TOTAL FM JAN 1 154 HIGHEST SLP 30.33 ON 22
DPTR FM NORMAL 48 LOWEST SLP 29.49 ON 20
[REMARKS]
#FINAL-05-22#