000
CXUS53 KGRB 061905
CF6MTW
PRELIMINARY LOCAL CLIMATOLOGICAL DATA (WS FORM: F-6)
STATION: MANITOWOC AWOS
MONTH: JUNE
YEAR: 2023
LATITUDE: 44 7 N
LONGITUDE: 87 40 W
TEMPERATURE IN F: :PCPN: SNOW: WIND :SUNSHINE: SKY :PK WND
================================================================================
1 2 3 4 5 6A 6B 7 8 9 10 11 12 13 14 15 16 17 18
12Z AVG MX 2MIN
DY MAX MIN AVG DEP HDD CDD WTR SNW DPTH SPD SPD DIR MIN PSBL S-S WX SPD DR
================================================================================
1 78 56 67 M 0 2 M M M 4.6 9 130 M M 0 1 M M
2 85 57 71 M 0 6 T M M 2.7 8 110 M M 0 1 M M
3 85 57 71 M 0 6 M M M 5.4 9 30 M M 1 8 16 30
4 75 53 64 M 1 0 M M M 3.3 9 160 M M 2 18 M M
5 79 54 67 M 0 2 M M M 3.5 10 130 M M 1 8 M M
6 69 54 62 M 3 0 M M M 7.5 14 50 M M 3 8 21 50
7 68 48 58 M 7 0 M M M 7.4 13 50 M M 0 20 60
8 70 43 57 M 8 0 M M M 5.9 14 70 M M 0 18 60
9 71 44 58 M 7 0 M M M 5.7 13 150 M M 0 M M
10 75 53 64 M 1 0 0.16 M M 6.1 12 310 M M 4 M M
11 55 45 50 M 15 0 0.17 M M 9.2 14 360 M M 9 20 10
12 66 44 55 M 10 0 T M M 6.0 10 320 M M 7 18 300
13 60 46 53 M 12 0 0.39 M M 6.3 13 290 M M 9 1 M M
14 64 55 60 M 5 0 M M M 4.3 10 130 M M 6 12 M M
15 58 52 55 M 10 0 T M M 8.7 16 340 M M 9 1 21 340
16 68 53 61 M 4 0 M M M 4.9 10 10 M M 5 1 M M
17 74 50 62 M 3 0 M M M 5.1 12 180 M M 0 128 M M
18 71 53 62 M 3 0 M M M 4.3 10 170 M M 0 1 M M
19 79 53 66 M 0 1 M M M 3.8 8 130 M M 0 1 M M
20 79 54 67 M 0 2 M M M 5.4 13 40 M M 0 18 40
21 82 58 70 M 0 5 M M M 4.7 12 150 M M 1 M M
22 83 56 70 M 0 5 M M M 3.6 9 120 M M 0 M M
23 80 57 69 M 0 4 M M M 3.5 9 140 M M 1 8 M M
24 81 56 69 M 0 4 M M M 6.3 15 150 M M 1 M M
25 70 64 67 M 0 2 0.50 M M 7.4 18 140 M M 8 13 M M
26 69 62 66 M 0 1 0.20 M M 12.3 17 330 M M 10 18 24 340
27 75 56 66 M 0 1 M M M 8.6 15 340 M M 7 18 20 350
28 72 52 62 M 3 0 0.01 M M 6.1 13 130 M M 2 18 M M
29 80 63 72 M 0 7 M M M 7.2 13 170 M M 3 18 M M
30 87 62 75 M 0 10 M M M 6.5 17 270 M M 1 18 24 270
================================================================================
SM 2208 1610 92 58 1.43 M 176.1 M 90
================================================================================
AV 73.6 53.7 5.9 FASTST M M 3 MAX(MPH)
MISC ----> 18 140 # 24 340
================================================================================
NOTES:
# LAST OF SEVERAL OCCURRENCES
COLUMN 17 PEAK WIND IN M.P.H.
PRELIMINARY LOCAL CLIMATOLOGICAL DATA (WS FORM: F-6) , PAGE 2
STATION: MANITOWOC AWOS
MONTH: JUNE
YEAR: 2023
LATITUDE: 44 7 N
LONGITUDE: 87 40 W
[TEMPERATURE DATA] [PRECIPITATION DATA] SYMBOLS USED IN COLUMN 16
AVERAGE MONTHLY: 63.6 TOTAL FOR MONTH: 1.43 1 = FOG OR MIST
DPTR FM NORMAL: 0.0 DPTR FM NORMAL: M 2 = FOG REDUCING VISIBILITY
HIGHEST: 87 ON 30 GRTST 24HR 0.75 ON 25-26 TO 1/4 MILE OR LESS
LOWEST: 43 ON 8 3 = THUNDER
SNOW, ICE PELLETS, HAIL 4 = ICE PELLETS
TOTAL MONTH: M 5 = HAIL
GRTST 24HR M ON M 6 = FREEZING RAIN OR DRIZZLE
GRTST DEPTH: M ON M 7 = DUSTSTORM OR SANDSTORM:
VSBY 1/2 MILE OR LESS
8 = SMOKE OR HAZE
[NO. OF DAYS WITH] [WEATHER - DAYS WITH] 9 = BLOWING SNOW
X = TORNADO
MAX 32 OR BELOW: 0 0.01 INCH OR MORE: 6
MAX 90 OR ABOVE: 0 0.10 INCH OR MORE: 5
MIN 32 OR BELOW: 0 0.50 INCH OR MORE: 1
MIN 0 OR BELOW: 0 1.00 INCH OR MORE: 0
[HDD (BASE 65) ]
TOTAL THIS MO. 92 CLEAR (SCALE 0-3) 20
DPTR FM NORMAL M PTCLDY (SCALE 4-7) 5
TOTAL FM JUL 1 7099 CLOUDY (SCALE 8-10) 5
DPTR FM NORMAL 5304
[CDD (BASE 65) ]
TOTAL THIS MO. 58
DPTR FM NORMAL M [PRESSURE DATA]
TOTAL FM JAN 1 73 HIGHEST SLP 30.19 ON 21
DPTR FM NORMAL 73 LOWEST SLP 29.48 ON 26
[REMARKS]
#FINAL-06-23#