000
CXUS53 KGRB 300726
CF6MTW
PRELIMINARY LOCAL CLIMATOLOGICAL DATA (WS FORM: F-6)
STATION: MANITOWOC AWOS
MONTH: SEPTEMBER
YEAR: 2019
LATITUDE: 44 7 N
LONGITUDE: 87 40 W
TEMPERATURE IN F: :PCPN: SNOW: WIND :SUNSHINE: SKY :PK WND
================================================================================
1 2 3 4 5 6A 6B 7 8 9 10 11 12 13 14 15 16 17 18
12Z AVG MX 2MIN
DY MAX MIN AVG DEP HDD CDD WTR SNW DPTH SPD SPD DIR MIN PSBL S-S WX SPD DR
================================================================================
1 69 50 60 M 5 0 T 0.0 0 5.7 12 160 M M 4 1 M M
2 72 58 65 M 0 0 T 0.0 0 4.7 12 90 M M 7 1 M M
3 80 60 70 M 0 5 0.49 0.0 0 11.9 22 220 M M 3 13 33 240
4 63 48 56 M 9 0 0.00 0.0 0 5.5 10 340 M M 7 8 M M
5 66 45 56 M 9 0 0.12 M 0 4.9 23 180 M M 2 13 30 170
6 66 52 59 M 6 0 T 0.0 0 9.5 21 350 M M 9 1 28 340
7 70 51 61 M 4 0 0.00 0.0 0 5.6 13 340 M M 4 M M
8 61 52 57 M 8 0 T 0.0 0 4.3 8 70 M M 9 M M
9 63 55 59 M 6 0 0.22 0.0 0 8.2 13 160 M M 9 13 17 150
10 81 63 72 M 0 7 0.73 0.0 0 9.5 15 180 M M 4 13 22 170
11 72 58 65 M 0 0 0.77 0.0 0 6.9 24 300 M M 8 123 30 300
12 63 59 61 M 4 0 0.46 0.0 0 10.1 17 120 M M 10 13 17 20
13 75 60 68 M 0 3 0.13 0.0 0 15.8 22 240 M M 8 13 37 280
14 71 54 63 M 2 0 T 0.0 0 7.8 13 230 M M 3 138 18 270
15 73 57 65 M 0 0 0.01 0.0 0 3.9 12 180 M M 9 12 M M
16 67 55 61 M 4 0 0.00 0.0 0 4.5 8 150 M M 10 12 M M
17 70 54 62 M 3 0 0.01 0.0 0 5.5 12 160 M M 7 12 M M
18 72 62 67 M 0 2 0.01 0.0 0 11.1 20 160 M M 2 1 27 170
19 75 61 68 M 0 3 T 0.0 0 6.0 13 180 M M 3 1 M M
20 73 57 65 M 0 0 0.00 0.0 0 3.4 8 120 M M 4 12 M M
21 77 64 71 M 0 6 T 0.0 0 7.5 14 170 M M 9 12 M M
22 74 63 69 M 0 4 1.70 0.0 0 6.6 15 290 M M 8 13 M M
23 71 56 64 M 1 0 T 0.0 0 9.2 16 290 M M 2 24 300
24 79 55 67 M 0 2 0.00 0.0 0 8.5 17 220 M M 1 28 230
25 74 61 68 M 0 3 T 0.0 0 12.0 20 270 M M 4 3 29 260
26 67 51 59 M 6 0 0.00 0.0 0 8.2 17 270 M M 1 8 24 280
27 64 55 60 M 5 0 0.37 0.0 0 5.2 15 170 M M 10 123 M M
28 59 51 55 M 10 0 0.00 0.0 0 6.9 13 350 M M 4 1 16 350
29 57 52 55 M 10 0 0.28 0.0 0 10.4 16 90 M M 8 1 22 90
================================================================================
SM 2024 1619 92 35 5.30 0.0 219.3 M 169
================================================================================
AV 69.8 55.8 7.6 FASTST M M 6 MAX(MPH)
MISC ----> # 24 300 # 37 280
================================================================================
NOTES:
# LAST OF SEVERAL OCCURRENCES
COLUMN 17 PEAK WIND IN M.P.H.
PRELIMINARY LOCAL CLIMATOLOGICAL DATA (WS FORM: F-6) , PAGE 2
STATION: MANITOWOC AWOS
MONTH: SEPTEMBER
YEAR: 2019
LATITUDE: 44 7 N
LONGITUDE: 87 40 W
[TEMPERATURE DATA] [PRECIPITATION DATA] SYMBOLS USED IN COLUMN 16
AVERAGE MONTHLY: 62.8 TOTAL FOR MONTH: 5.30 1 = FOG OR MIST
DPTR FM NORMAL: M DPTR FM NORMAL: M 2 = FOG REDUCING VISIBILITY
HIGHEST: 81 ON 10 GRTST 24HR 1.70 ON 22-22 TO 1/4 MILE OR LESS
LOWEST: 45 ON 5 3 = THUNDER
SNOW, ICE PELLETS, HAIL 4 = ICE PELLETS
TOTAL MONTH: 0.0 INCH 5 = HAIL
GRTST 24HR 0.0 6 = FREEZING RAIN OR DRIZZLE
GRTST DEPTH: 0 7 = DUSTSTORM OR SANDSTORM:
VSBY 1/2 MILE OR LESS
8 = SMOKE OR HAZE
[NO. OF DAYS WITH] [WEATHER - DAYS WITH] 9 = BLOWING SNOW
X = TORNADO
MAX 32 OR BELOW: 0 0.01 INCH OR MORE: 13
MAX 90 OR ABOVE: 0 0.10 INCH OR MORE: 10
MIN 32 OR BELOW: 0 0.50 INCH OR MORE: 3
MIN 0 OR BELOW: 0 1.00 INCH OR MORE: 1
[HDD (BASE 65) ]
TOTAL THIS MO. 92 CLEAR (SCALE 0-3) 6
DPTR FM NORMAL M PTCLDY (SCALE 4-7) 13
TOTAL FM JUL 1 139 CLOUDY (SCALE 8-10) 10
DPTR FM NORMAL M
[CDD (BASE 65) ]
TOTAL THIS MO. 35
DPTR FM NORMAL M [PRESSURE DATA]
TOTAL FM JAN 1 320 HIGHEST SLP M ON M
DPTR FM NORMAL 320 LOWEST SLP 30.05 ON 11
[REMARKS]