000
CXUS53 KGRB 210554
CF6MTW
PRELIMINARY LOCAL CLIMATOLOGICAL DATA (WS FORM: F-6)
STATION: MANITOWOC AWOS
MONTH: JULY
YEAR: 2023
LATITUDE: 44 7 N
LONGITUDE: 87 40 W
TEMPERATURE IN F: :PCPN: SNOW: WIND :SUNSHINE: SKY :PK WND
================================================================================
1 2 3 4 5 6A 6B 7 8 9 10 11 12 13 14 15 16 17 18
12Z AVG MX 2MIN
DY MAX MIN AVG DEP HDD CDD WTR SNW DPTH SPD SPD DIR MIN PSBL S-S WX SPD DR
================================================================================
1 83 65 74 M 0 9 T M M 3.1 10 120 M M 3 M M
2 77 62 70 M 0 5 M M M 6.4 13 20 M M 0 18 40
3 79 58 69 M 0 4 M M M 5.7 12 150 M M 0 M M
4 88 63 76 M 0 11 M M M 6.0 13 170 M M 0 1 18 240
5 88 67 78 M 0 13 0.04 M M 5.4 15 190 M M 4 1 18 220
6 75 57 66 M 0 1 0.03 M M 5.5 12 330 M M 6 M M
7 71 53 62 M 3 0 M M M 5.2 12 110 M M 1 M M
8 76 61 69 M 0 4 T M M 5.6 16 110 M M 7 1 18 110
9 74 59 67 M 0 2 M M M 6.6 15 160 M M 2 1 M M
10 88 65 77 M 0 12 T M M 12.0 21 220 M M 0 28 220
11 77 59 68 M 0 3 T M M 7.4 14 350 M M 3 38 18 360
12 69 58 64 M 1 0 T M M 5.4 13 160 M M 6 1 M M
13 71 57 64 M 1 0 0.08 M M 6.2 14 180 M M 6 M M
14 84 61 73 M 0 8 0.03 M M 8.9 20 270 M M 3 13 30 270
15 81 62 72 M 0 7 M M M 5.0 9 300 M M 3 8 M M
16 79 60 70 M 0 5 T M M 8.7 17 230 M M 4 138 24 290
17 75 56 66 M 0 1 M M M 8.2 14 310 M M 3 25 280
18 75 55 65 M 0 0 M M M 5.9 14 170 M M 2 M M
19 79 57 68 M 0 3 M M M 5.8 15 170 M M 3 24 170
20 M M M M M M M M M M M M M M M M M
21 M M M M M M M M M M M M M M M M M
22 M M M M M M M M M M M M M M M M M
23 M M M M M M M M M M M M M M M M M
24 M M M M M M M M M M M M M M M M M
25 M M M M M M M M M M M M M M M M M
26 M M M M M M M M M M M M M M M M M
27 M M M M M M M M M M M M M M M M M
28 M M M M M M M M M M M M M M M M M
29 M M M M M M M M M M M M M M M M M
30 M M M M M M M M M M M M M M M M M
31 M M M M M M M M M M M M M M M M M
================================================================================
SM 1489 1135 5 88 0.18 M 122.9 M 56
================================================================================
AV 78.4 59.7 6.5 FASTST M M 3 MAX(MPH)
MISC ----> 21 220 30 270
================================================================================
NOTES:
# LAST OF SEVERAL OCCURRENCES
COLUMN 17 PEAK WIND IN M.P.H.
PRELIMINARY LOCAL CLIMATOLOGICAL DATA (WS FORM: F-6) , PAGE 2
STATION: MANITOWOC AWOS
MONTH: JULY
YEAR: 2023
LATITUDE: 44 7 N
LONGITUDE: 87 40 W
[TEMPERATURE DATA] [PRECIPITATION DATA] SYMBOLS USED IN COLUMN 16
AVERAGE MONTHLY: 69.1 TOTAL FOR MONTH: 0.18 1 = FOG OR MIST
DPTR FM NORMAL: 0.0 DPTR FM NORMAL: M 2 = FOG REDUCING VISIBILITY
HIGHEST: 88 ON 10, 5 GRTST 24HR 0.10 ON 5- 6 TO 1/4 MILE OR LESS
LOWEST: 53 ON 7 3 = THUNDER
SNOW, ICE PELLETS, HAIL 4 = ICE PELLETS
TOTAL MONTH: M 5 = HAIL
GRTST 24HR M ON M 6 = FREEZING RAIN OR DRIZZLE
GRTST DEPTH: M ON M 7 = DUSTSTORM OR SANDSTORM:
VSBY 1/2 MILE OR LESS
8 = SMOKE OR HAZE
[NO. OF DAYS WITH] [WEATHER - DAYS WITH] 9 = BLOWING SNOW
X = TORNADO
MAX 32 OR BELOW: 0 0.01 INCH OR MORE: 4
MAX 90 OR ABOVE: 0 0.10 INCH OR MORE: 0
MIN 32 OR BELOW: 0 0.50 INCH OR MORE: 0
MIN 0 OR BELOW: 0 1.00 INCH OR MORE: 0
[HDD (BASE 65) ]
TOTAL THIS MO. 5 CLEAR (SCALE 0-3) 12
DPTR FM NORMAL M PTCLDY (SCALE 4-7) 7
TOTAL FM JUL 1 5 CLOUDY (SCALE 8-10) 0
DPTR FM NORMAL M
[CDD (BASE 65) ]
TOTAL THIS MO. 88
DPTR FM NORMAL M [PRESSURE DATA]
TOTAL FM JAN 1 161 HIGHEST SLP M ON M
DPTR FM NORMAL 161 LOWEST SLP M ON M
[REMARKS]