000
CXUS56 KOTX 010910
CF6MWH
PRELIMINARY LOCAL CLIMATOLOGICAL DATA (WS FORM: F-6)
STATION: MOSES LAKE WA AIRPORT
MONTH: MARCH
YEAR: 2024
LATITUDE: 47 12 N
LONGITUDE: 119 19 W
TEMPERATURE IN F: :PCPN: SNOW: WIND :SUNSHINE: SKY :PK WND
================================================================================
1 2 3 4 5 6A 6B 7 8 9 10 11 12 13 14 15 16 17 18
12Z AVG MX 2MIN
DY MAX MIN AVG DEP HDD CDD WTR SNW DPTH SPD SPD DIR MIN PSBL S-S WX SPD DR
================================================================================
1 47 29 38 -1 27 0 T M M 10.6 25 270 M M 2 40 180
2 47 26 37 -3 28 0 T M M 8.7 23 240 M M 3 1 29 240
3 46 22 34 -6 31 0 0.00 M M 6.1 16 200 M M 3 22 200
4 48 25 37 -3 28 0 0.00 M M 8.3 20 240 M M 3 28 260
5 46 25 36 -4 29 0 0.00 M M 5.8 12 340 M M 2 15 340
6 45 19 32 -9 33 0 0.00 M M 4.9 10 350 M M 1 14 360
7 47 22 35 -6 30 0 0.00 M M 5.2 10 210 M M 3 14 30
8 51 24 38 -3 27 0 0.00 M M 5.4 10 350 M M 2 20 290
9 55 27 41 -1 24 0 0.00 M M 8.0 21 230 M M 2 31 240
10 57 38 48 6 17 0 0.00 M M 10.3 28 230 M M 6 41 220
11 53 33 43 1 22 0 0.05 M M 9.2 20 170 M M 4 31 190
12 56 33 45 3 20 0 0.00 M M 11.4 26 260 M M 1 35 260
13 57 31 44 1 21 0 0.00 M M 6.3 13 300 M M 0 18 290
14 58 26 42 -1 23 0 0.00 M M 5.1 9 20 M M 0 12 40
15 64 28 46 3 19 0 0.00 M M 5.8 10 360 M M 0 15 40
16 71 34 53 9 12 0 0.00 M M 5.6 12 10 M M 0 15 40
17 72 37 55 11 10 0 0.00 M M 4.4 14 50 M M 0 17 40
18 72 34 53 9 12 0 0.00 M M 4.3 9 170 M M 0 14 180
19 73 35 54 10 11 0 0.00 M M 4.4 13 350 M M 0 13 170
20 69 37 53 9 12 0 0.00 M M 8.0 20 240 M M 0 27 240
21 66 46 56 11 9 0 0.00 M M 7.2 17 250 M M 4 23 240
22 62 35 49 4 16 0 T M M 8.2 16 360 M M 5 21 360
23 55 40 48 3 17 0 0.07 M M 6.8 21 330 M M 7 28 330
24 61 37 49 4 16 0 0.02 M M 9.1 21 360 M M 5 28 310
25 57 27 42 -4 23 0 0.00 M M 5.8 14 230 M M 3 21 180
26 61 27 44 -2 21 0 0.00 M M 5.6 18 270 M M 2 25 270
27 48 33 41 -5 24 0 0.28 M M 6.1 16 140 M M 8 1 20 130
28 56 37 47 1 18 0 0.00 M M 8.1 20 180 M M 4 12 28 180
29 58 32 45 -1 20 0 0.00 M M 4.4 17 260 M M 0 24 270
30 60 28 44 -2 21 0 0.00 M M 5.7 16 10 M M 0 23 360
31 62 38 50 3 15 0 0.00 M M 13.4 30 10 M M 0 40 10
================================================================================
SM 1780 965 636 0 0.42 M 218.2 M 70
================================================================================
AV 57.4 31.1 7.0 FASTST M M 2 MAX(MPH)
MISC ----> 30 10 41 220
================================================================================
NOTES:
# LAST OF SEVERAL OCCURRENCES
COLUMN 17 PEAK WIND IN M.P.H.
PRELIMINARY LOCAL CLIMATOLOGICAL DATA (WS FORM: F-6) , PAGE 2
STATION: MOSES LAKE WA AIRPORT
MONTH: MARCH
YEAR: 2024
LATITUDE: 47 12 N
LONGITUDE: 119 19 W
[TEMPERATURE DATA] [PRECIPITATION DATA] SYMBOLS USED IN COLUMN 16
AVERAGE MONTHLY: 44.3 TOTAL FOR MONTH: 0.42 1 = FOG OR MIST
DPTR FM NORMAL: 1.0 DPTR FM NORMAL: -0.31 2 = FOG REDUCING VISIBILITY
HIGHEST: 73 ON 19 GRTST 24HR 0.28 ON 27-27 TO 1/4 MILE OR LESS
LOWEST: 19 ON 6 3 = THUNDER
SNOW, ICE PELLETS, HAIL 4 = ICE PELLETS
TOTAL MONTH: M 5 = HAIL
GRTST 24HR M ON M 6 = FREEZING RAIN OR DRIZZLE
GRTST DEPTH: M ON M 7 = DUSTSTORM OR SANDSTORM:
VSBY 1/2 MILE OR LESS
8 = SMOKE OR HAZE
[NO. OF DAYS WITH] [WEATHER - DAYS WITH] 9 = BLOWING SNOW
X = TORNADO
MAX 32 OR BELOW: 0 0.01 INCH OR MORE: 4
MAX 90 OR ABOVE: 0 0.10 INCH OR MORE: 1
MIN 32 OR BELOW: 16 0.50 INCH OR MORE: 0
MIN 0 OR BELOW: 0 1.00 INCH OR MORE: 0
[HDD (BASE 65) ]
TOTAL THIS MO. 636 CLEAR (SCALE 0-3) 21
DPTR FM NORMAL -37 PTCLDY (SCALE 4-7) 10
TOTAL FM JUL 1 4711 CLOUDY (SCALE 8-10) 0
DPTR FM NORMAL -389
[CDD (BASE 65) ]
TOTAL THIS MO. 0
DPTR FM NORMAL 0 [PRESSURE DATA]
TOTAL FM JAN 1 0 HIGHEST SLP M ON M
DPTR FM NORMAL 0 LOWEST SLP 29.26 ON 2
[REMARKS]
#FINAL-03-24#