000
CXUS56 KOTX 011010
CF6MWH
PRELIMINARY LOCAL CLIMATOLOGICAL DATA (WS FORM: F-6)
STATION: MOSES LAKE WA AIRPORT
MONTH: NOVEMBER
YEAR: 2023
LATITUDE: 47 12 N
LONGITUDE: 119 19 W
TEMPERATURE IN F: :PCPN: SNOW: WIND :SUNSHINE: SKY :PK WND
================================================================================
1 2 3 4 5 6A 6B 7 8 9 10 11 12 13 14 15 16 17 18
12Z AVG MX 2MIN
DY MAX MIN AVG DEP HDD CDD WTR SNW DPTH SPD SPD DIR MIN PSBL S-S WX SPD DR
================================================================================
1 45 24 35 -8 30 0 0.13 M M 3.1 7 360 M M 4 18 7 10
2 45 38 42 0 23 0 0.15 M M 2.7 13 50 M M 9 128 13 50
3 52 40 46 4 19 0 T M M 5.4 12 360 M M 6 128 12 360
4 50 45 48 6 17 0 0.22 M M 3.9 14 360 M M 10 12 17 360
5 54 39 47 6 18 0 0.01 M M 3.2 9 20 M M 6 12 11 20
6 51 44 48 7 17 0 0.19 M M 6.1 12 180 M M 9 1 14 180
7 57 37 47 7 18 0 0.01 M M 10.1 24 280 M M 4 30 280
8 54 31 43 3 22 0 0.00 M M 3.6 12 150 M M 0 14 190
9 45 30 38 -2 27 0 T M M 6.6 12 70 M M 3 16 60
10 42 31 37 -2 28 0 T M M 3.0 8 90 M M 6 128 10 150
11 55 38 47 8 18 0 0.00 M M 13.2 30 240 M M 3 41 230
12 53 35 44 5 21 0 0.00 M M 7.6 13 360 M M 0 15 360
13 54 30 42 4 23 0 0.00 M M 4.3 12 170 M M 2 13 170
14 48 24 36 -2 29 0 0.00 M M 4.7 10 20 M M 0 14 20
15 41 28 35 -3 30 0 0.00 M M 3.5 10 360 M M 6 12 10
16 43 22 33 -4 32 0 T M M 4.2 12 330 M M 1 1 13 340
17 36 24 30 -7 35 0 0.00 M M 5.8 9 330 M M 7 12 11 360
18 36 27 32 -4 33 0 0.04 M M 4.8 10 60 M M 8 1 12 70
19 55 35 45 9 20 0 0.02 M M 10.8 23 240 M M 3 1 30 240
20 48 23 36 0 29 0 0.00 M M 6.2 12 350 M M 0 13 360
21 43 29 36 0 29 0 0.00 M M 4.0 10 350 M M 1 12 350
22 48 31 40 5 25 0 T M M 3.9 9 330 M M 3 1 11 340
23 50 30 40 5 25 0 0.00 M M 11.9 24 360 M M 1 29 360
24 47 22 35 1 30 0 0.00 M M 8.7 18 10 M M 0 22 360
25 31 18 25 -9 40 0 0.00 M M 4.3 12 350 M M 2 1 13 350
26 39 19 29 -5 36 0 0.00 M M 2.4 6 360 M M 4 1 7 120
27 41 22 32 -2 33 0 0.00 M M 3.9 9 350 M M 6 11 350
28 27 17 22 -11 43 0 T M M 3.6 7 120 M M 8 12 8 120
29 30 25 28 -5 37 0 0.00 M M 1.5 8 120 M M 10 1 9 120
30 32 28 30 -3 35 0 0.03 M M 1.7 7 290 M M 10 18 9 300
================================================================================
SM 1352 886 822 0 0.80 M 158.7 M 132
================================================================================
AV 45.1 29.5 5.3 FASTST M M 4 MAX(MPH)
MISC ----> 30 240 41 230
================================================================================
NOTES:
# LAST OF SEVERAL OCCURRENCES
COLUMN 17 PEAK WIND IN M.P.H.
PRELIMINARY LOCAL CLIMATOLOGICAL DATA (WS FORM: F-6) , PAGE 2
STATION: MOSES LAKE WA AIRPORT
MONTH: NOVEMBER
YEAR: 2023
LATITUDE: 47 12 N
LONGITUDE: 119 19 W
[TEMPERATURE DATA] [PRECIPITATION DATA] SYMBOLS USED IN COLUMN 16
AVERAGE MONTHLY: 37.3 TOTAL FOR MONTH: 0.80 1 = FOG OR MIST
DPTR FM NORMAL: -0.3 DPTR FM NORMAL: -0.07 2 = FOG REDUCING VISIBILITY
HIGHEST: 57 ON 7 GRTST 24HR 0.28 ON 1- 2 TO 1/4 MILE OR LESS
LOWEST: 17 ON 28 3 = THUNDER
SNOW, ICE PELLETS, HAIL 4 = ICE PELLETS
TOTAL MONTH: M 5 = HAIL
GRTST 24HR M ON M 6 = FREEZING RAIN OR DRIZZLE
GRTST DEPTH: M ON M 7 = DUSTSTORM OR SANDSTORM:
VSBY 1/2 MILE OR LESS
8 = SMOKE OR HAZE
[NO. OF DAYS WITH] [WEATHER - DAYS WITH] 9 = BLOWING SNOW
X = TORNADO
MAX 32 OR BELOW: 4 0.01 INCH OR MORE: 9
MAX 90 OR ABOVE: 0 0.10 INCH OR MORE: 4
MIN 32 OR BELOW: 21 0.50 INCH OR MORE: 0
MIN 0 OR BELOW: 0 1.00 INCH OR MORE: 0
[HDD (BASE 65) ]
TOTAL THIS MO. 822 CLEAR (SCALE 0-3) 12
DPTR FM NORMAL -2 PTCLDY (SCALE 4-7) 13
TOTAL FM JUL 1 1334 CLOUDY (SCALE 8-10) 5
DPTR FM NORMAL -90
[CDD (BASE 65) ]
TOTAL THIS MO. 0
DPTR FM NORMAL 0 [PRESSURE DATA]
TOTAL FM JAN 1 883 HIGHEST SLP M ON M
DPTR FM NORMAL 206 LOWEST SLP 29.58 ON 6
[REMARKS]
#FINAL-11-23#