000
CXUS54 KLZK 011330
CF6MWT
PRELIMINARY LOCAL CLIMATOLOGICAL DATA (WS FORM: F-6)
STATION: MOUNT IDA
MONTH: JANUARY
YEAR: 2024
LATITUDE: 34 32 N
LONGITUDE: 93 35 W
TEMPERATURE IN F: :PCPN: SNOW: WIND :SUNSHINE: SKY :PK WND
================================================================================
1 2 3 4 5 6A 6B 7 8 9 10 11 12 13 14 15 16 17 18
12Z AVG MX 2MIN
DY MAX MIN AVG DEP HDD CDD WTR SNW DPTH SPD SPD DIR MIN PSBL S-S WX SPD DR
================================================================================
1 49 25 37 -5 28 0 0.00 0.0 0 0.8 6 100 M M 1 10 90
2 45 22 34 -8 31 0 0.00 0.0 0 0.5 5 70 M M 0 8 9 50
3 56 30 43 1 22 0 0.00 0.0 0 0.7 7 320 M M 3 11 300
4 51 24 38 -4 27 0 0.00 0.0 0 2.3 12 120 M M 0 15 60
5 38 32 35 -7 30 0 0.71 T 0 2.3 10 100 M M 9 12 20 120
6 46 34 40 -2 25 0 0.00 0.0 0 1.6 9 270 M M 9 1 16 260
7 58 28 43 1 22 0 0.00 0.0 0 1.7 9 110 M M 0 1 14 120
8 46 40 43 1 22 0 1.24 0.0 0 3.6 16 110 M M 8 12 29 120
9 44 31 38 -4 27 0 0.00 0.0 0 6.6 16 280 M M 8 1 31 240
10 58 24 41 -1 24 0 0.00 0.0 0 1.6 14 180 M M 0 27 180
11 64 26 45 3 20 0 1.13 0.0 0 3.2 20 110 M M 5 18 37 110
12 66 28 47 5 18 0 0.44 0.0 0 8.3 12 300 M M 5 1 31 280
13 53 21 37 -5 28 0 0.00 0.0 0 4.4 8 310 M M 0 17 290
14 22 11 17 -25 48 0 0.17 1.5 0 4.6 9 310 M M 7 M M
15 20 10 15 -27 50 0 0.15 1.5 2 3.5 10 320 M M 7 8 21 310
16 23 5 14 -28 51 0 0.00 0.0 1 4.4 13 290 M M 0 21 300
17 38 4 21 -21 44 0 0.00 0.0 0 3.0 13 170 M M 0 24 170
18 45 28 37 -5 28 0 0.00 0.0 0 1.3 9 120 M M 6 1 16 150
19 40 20 30 -12 35 0 0.00 0.0 0 7.0 18 310 M M 0 29 280
20 33 14 24 -18 41 0 0.00 0.0 0 1.3 8 120 M M 0 12 50
21 33 16 25 -17 40 0 0.00 0.0 0 3.8 10 120 M M 5 14 90
22 42 32 37 -5 28 0 2.53 0.0 0 1.9 7 250 M M 10 1 13 70
23 50 40 45 3 20 0 0.98 0.0 0 0.7 8 100 M M 10 12 11 100
24 56 47 52 10 13 0 0.19 0.0 0 0.2 6 120 M M 10 12 7 120
25 66 46 56 14 9 0 0.39 0.0 0 1.1 9 280 M M 8 12 16 280
26 56 44 50 8 15 0 0.07 0.0 0 1.0 6 70 M M 10 12 12 60
27 49 38 44 2 21 0 0.84 0.0 0 3.5 13 300 M M 10 1 21 330
28 58 34 46 4 19 0 0.00 0.0 0 4.3 12 290 M M 3 19 260
29 66 28 47 4 18 0 0.00 0.0 0 1.2 6 99 M M 0 M M
30 72 34 53 10 12 0 0.00 0.0 0 3.0 14 290 M M 0 25 300
31 68 32 50 7 15 0 0.00 0.0 0 0.6 6 90 M M 0 10 230
================================================================================
SM 1511 848 831 0 8.84 3.0 84.0 M 134
================================================================================
AV 48.7 27.4 2.7 FASTST M M 4 MAX(MPH)
MISC ----> 20 110 37 110
================================================================================
NOTES:
# LAST OF SEVERAL OCCURRENCES
COLUMN 17 PEAK WIND IN M.P.H.
PRELIMINARY LOCAL CLIMATOLOGICAL DATA (WS FORM: F-6) , PAGE 2
STATION: MOUNT IDA
MONTH: JANUARY
YEAR: 2024
LATITUDE: 34 32 N
LONGITUDE: 93 35 W
[TEMPERATURE DATA] [PRECIPITATION DATA] SYMBOLS USED IN COLUMN 16
AVERAGE MONTHLY: 38.0 TOTAL FOR MONTH: 8.84 1 = FOG OR MIST
DPTR FM NORMAL: -3.8 DPTR FM NORMAL: 5.03 2 = FOG REDUCING VISIBILITY
HIGHEST: 72 ON 30 GRTST 24HR 2.53 ON 22-22 TO 1/4 MILE OR LESS
LOWEST: 4 ON 17 3 = THUNDER
SNOW, ICE PELLETS, HAIL 4 = ICE PELLETS
TOTAL MONTH: 3.0 INCHES 5 = HAIL
GRTST 24HR 1.5 ON 15-15 6 = FREEZING RAIN OR DRIZZLE
GRTST DEPTH: 2 ON 15 7 = DUSTSTORM OR SANDSTORM:
VSBY 1/2 MILE OR LESS
8 = SMOKE OR HAZE
[NO. OF DAYS WITH] [WEATHER - DAYS WITH] 9 = BLOWING SNOW
X = TORNADO
MAX 32 OR BELOW: 3 0.01 INCH OR MORE: 12
MAX 90 OR ABOVE: 0 0.10 INCH OR MORE: 11
MIN 32 OR BELOW: 22 0.50 INCH OR MORE: 6
MIN 0 OR BELOW: 0 1.00 INCH OR MORE: 3
[HDD (BASE 65) ]
TOTAL THIS MO. 831 CLEAR (SCALE 0-3) 14
DPTR FM NORMAL 112 PTCLDY (SCALE 4-7) 8
TOTAL FM JUL 1 1917 CLOUDY (SCALE 8-10) 9
DPTR FM NORMAL -51
[CDD (BASE 65) ]
TOTAL THIS MO. 0
DPTR FM NORMAL -1 [PRESSURE DATA]
TOTAL FM JAN 1 0 HIGHEST SLP 30.67 ON 20
DPTR FM NORMAL -1 LOWEST SLP 29.33 ON 12
[REMARKS]
#FINAL-01-24#