627
CXUS54 KLZK 011230
CF6MWT
PRELIMINARY LOCAL CLIMATOLOGICAL DATA (WS FORM: F-6)
STATION: MOUNT IDA
MONTH: JANUARY
YEAR: 2021
LATITUDE: 34 32 N
LONGITUDE: 93 35 W
TEMPERATURE IN F: :PCPN: SNOW: WIND :SUNSHINE: SKY :PK WND
================================================================================
1 2 3 4 5 6A 6B 7 8 9 10 11 12 13 14 15 16 17 18
12Z AVG MX 2MIN
DY MAX MIN AVG DEP HDD CDD WTR SNW DPTH SPD SPD DIR MIN PSBL S-S WX SPD DR
================================================================================
1 44 36 40 0 25 0 0.13 0.0 0 3.5 10 220 M M 10 1 17 250
2 44 28 36 -4 29 0 0.03 T 0 2.1 10 300 M M 7 1 16 290
3 58 24 41 1 24 0 0.00 0.0 0 1.2 10 140 M M 0 12 16 200
4 68 30 49 9 16 0 0.00 0.0 0 2.4 16 320 M M 0 26 320
5 61 28 45 5 20 0 0.00 0.0 0 1.8 8 130 M M 0 M M
6 45 30 38 -2 27 0 1.58 0.0 0 2.6 9 130 M M 8 1 16 140
7 42 33 38 -2 27 0 0.10 2.0 1 1.8 8 350 M M 10 1 12 20
8 40 31 36 -4 29 0 0.00 0.0 0 2.4 10 330 M M 10 15 310
9 47 23 35 -5 30 0 0.00 0.0 0 0.9 9 320 M M 1 14 280
10 38 23 31 -9 34 0 0.00 0.0 0 0.3 6 10 M M 4 11 20
11 49 25 37 -3 28 0 0.00 0.0 0 1.7 10 340 M M 5 15 350
12 54 19 37 -3 28 0 0.00 0.0 0 0.9 9 270 M M 0 14 260
13 56 22 39 -1 26 0 0.00 0.0 0 1.5 10 230 M M 0 17 220
14 61 33 47 7 18 0 0.00 0.0 0 4.1 18 310 M M 1 31 320
15 47 35 41 1 24 0 0.00 0.0 0 7.3 18 300 M M 4 32 300
16 53 33 43 3 22 0 0.00 0.0 0 3.9 14 320 M M 4 25 330
17 57 27 42 2 23 0 0.00 0.0 0 3.8 16 300 M M 1 24 310
18 62 23 43 2 22 0 0.00 0.0 0 1.2 12 220 M M 2 21 240
19 62 42 52 11 13 0 0.00 0.0 0 2.6 9 20 M M 5 14 320
20 49 32 41 0 24 0 0.12 0.0 0 0.8 8 170 M M 8 1 12 140
21 53 45 49 8 16 0 0.00 0.0 0 1.2 7 150 M M 9 1 9 260
22 57 39 48 7 17 0 0.00 0.0 0 2.6 10 140 M M 5 1 17 90
23 46 37 42 1 23 0 0.00 0.0 0 3.3 10 140 M M 9 16 140
24 56 41 49 8 16 0 1.47 0.0 0 1.8 17 140 M M 10 1 26 130
25 75 44 60 19 5 0 0.49 0.0 0 5.1 12 250 M M 5 1 24 180
26 60 35 48 7 17 0 0.00 0.0 0 1.1 8 310 M M 3 1 12 340
27 44 34 39 -2 26 0 0.06 0.0 0 5.5 15 330 M M 7 1 24 20
28 48 32 40 -1 25 0 0.00 0.0 0 2.4 8 120 M M 4 14 80
29 54 28 41 0 24 0 0.00 0.0 0 2.8 10 180 M M 1 18 180
30 61 47 54 13 11 0 0.24 0.0 0 4.5 14 200 M M 7 1 25 210
31 51 41 46 5 19 0 0.00 0.0 0 7.6 21 330 M M 9 33 350
================================================================================
SM 1642 1000 688 0 4.22 2.0 84.7 M 149
================================================================================
AV 53.0 32.3 2.7 FASTST M M 5 MAX(MPH)
MISC ----> 21 330 33 350
================================================================================
NOTES:
# LAST OF SEVERAL OCCURRENCES
COLUMN 17 PEAK WIND IN M.P.H.
PRELIMINARY LOCAL CLIMATOLOGICAL DATA (WS FORM: F-6) , PAGE 2
STATION: MOUNT IDA
MONTH: JANUARY
YEAR: 2021
LATITUDE: 34 32 N
LONGITUDE: 93 35 W
[TEMPERATURE DATA] [PRECIPITATION DATA] SYMBOLS USED IN COLUMN 16
AVERAGE MONTHLY: 42.6 TOTAL FOR MONTH: 4.22 1 = FOG OR MIST
DPTR FM NORMAL: 2.0 DPTR FM NORMAL: 0.57 2 = FOG REDUCING VISIBILITY
HIGHEST: 75 ON 25 GRTST 24HR 2.21 ON 31- 1 TO 1/4 MILE OR LESS
LOWEST: 19 ON 12 3 = THUNDER
SNOW, ICE PELLETS, HAIL 4 = ICE PELLETS
TOTAL MONTH: 2.0 INCHES 5 = HAIL
GRTST 24HR 2.0 ON 7- 7 6 = FREEZING RAIN OR DRIZZLE
GRTST DEPTH: 1 ON 7 7 = DUSTSTORM OR SANDSTORM:
VSBY 1/2 MILE OR LESS
8 = SMOKE OR HAZE
[NO. OF DAYS WITH] [WEATHER - DAYS WITH] 9 = BLOWING SNOW
X = TORNADO
MAX 32 OR BELOW: 0 0.01 INCH OR MORE: 9
MAX 90 OR ABOVE: 0 0.10 INCH OR MORE: 7
MIN 32 OR BELOW: 16 0.50 INCH OR MORE: 2
MIN 0 OR BELOW: 0 1.00 INCH OR MORE: 2
[HDD (BASE 65) ]
TOTAL THIS MO. 688 CLEAR (SCALE 0-3) 11
DPTR FM NORMAL -68 PTCLDY (SCALE 4-7) 13
TOTAL FM JUL 1 1845 CLOUDY (SCALE 8-10) 7
DPTR FM NORMAL -249
[CDD (BASE 65) ]
TOTAL THIS MO. 0
DPTR FM NORMAL -1 [PRESSURE DATA]
TOTAL FM JAN 1 0 HIGHEST SLP 30.64 ON 28
DPTR FM NORMAL -1 LOWEST SLP 29.51 ON 25
[REMARKS]
#FINAL-01-21#