000
CXUS55 KBOI 201919
CF6MYL
PRELIMINARY LOCAL CLIMATOLOGICAL DATA (WS FORM: F-6)
STATION: MCCALL ID
MONTH: DECEMBER
YEAR: 2020
LATITUDE: 44 52 N
LONGITUDE: 116 6 W
TEMPERATURE IN F: :PCPN: SNOW: WIND :SUNSHINE: SKY :PK WND
================================================================================
1 2 3 4 5 6A 6B 7 8 9 10 11 12 13 14 15 16 17 18
12Z AVG MX 2MIN
DY MAX MIN AVG DEP HDD CDD WTR SNW DPTH SPD SPD DIR MIN PSBL S-S WX SPD DR
================================================================================
1 34 9 22 0 43 0 0.00 M M 1.8 8 180 M M 4 128 11 170
2 30 4 17 -4 48 0 0.00 M M 1.6 7 180 M M 1 128 8 190
3 29 4 17 -4 48 0 0.00 M M 0.8 7 60 M M 2 18 8 170
4 37 2 20 0 45 0 0.00 M M 0.7 9 320 M M 1 128 13 310
5 32 4 18 -2 47 0 0.00 M M 1.6 9 80 M M 0 18 10 80
6 35 7 21 1 44 0 0.00 M M 1.2 8 290 M M 1 18 12 290
7 37 8 23 3 42 0 0.00 M M 1.8 8 210 M M 0 18 9 200
8 M 15 M M M M 0.00 M M 1.2 7 60 M M 1 8 8 60
9 M M M M M M 0.00 M M 3.5 9 20 M M 3 13 10
10 31 10 21 2 44 0 0.00 M M 1.8 8 10 M M 0 18 11 10
11 25 5 15 -4 50 0 0.05 M M 0.6 9 300 M M 8 18 11 290
12 25 3 14 -4 51 0 0.00 M M 1.6 7 170 M M 7 18 8 200
13 24 -2 11 -7 54 0 0.16 M M 1.0 7 80 M M 7 128 7 70
14 32 19 26 8 39 0 0.01 M M 1.3 7 270 M M 10 12 11 310
15 28 22 25 7 40 0 0.14 M M 2.6 10 150 M M 10 1 18 140
16 34 26 30 12 35 0 0.18 M M 2.7 15 170 M M 10 1 22 190
17 34 27 31 13 34 0 0.27 M M 2.3 9 160 M M 10 1 14 160
18 29 22 26 8 39 0 T M M 2.1 12 150 M M 9 12 17 150
19 36 21 29 11 36 0 0.07 M M 4.6 14 180 M M 10 1 21 140
20 35 32 34 16 31 0 0.36 M M 4.4 15 160 M M 10 1 22 160
21 43 32 38 20 27 0 0.06 M M 5.8 15 160 M M 7 1 23 160
22 41 15 28 10 37 0 0.24 M M 7.0 30 220 M M 8 1 43 220
23 23 0 12 -6 53 0 0.00 M M 1.6 7 200 M M 2 18 7 80
24 23 -1 11 -7 54 0 0.00 M M 1.1 7 80 M M 2 128 8 180
25 30 4 17 -1 48 0 0.07 M M 1.7 10 180 M M 7 128 14 180
26 33 22 28 10 37 0 0.30 M M 1.7 12 180 M M 10 1 14 180
27 26 4 15 -3 50 0 0.00 M M 0.6 6 190 M M 10 128 7 190
28 19 -1 9 -9 56 0 0.00 M M 0.1 5 180 M M 7 128 6 200
29 15 -5 5 -13 60 0 T M M 0.8 6 250 M M 6 128 7 50
30 27 6 17 -1 48 0 0.02 M M 1.0 7 150 M M 10 12 10 140
31 30 25 28 10 37 0 0.11 M M 1.4 8 280 M M 10 1 10 270
================================================================================
SM 877 339 1277 0 2.04 M 62.0 M 183
================================================================================
AV 30.2 11.3 2.0 FASTST M M 6 MAX(MPH)
MISC ----> 30 220 43 220
================================================================================
NOTES:
# LAST OF SEVERAL OCCURRENCES
COLUMN 17 PEAK WIND IN M.P.H.
PRELIMINARY LOCAL CLIMATOLOGICAL DATA (WS FORM: F-6) , PAGE 2
STATION: MCCALL ID
MONTH: DECEMBER
YEAR: 2020
LATITUDE: 44 52 N
LONGITUDE: 116 6 W
[TEMPERATURE DATA] [PRECIPITATION DATA] SYMBOLS USED IN COLUMN 16
AVERAGE MONTHLY: 20.8 TOTAL FOR MONTH: 2.04 1 = FOG OR MIST
DPTR FM NORMAL: 2.1 DPTR FM NORMAL: -0.02 2 = FOG REDUCING VISIBILITY
HIGHEST: 43 ON 21 GRTST 24HR 0.54 ON 30-30 TO 1/4 MILE OR LESS
LOWEST: -5 ON 29 3 = THUNDER
SNOW, ICE PELLETS, HAIL 4 = ICE PELLETS
TOTAL MONTH: M 5 = HAIL
GRTST 24HR M ON M 6 = FREEZING RAIN OR DRIZZLE
GRTST DEPTH: M ON M 7 = DUSTSTORM OR SANDSTORM:
VSBY 1/2 MILE OR LESS
8 = SMOKE OR HAZE
[NO. OF DAYS WITH] [WEATHER - DAYS WITH] 9 = BLOWING SNOW
X = TORNADO
MAX 32 OR BELOW: 18 0.01 INCH OR MORE: 14
MAX 90 OR ABOVE: 0 0.10 INCH OR MORE: 8
MIN 32 OR BELOW: 30 0.50 INCH OR MORE: 0
MIN 0 OR BELOW: 5 1.00 INCH OR MORE: 0
[HDD (BASE 65) ]
TOTAL THIS MO. 1277 CLEAR (SCALE 0-3) 11
DPTR FM NORMAL -159 PTCLDY (SCALE 4-7) 7
TOTAL FM JUL 1 3433 CLOUDY (SCALE 8-10) 13
DPTR FM NORMAL -640
[CDD (BASE 65) ]
TOTAL THIS MO. 0
DPTR FM NORMAL 0 [PRESSURE DATA]
TOTAL FM JAN 1 135 HIGHEST SLP 30.74 ON 23
DPTR FM NORMAL 110 LOWEST SLP 29.60 ON 22
[REMARKS]
#FINAL-12-20#