000
CXUS53 KBIS 010830
CF6N60
PRELIMINARY LOCAL CLIMATOLOGICAL DATA (WS FORM: F-6)
STATION: GARRISON (AMOS) ND
MONTH: SEPTEMBER
YEAR: 2022
LATITUDE: 47 39 N
LONGITUDE: 101 23 W
TEMPERATURE IN F: :PCPN: SNOW: WIND :SUNSHINE: SKY :PK WND
================================================================================
1 2 3 4 5 6A 6B 7 8 9 10 11 12 13 14 15 16 17 18
12Z AVG MX 2MIN
DY MAX MIN AVG DEP HDD CDD WTR SNW DPTH SPD SPD DIR MIN PSBL S-S WX SPD DR
================================================================================
1 98 58 78 14 0 13 0.00 M M 8.0 18 210 M M 0 25 260
2 78 49 64 0 1 0 0.00 M M 9.6 21 340 M M 0 27 330
3 84 42 63 0 2 0 0.00 M M 7.2 16 190 M M 0 22 170
4 91 57 74 11 0 9 0.00 M M 12.7 23 150 M M 0 34 160
5 96 54 75 13 0 10 0.00 M M 5.0 13 190 M M 0 20 190
6 83 54 69 7 0 4 0.00 M M 6.9 17 20 M M 0 26 20
7 91 50 71 9 0 6 0.00 M M 7.4 17 180 M M 0 26 160
8 73 54 64 3 1 0 0.00 M M 9.6 26 330 M M 0 36 320
9 70 44 57 -4 8 0 0.00 M M 9.8 22 320 M M 0 28 320
10 71 41 56 -5 9 0 0.00 M M 8.1 22 300 M M 0 31 340
11 83 41 62 2 3 0 0.00 M M 4.1 14 220 M M 0 23 230
12 91 48 70 10 0 5 0.00 M M 7.2 20 30 M M 0 37 40
13 71 49 60 1 5 0 0.00 M M 12.8 20 70 M M 0 32 80
14 79 49 64 5 1 0 0.00 M M 11.5 21 120 M M 0 32 130
15 65 54 60 2 5 0 0.12 M M 7.6 15 340 M M 0 23 10
16 58 53 56 -2 9 0 0.00 M M 3.9 8 350 M M 0 13 50
17 70 52 61 3 4 0 0.00 M M 3.2 13 220 M M 0 16 220
18 82 45 64 7 1 0 0.00 M M 3.9 16 270 M M 0 26 210
19 88 53 71 14 0 6 0.00 M M 8.1 20 320 M M 0 28 340
20 66 46 56 0 9 0 0.01 M M 12.7 24 300 M M 0 34 280
21 64 34 49 -7 16 0 0.00 M M 11.8 25 320 M M 0 36 300
22 66 32 49 -6 16 0 0.75 M M 11.2 22 160 M M 0 34 170
23 68 48 58 3 7 0 0.23 M M 9.9 18 310 M M 0 27 140
24 72 48 60 6 5 0 0.00 M M 14.2 30 320 M M 0 41 320
25 68 41 55 1 10 0 0.00 M M 11.9 29 310 M M 0 40 310
26 75 43 59 6 6 0 0.00 M M 2.7 12 330 M M 0 16 30
27 67 44 56 3 9 0 0.00 M M 9.1 15 110 M M 0 24 110
28 79 46 63 11 2 0 0.00 M M 11.2 21 170 M M 0 32 160
29 79 45 62 10 3 0 0.00 M M 6.2 16 90 M M 0 22 90
30 75 48 62 10 3 0 0.00 M M 9.8 21 80 M M 0 30 60
================================================================================
SM 2301 1422 135 53 1.11 M 257.3 M 0
================================================================================
AV 76.7 47.4 8.6 FASTST M M 0 MAX(MPH)
MISC ----> 30 320 41 320
================================================================================
NOTES:
# LAST OF SEVERAL OCCURRENCES
COLUMN 17 PEAK WIND IN M.P.H.
PRELIMINARY LOCAL CLIMATOLOGICAL DATA (WS FORM: F-6) , PAGE 2
STATION: GARRISON (AMOS) ND
MONTH: SEPTEMBER
YEAR: 2022
LATITUDE: 47 39 N
LONGITUDE: 101 23 W
[TEMPERATURE DATA] [PRECIPITATION DATA] SYMBOLS USED IN COLUMN 16
AVERAGE MONTHLY: 62.1 TOTAL FOR MONTH: 1.11 1 = FOG OR MIST
DPTR FM NORMAL: 4.0 DPTR FM NORMAL: -0.56 2 = FOG REDUCING VISIBILITY
HIGHEST: 98 ON 1 GRTST 24HR 0.98 ON 22-23 TO 1/4 MILE OR LESS
LOWEST: 32 ON 22 3 = THUNDER
SNOW, ICE PELLETS, HAIL 4 = ICE PELLETS
TOTAL MONTH: M 5 = HAIL
GRTST 24HR M ON M 6 = FREEZING RAIN OR DRIZZLE
GRTST DEPTH: M ON M 7 = DUSTSTORM OR SANDSTORM:
VSBY 1/2 MILE OR LESS
8 = SMOKE OR HAZE
[NO. OF DAYS WITH] [WEATHER - DAYS WITH] 9 = BLOWING SNOW
X = TORNADO
MAX 32 OR BELOW: 0 0.01 INCH OR MORE: 4
MAX 90 OR ABOVE: 5 0.10 INCH OR MORE: 3
MIN 32 OR BELOW: 1 0.50 INCH OR MORE: 1
MIN 0 OR BELOW: 0 1.00 INCH OR MORE: 0
[HDD (BASE 65) ]
TOTAL THIS MO. 135 CLEAR (SCALE 0-3) 30
DPTR FM NORMAL -104 PTCLDY (SCALE 4-7) 0
TOTAL FM JUL 1 148 CLOUDY (SCALE 8-10) 0
DPTR FM NORMAL -170
[CDD (BASE 65) ]
TOTAL THIS MO. 53
DPTR FM NORMAL 23 [PRESSURE DATA]
TOTAL FM JAN 1 526 HIGHEST SLP 30.37 ON 22
DPTR FM NORMAL 191 LOWEST SLP 29.59 ON 8
[REMARKS]
#FINAL-09-22#