000
CXUS53 KBIS 010830
CF6N60
PRELIMINARY LOCAL CLIMATOLOGICAL DATA (WS FORM: F-6)
STATION: GARRISON (AMOS) ND
MONTH: MARCH
YEAR: 2022
LATITUDE: 47 39 N
LONGITUDE: 101 23 W
TEMPERATURE IN F: :PCPN: SNOW: WIND :SUNSHINE: SKY :PK WND
================================================================================
1 2 3 4 5 6A 6B 7 8 9 10 11 12 13 14 15 16 17 18
12Z AVG MX 2MIN
DY MAX MIN AVG DEP HDD CDD WTR SNW DPTH SPD SPD DIR MIN PSBL S-S WX SPD DR
================================================================================
1 31 21 26 6 39 0 M M M 6.2 12 190 M M 0 14 180
2 30 11 21 1 44 0 0.03 M M 9.1 16 80 M M 0 23 50
3 20 10 15 -6 50 0 0.00 M M 11.4 18 120 M M 0 23 130
4 24 15 20 -1 45 0 0.01 M M 12.7 22 120 M M 0 29 110
5 22 14 18 -4 47 0 0.00 M M 15.5 26 310 M M 0 36 310
6 24 6 15 -7 50 0 T M M 17.1 28 310 M M 0 35 290
7 35 11 23 0 42 0 T M M 13.0 24 240 M M 0 33 240
8 33 7 20 -3 45 0 T M M 25.2 38 310 M M 0 48 320
9 14 0 7 -17 58 0 T M M 13.3 23 330 M M 0 29 310
10 28 -4 12 -12 53 0 0.00 M M 21.1 40 330 M M 0 53 310
11 8 -8 0 -25 65 0 0.00 M M 15.5 29 320 M M 0 37 310
12 46 3 25 0 40 0 M M M 12.1 28 330 M M 0 36 330
13 32 22 27 1 38 0 0.00 M M 8.3 15 100 M M 0 18 290
14 45 27 36 10 29 0 0.00 M M 7.0 16 220 M M 0 21 230
15 57 31 44 17 21 0 0.00 M M 3.8 12 250 M M 0 14 240
16 47 35 41 14 24 0 0.00 M M 15.3 33 310 M M 0 44 300
17 49 28 39 11 26 0 0.00 M M 8.7 18 310 M M 0 23 310
18 59 27 43 15 22 0 0.00 M M 8.4 20 300 M M 0 26 210
19 55 27 41 12 24 0 0.00 M M 5.6 13 110 M M 0 16 320
20 59 32 46 17 19 0 0.00 M M 10.1 20 120 M M 0 24 130
21 51 30 41 11 24 0 0.00 M M 16.8 29 310 M M 0 36 310
22 48 25 37 7 28 0 0.00 M M 17.3 39 340 M M 0 50 330
23 52 25 39 9 26 0 0.00 M M 8.5 18 340 M M 0 24 340
24 63 24 44 13 21 0 0.00 M M 17.7 41 300 M M 0 57 310
25 43 18 31 0 34 0 0.00 M M 22.0 38 320 M M 0 53 320
26 31 14 23 -9 42 0 0.00 M M 6.7 13 80 M M 0 17 80
27 41 17 29 -3 36 0 0.00 M M 14.1 21 150 M M 0 29 150
28 53 23 38 5 27 0 0.00 M M 15.5 24 160 M M 0 31 160
29 39 28 34 1 31 0 0.00 M M 15.8 32 330 M M 0 41 330
30 39 21 30 -4 35 0 0.01 M M 12.1 26 350 M M 0 36 350
31 53 15 34 0 31 0 0.00 M M 6.3 14 170 M M 0 22 190
================================================================================
SM 1231 555 1116 0 0.05 M 392.2 M 0
================================================================================
AV 39.7 17.9 12.7 FASTST M M 0 MAX(MPH)
MISC ----> 41 300 57 310
================================================================================
NOTES:
# LAST OF SEVERAL OCCURRENCES
COLUMN 17 PEAK WIND IN M.P.H.
PRELIMINARY LOCAL CLIMATOLOGICAL DATA (WS FORM: F-6) , PAGE 2
STATION: GARRISON (AMOS) ND
MONTH: MARCH
YEAR: 2022
LATITUDE: 47 39 N
LONGITUDE: 101 23 W
[TEMPERATURE DATA] [PRECIPITATION DATA] SYMBOLS USED IN COLUMN 16
AVERAGE MONTHLY: 28.8 TOTAL FOR MONTH: 0.05 1 = FOG OR MIST
DPTR FM NORMAL: 1.7 DPTR FM NORMAL: -0.64 2 = FOG REDUCING VISIBILITY
HIGHEST: 63 ON 24 GRTST 24HR 0.03 ON 2- 2 TO 1/4 MILE OR LESS
LOWEST: -8 ON 11 3 = THUNDER
SNOW, ICE PELLETS, HAIL 4 = ICE PELLETS
TOTAL MONTH: M 5 = HAIL
GRTST 24HR M ON M 6 = FREEZING RAIN OR DRIZZLE
GRTST DEPTH: M ON M 7 = DUSTSTORM OR SANDSTORM:
VSBY 1/2 MILE OR LESS
8 = SMOKE OR HAZE
[NO. OF DAYS WITH] [WEATHER - DAYS WITH] 9 = BLOWING SNOW
X = TORNADO
MAX 32 OR BELOW: 11 0.01 INCH OR MORE: 3
MAX 90 OR ABOVE: 0 0.10 INCH OR MORE: 0
MIN 32 OR BELOW: 30 0.50 INCH OR MORE: 0
MIN 0 OR BELOW: 3 1.00 INCH OR MORE: 0
[HDD (BASE 65) ]
TOTAL THIS MO. 1116 CLEAR (SCALE 0-3) 31
DPTR FM NORMAL -60 PTCLDY (SCALE 4-7) 0
TOTAL FM JUL 1 7462 CLOUDY (SCALE 8-10) 0
DPTR FM NORMAL -400
[CDD (BASE 65) ]
TOTAL THIS MO. 0
DPTR FM NORMAL 0 [PRESSURE DATA]
TOTAL FM JAN 1 0 HIGHEST SLP 30.51 ON 3
DPTR FM NORMAL 0 LOWEST SLP 29.59 ON 29
[REMARKS]
#FINAL-03-22#