641
CXUS56 KMTR 110851
CF6OAK
PRELIMINARY LOCAL CLIMATOLOGICAL DATA (WS FORM: F-6)
STATION: OAKLAND AIRPORT
MONTH: FEBRUARY
YEAR: 2021
LATITUDE: 37 43 N
LONGITUDE: 122 13 W
TEMPERATURE IN F: :PCPN: SNOW: WIND :SUNSHINE: SKY :PK WND
================================================================================
1 2 3 4 5 6A 6B 7 8 9 10 11 12 13 14 15 16 17 18
12Z AVG MX 2MIN
DY MAX MIN AVG DEP HDD CDD WTR SNW DPTH SPD SPD DIR MIN PSBL S-S WX SPD DR
================================================================================
1 67 45 56 5 9 0 0.67 M M 6.8 23 180 M M 6 1 26 180
2 62 48 55 4 10 0 0.23 M M 6.0 14 280 M M 7 18 16 260
3 60 41 51 0 14 0 0.00 M M 6.6 18 290 M M 4 1 20 290
4 63 42 53 2 12 0 0.00 M M 4.9 15 300 M M 2 1 17 310
5 67 40 54 3 11 0 0.00 M M 3.9 13 290 M M 0 1 14 300
6 70 42 56 5 9 0 0.00 M M 4.1 12 310 M M 2 1 13 310
7 69 42 56 5 9 0 0.00 M M 3.6 14 310 M M 4 18 16 310
8 60 42 51 -1 14 0 0.00 M M 5.3 17 250 M M 7 128 19 250
9 60 51 56 4 9 0 T M M 4.8 15 280 M M 9 17 270
10 61 49 55 3 10 0 0.00 M M 6.1 20 280 M M 3 23 280
11 60 48 54 2 11 0 0.47 M M 5.6 29 280 M M 9 18 34 280
12 62 53 58 6 7 0 T M M 12.9 22 290 M M 6 27 290
13 63 52 58 6 7 0 0.01 M M 14.5 26 280 M M 6 18 30 280
14 59 45 52 0 13 0 0.09 M M 5.3 14 140 M M 8 1 16 140
15 61 54 58 6 7 0 0.24 M M 12.8 20 280 M M 9 18 24 290
16 60 44 52 0 13 0 0.00 M M 5.3 15 280 M M 6 17 280
17 68 41 55 3 10 0 0.00 M M 5.2 18 330 M M 3 1 23 320
18 66 41 54 2 11 0 0.00 M M 5.7 13 310 M M 5 16 300
19 60 52 56 4 9 0 0.03 M M 8.1 18 280 M M 9 18 22 270
20 64 52 58 5 7 0 0.01 M M 12.2 30 290 M M 5 37 290
21 66 44 55 2 10 0 0.00 M M 4.7 15 290 M M 2 18 280
22 77 47 62 9 3 0 0.00 M M 7.8 22 30 M M 2 27 20
23 84 47 66 13 0 1 0.00 M M 5.9 17 340 M M 4 20 330
24 76 44 60 7 5 0 0.00 M M 7.6 22 10 M M 0 1 30 10
25 67 45 56 3 9 0 0.00 M M 6.6 15 260 M M 3 17 260
26 64 44 54 1 11 0 0.00 M M 7.6 18 280 M M 1 23 290
27 65 46 56 3 9 0 0.00 M M 10.3 20 290 M M 2 25 320
28 73 43 58 5 7 0 0.00 M M 6.8 17 40 M M 2 21 40
================================================================================
SM 1834 1284 256 1 1.75 M 197.0 M 126
================================================================================
AV 65.5 45.9 7.0 FASTST M M 5 MAX(MPH)
MISC ----> 30 290 37 290
================================================================================
NOTES:
# LAST OF SEVERAL OCCURRENCES
COLUMN 17 PEAK WIND IN M.P.H.
PRELIMINARY LOCAL CLIMATOLOGICAL DATA (WS FORM: F-6) , PAGE 2
STATION: OAKLAND AIRPORT
MONTH: FEBRUARY
YEAR: 2021
LATITUDE: 37 43 N
LONGITUDE: 122 13 W
[TEMPERATURE DATA] [PRECIPITATION DATA] SYMBOLS USED IN COLUMN 16
AVERAGE MONTHLY: 55.7 TOTAL FOR MONTH: 1.75 1 = FOG OR MIST
DPTR FM NORMAL: 3.6 DPTR FM NORMAL: -2.20 2 = FOG REDUCING VISIBILITY
HIGHEST: 84 ON 23 GRTST 24HR 0.90 ON 1- 2 TO 1/4 MILE OR LESS
LOWEST: 40 ON 5 3 = THUNDER
SNOW, ICE PELLETS, HAIL 4 = ICE PELLETS
TOTAL MONTH: M 5 = HAIL
GRTST 24HR M ON M 6 = FREEZING RAIN OR DRIZZLE
GRTST DEPTH: M ON M 7 = DUSTSTORM OR SANDSTORM:
VSBY 1/2 MILE OR LESS
8 = SMOKE OR HAZE
[NO. OF DAYS WITH] [WEATHER - DAYS WITH] 9 = BLOWING SNOW
X = TORNADO
MAX 32 OR BELOW: 0 0.01 INCH OR MORE: 8
MAX 90 OR ABOVE: 0 0.10 INCH OR MORE: 4
MIN 32 OR BELOW: 0 0.50 INCH OR MORE: 1
MIN 0 OR BELOW: 0 1.00 INCH OR MORE: 0
[HDD (BASE 65) ]
TOTAL THIS MO. 256 CLEAR (SCALE 0-3) 11
DPTR FM NORMAL -107 PTCLDY (SCALE 4-7) 13
TOTAL FM JUL 1 1294 CLOUDY (SCALE 8-10) 4
DPTR FM NORMAL -727
[CDD (BASE 65) ]
TOTAL THIS MO. 1
DPTR FM NORMAL 1 [PRESSURE DATA]
TOTAL FM JAN 1 3 HIGHEST SLP 30.48 ON 21
DPTR FM NORMAL 3 LOWEST SLP 29.92 ON 11
[REMARKS]
#FINAL-02-21#